{"id":2532,"date":"2019-12-23T18:14:35","date_gmt":"2019-12-23T16:14:35","guid":{"rendered":"http:\/\/www.ksttukku.fi\/cms\/?post_type=product&#038;p=2532"},"modified":"2019-12-23T18:14:35","modified_gmt":"2019-12-23T16:14:35","slug":"cremona-5-os-riippuvalaisin","status":"publish","type":"product","link":"https:\/\/www.ksttukku.fi\/cms\/tuote\/cremona-5-os-riippuvalaisin\/","title":{"rendered":"Cremona 5-os riippuvalaisin"},"content":{"rendered":"<p>N\u00e4ytt\u00e4v\u00e4 cremona riippuvalaisin, kristalliprismat K9<br \/>\nMitat: pituus 84 cm, korkeus 190 cm<br \/>\nMateriaali: metalli ja kristalli<br \/>\nValonl\u00e4hde: 5 x G9 max 28W<\/p>\n","protected":false},"excerpt":{"rendered":"<p>N\u00e4ytt\u00e4v\u00e4 cremona riippuvalaisin, kristalliprismat K9 Mitat: pituus 84 cm, korkeus 190 cm Materiaali: metalli ja kristalli Valonl\u00e4hde: 5 x G9 max 28W<\/p>\n","protected":false},"featured_media":2533,"comment_status":"open","ping_status":"closed","template":"","meta":[],"product_brand":[],"product_cat":[28],"product_tag":[],"class_list":{"0":"post-2532","1":"product","2":"type-product","3":"status-publish","4":"has-post-thumbnail","6":"product_cat-riippuvalaisimet","8":"first","9":"instock","10":"taxable","11":"shipping-taxable","12":"purchasable","13":"product-type-simple"},"_links":{"self":[{"href":"https:\/\/www.ksttukku.fi\/cms\/wp-json\/wp\/v2\/product\/2532","targetHints":{"allow":["GET"]}}],"collection":[{"href":"https:\/\/www.ksttukku.fi\/cms\/wp-json\/wp\/v2\/product"}],"about":[{"href":"https:\/\/www.ksttukku.fi\/cms\/wp-json\/wp\/v2\/types\/product"}],"replies":[{"embeddable":true,"href":"https:\/\/www.ksttukku.fi\/cms\/wp-json\/wp\/v2\/comments?post=2532"}],"wp:featuredmedia":[{"embeddable":true,"href":"https:\/\/www.ksttukku.fi\/cms\/wp-json\/wp\/v2\/media\/2533"}],"wp:attachment":[{"href":"https:\/\/www.ksttukku.fi\/cms\/wp-json\/wp\/v2\/media?parent=2532"}],"wp:term":[{"taxonomy":"product_brand","embeddable":true,"href":"https:\/\/www.ksttukku.fi\/cms\/wp-json\/wp\/v2\/product_brand?post=2532"},{"taxonomy":"product_cat","embeddable":true,"href":"https:\/\/www.ksttukku.fi\/cms\/wp-json\/wp\/v2\/product_cat?post=2532"},{"taxonomy":"product_tag","embeddable":true,"href":"https:\/\/www.ksttukku.fi\/cms\/wp-json\/wp\/v2\/product_tag?post=2532"}],"curies":[{"name":"wp","href":"https:\/\/api.w.org\/{rel}","templated":true}]}}