{"id":2713,"date":"2020-03-26T16:03:09","date_gmt":"2020-03-26T14:03:09","guid":{"rendered":"http:\/\/www.ksttukku.fi\/cms\/?post_type=product&#038;p=2713"},"modified":"2020-03-26T16:03:09","modified_gmt":"2020-03-26T14:03:09","slug":"circle-3-os-kattospotti-pyorea","status":"publish","type":"product","link":"https:\/\/www.ksttukku.fi\/cms\/tuote\/circle-3-os-kattospotti-pyorea\/","title":{"rendered":"Circle 3-os kattospotti py\u00f6re\u00e4"},"content":{"rendered":"<p>Circle-kattospottivalaisin on py\u00f6re\u00e4 ja siin\u00e4 on kolme lamppua. Harjatun ter\u00e4ksen v\u00e4rinen valaisin on metallia, ja sen varjostimissa on hienot rengaskuviot. Kattokoukkukiinnitys ja pistotulppa. Halkaisija 36cm, Lampunkanta GU10 (pakkaus ei sis\u00e4ll\u00e4 lamppuja)<\/p>\n","protected":false},"excerpt":{"rendered":"<p>Circle-kattospottivalaisin on py\u00f6re\u00e4 ja siin\u00e4 on kolme lamppua. Harjatun ter\u00e4ksen v\u00e4rinen valaisin on metallia, ja sen varjostimissa on hienot rengaskuviot. Kattokoukkukiinnitys ja pistotulppa. Halkaisija 36cm, Lampunkanta GU10 (pakkaus ei sis\u00e4ll\u00e4 lamppuja)<\/p>\n","protected":false},"featured_media":2714,"comment_status":"open","ping_status":"closed","template":"","meta":[],"product_brand":[],"product_cat":[25],"product_tag":[],"class_list":{"0":"post-2713","1":"product","2":"type-product","3":"status-publish","4":"has-post-thumbnail","6":"product_cat-kohdevalaisimet","8":"first","9":"instock","10":"taxable","11":"shipping-taxable","12":"purchasable","13":"product-type-simple"},"_links":{"self":[{"href":"https:\/\/www.ksttukku.fi\/cms\/wp-json\/wp\/v2\/product\/2713","targetHints":{"allow":["GET"]}}],"collection":[{"href":"https:\/\/www.ksttukku.fi\/cms\/wp-json\/wp\/v2\/product"}],"about":[{"href":"https:\/\/www.ksttukku.fi\/cms\/wp-json\/wp\/v2\/types\/product"}],"replies":[{"embeddable":true,"href":"https:\/\/www.ksttukku.fi\/cms\/wp-json\/wp\/v2\/comments?post=2713"}],"wp:featuredmedia":[{"embeddable":true,"href":"https:\/\/www.ksttukku.fi\/cms\/wp-json\/wp\/v2\/media\/2714"}],"wp:attachment":[{"href":"https:\/\/www.ksttukku.fi\/cms\/wp-json\/wp\/v2\/media?parent=2713"}],"wp:term":[{"taxonomy":"product_brand","embeddable":true,"href":"https:\/\/www.ksttukku.fi\/cms\/wp-json\/wp\/v2\/product_brand?post=2713"},{"taxonomy":"product_cat","embeddable":true,"href":"https:\/\/www.ksttukku.fi\/cms\/wp-json\/wp\/v2\/product_cat?post=2713"},{"taxonomy":"product_tag","embeddable":true,"href":"https:\/\/www.ksttukku.fi\/cms\/wp-json\/wp\/v2\/product_tag?post=2713"}],"curies":[{"name":"wp","href":"https:\/\/api.w.org\/{rel}","templated":true}]}}