{"id":2915,"date":"2021-01-16T13:53:16","date_gmt":"2021-01-16T11:53:16","guid":{"rendered":"http:\/\/www.ksttukku.fi\/cms\/?post_type=product&#038;p=2915"},"modified":"2021-01-16T13:53:17","modified_gmt":"2021-01-16T11:53:17","slug":"paneelivalaisin-taustavalolla-40cm-28w-2400lm-4000k","status":"publish","type":"product","link":"https:\/\/www.ksttukku.fi\/cms\/tuote\/paneelivalaisin-taustavalolla-40cm-28w-2400lm-4000k\/","title":{"rendered":"Paneelivalaisin taustavalolla 40cm, 28W, 2400lm, 4000K"},"content":{"rendered":"<table>\n<tbody>\n<tr>\n<th class=\"nowrap\" align=\"right\" valign=\"top\"><\/th>\n<td>Paneelivalaisin \u00d8 400 mm taustavalo toiminnolla. Helposti asennettavissa esimerkiksi rasian p\u00e4\u00e4lle.<\/p>\n<p>Valovirta: 2400 lm<\/p>\n<p>Teho: 24W+4W, 24W p\u00e4\u00e4valo, 4W taustavalo 100lm\/W<\/p>\n<p>V\u00e4ril\u00e4mp\u00f6tila: 4000K p\u00e4\u00e4valo \/ taustavalo sininen<\/p>\n<p>Ra&gt;80<\/p>\n<p>PF&gt;0,5<\/p>\n<p>Toiminnot valokatkaisijasta 1 x ON\/OFF, p\u00e4\u00e4valo syttyy, 2 x ON\/OFF, taustavalo syttyy, 3 x ON\/OFF, molemmat valot syttyv\u00e4t<\/td>\n<\/tr>\n<\/tbody>\n<\/table>\n","protected":false},"excerpt":{"rendered":"<p>Paneelivalaisin \u00d8 400 mm taustavalo toiminnolla. Helposti asennettavissa esimerkiksi rasian p\u00e4\u00e4lle. Valovirta: 2400 lm Teho: 24W+4W, 24W p\u00e4\u00e4valo, 4W taustavalo 100lm\/W V\u00e4ril\u00e4mp\u00f6tila: 4000K p\u00e4\u00e4valo \/ taustavalo sininen Ra&gt;80 PF&gt;0,5 Toiminnot valokatkaisijasta 1 x ON\/OFF, p\u00e4\u00e4valo syttyy, 2 x ON\/OFF, taustavalo &hellip;<\/p>\n<p class=\"read-more\"> <a class=\"more-link\" href=\"https:\/\/www.ksttukku.fi\/cms\/tuote\/paneelivalaisin-taustavalolla-40cm-28w-2400lm-4000k\/\"> <span class=\"screen-reader-text\">Paneelivalaisin taustavalolla 40cm, 28W, 2400lm, 4000K<\/span> Lue lis\u00e4\u00e4 &raquo;<\/a><\/p>\n","protected":false},"featured_media":2916,"comment_status":"open","ping_status":"closed","template":"","meta":[],"product_brand":[],"product_cat":[15],"product_tag":[],"class_list":{"0":"post-2915","1":"product","2":"type-product","3":"status-publish","4":"has-post-thumbnail","6":"product_cat-led-valaisimet","8":"first","9":"instock","10":"taxable","11":"shipping-taxable","12":"purchasable","13":"product-type-simple"},"_links":{"self":[{"href":"https:\/\/www.ksttukku.fi\/cms\/wp-json\/wp\/v2\/product\/2915","targetHints":{"allow":["GET"]}}],"collection":[{"href":"https:\/\/www.ksttukku.fi\/cms\/wp-json\/wp\/v2\/product"}],"about":[{"href":"https:\/\/www.ksttukku.fi\/cms\/wp-json\/wp\/v2\/types\/product"}],"replies":[{"embeddable":true,"href":"https:\/\/www.ksttukku.fi\/cms\/wp-json\/wp\/v2\/comments?post=2915"}],"wp:featuredmedia":[{"embeddable":true,"href":"https:\/\/www.ksttukku.fi\/cms\/wp-json\/wp\/v2\/media\/2916"}],"wp:attachment":[{"href":"https:\/\/www.ksttukku.fi\/cms\/wp-json\/wp\/v2\/media?parent=2915"}],"wp:term":[{"taxonomy":"product_brand","embeddable":true,"href":"https:\/\/www.ksttukku.fi\/cms\/wp-json\/wp\/v2\/product_brand?post=2915"},{"taxonomy":"product_cat","embeddable":true,"href":"https:\/\/www.ksttukku.fi\/cms\/wp-json\/wp\/v2\/product_cat?post=2915"},{"taxonomy":"product_tag","embeddable":true,"href":"https:\/\/www.ksttukku.fi\/cms\/wp-json\/wp\/v2\/product_tag?post=2915"}],"curies":[{"name":"wp","href":"https:\/\/api.w.org\/{rel}","templated":true}]}}