{"id":3021,"date":"2022-08-23T17:47:39","date_gmt":"2022-08-23T14:47:39","guid":{"rendered":"http:\/\/www.ksttukku.fi\/cms\/?post_type=product&#038;p=3021"},"modified":"2022-08-23T18:17:51","modified_gmt":"2022-08-23T15:17:51","slug":"himmennettava-paneelivalo-musta-6w-370lm-3cct","status":"publish","type":"product","link":"https:\/\/www.ksttukku.fi\/cms\/tuote\/himmennettava-paneelivalo-musta-6w-370lm-3cct\/","title":{"rendered":"Himmennett\u00e4v\u00e4 paneelivalo musta 6W 370lm 3CCT"},"content":{"rendered":"<p>LED paneelivalo 6W,3CCT+himmennett\u00e4v\u00e4<\/p>\n<p>J\u00e4nnite: 230V, 50Hz<\/p>\n<p>Valovirta: 370 lm<\/p>\n<p>V\u00e4ril\u00e4mp\u00f6tila: 3000 K \/ 4000 K \/ 6500 K (valitaan asennusvaiheessa valaisimen kytkimest\u00e4)<\/p>\n<p>CRI: &gt;80<\/p>\n<p>IP-luokka: IP20 \/ IP44<\/p>\n<p>Koko: \u00d8 120 mm x 29 mm<\/p>\n<p>Upotusaukko: \u00d8 105 mm<\/p>\n<p>Valonjakokulma 120\u00b0<\/p>\n<p>K\u00e4ytt\u00f6ik\u00e4 25 000 h<\/p>\n<p>2 vuoden takuu<\/p>\n<p>Materiaali: Alumiini+muovi PC<\/p>\n<p>Kehyksen v\u00e4ri: musta<\/p>\n","protected":false},"excerpt":{"rendered":"<p>LED paneelivalo 6W,3CCT+himmennett\u00e4v\u00e4 J\u00e4nnite: 230V, 50Hz Valovirta: 370 lm V\u00e4ril\u00e4mp\u00f6tila: 3000 K \/ 4000 K \/ 6500 K (valitaan asennusvaiheessa valaisimen kytkimest\u00e4) CRI: &gt;80 IP-luokka: IP20 \/ IP44 Koko: \u00d8 120 mm x 29 mm Upotusaukko: \u00d8 105 mm Valonjakokulma &hellip;<\/p>\n<p class=\"read-more\"> <a class=\"more-link\" href=\"https:\/\/www.ksttukku.fi\/cms\/tuote\/himmennettava-paneelivalo-musta-6w-370lm-3cct\/\"> <span class=\"screen-reader-text\">Himmennett\u00e4v\u00e4 paneelivalo musta 6W 370lm 3CCT<\/span> Lue lis\u00e4\u00e4 &raquo;<\/a><\/p>\n","protected":false},"featured_media":3023,"comment_status":"open","ping_status":"closed","template":"","meta":[],"product_brand":[],"product_cat":[23],"product_tag":[],"class_list":{"0":"post-3021","1":"product","2":"type-product","3":"status-publish","4":"has-post-thumbnail","6":"product_cat-upotettavat","8":"first","9":"instock","10":"taxable","11":"shipping-taxable","12":"purchasable","13":"product-type-simple"},"_links":{"self":[{"href":"https:\/\/www.ksttukku.fi\/cms\/wp-json\/wp\/v2\/product\/3021","targetHints":{"allow":["GET"]}}],"collection":[{"href":"https:\/\/www.ksttukku.fi\/cms\/wp-json\/wp\/v2\/product"}],"about":[{"href":"https:\/\/www.ksttukku.fi\/cms\/wp-json\/wp\/v2\/types\/product"}],"replies":[{"embeddable":true,"href":"https:\/\/www.ksttukku.fi\/cms\/wp-json\/wp\/v2\/comments?post=3021"}],"wp:featuredmedia":[{"embeddable":true,"href":"https:\/\/www.ksttukku.fi\/cms\/wp-json\/wp\/v2\/media\/3023"}],"wp:attachment":[{"href":"https:\/\/www.ksttukku.fi\/cms\/wp-json\/wp\/v2\/media?parent=3021"}],"wp:term":[{"taxonomy":"product_brand","embeddable":true,"href":"https:\/\/www.ksttukku.fi\/cms\/wp-json\/wp\/v2\/product_brand?post=3021"},{"taxonomy":"product_cat","embeddable":true,"href":"https:\/\/www.ksttukku.fi\/cms\/wp-json\/wp\/v2\/product_cat?post=3021"},{"taxonomy":"product_tag","embeddable":true,"href":"https:\/\/www.ksttukku.fi\/cms\/wp-json\/wp\/v2\/product_tag?post=3021"}],"curies":[{"name":"wp","href":"https:\/\/api.w.org\/{rel}","templated":true}]}}