{"id":564,"date":"2016-09-08T13:01:17","date_gmt":"2016-09-08T10:01:17","guid":{"rendered":"http:\/\/www.ksttukku.fi\/cms\/?post_type=product&#038;p=564"},"modified":"2022-04-11T15:02:15","modified_gmt":"2022-04-11T12:02:15","slug":"alfa-1-os-kattospotti-harjattuteras","status":"publish","type":"product","link":"https:\/\/www.ksttukku.fi\/cms\/tuote\/alfa-1-os-kattospotti-harjattuteras\/","title":{"rendered":"Alfa 1-os kattospotti, harjattuter\u00e4s"},"content":{"rendered":"<p>Koukkukiinnitys ja pistotulppa<\/p>\n<p>Valonl\u00e4hde: kohdelamppu R63, kanta E27 (ei sis\u00e4lly pakkaukseen)<\/p>\n<p>Valaisimen mitat: 160 x 140 mm<\/p>\n<p>V\u00e4ri: harjattuter\u00e4s<\/p>\n","protected":false},"excerpt":{"rendered":"<p>Koukkukiinnitys ja pistotulppa Valonl\u00e4hde: kohdelamppu R63, kanta E27 (ei sis\u00e4lly pakkaukseen) Valaisimen mitat: 160 x 140 mm V\u00e4ri: harjattuter\u00e4s<\/p>\n","protected":false},"featured_media":530,"comment_status":"open","ping_status":"closed","template":"","meta":[],"product_brand":[],"product_cat":[25],"product_tag":[],"class_list":{"0":"post-564","1":"product","2":"type-product","3":"status-publish","4":"has-post-thumbnail","6":"product_cat-kohdevalaisimet","8":"first","9":"instock","10":"taxable","11":"shipping-taxable","12":"purchasable","13":"product-type-simple"},"_links":{"self":[{"href":"https:\/\/www.ksttukku.fi\/cms\/wp-json\/wp\/v2\/product\/564","targetHints":{"allow":["GET"]}}],"collection":[{"href":"https:\/\/www.ksttukku.fi\/cms\/wp-json\/wp\/v2\/product"}],"about":[{"href":"https:\/\/www.ksttukku.fi\/cms\/wp-json\/wp\/v2\/types\/product"}],"replies":[{"embeddable":true,"href":"https:\/\/www.ksttukku.fi\/cms\/wp-json\/wp\/v2\/comments?post=564"}],"wp:featuredmedia":[{"embeddable":true,"href":"https:\/\/www.ksttukku.fi\/cms\/wp-json\/wp\/v2\/media\/530"}],"wp:attachment":[{"href":"https:\/\/www.ksttukku.fi\/cms\/wp-json\/wp\/v2\/media?parent=564"}],"wp:term":[{"taxonomy":"product_brand","embeddable":true,"href":"https:\/\/www.ksttukku.fi\/cms\/wp-json\/wp\/v2\/product_brand?post=564"},{"taxonomy":"product_cat","embeddable":true,"href":"https:\/\/www.ksttukku.fi\/cms\/wp-json\/wp\/v2\/product_cat?post=564"},{"taxonomy":"product_tag","embeddable":true,"href":"https:\/\/www.ksttukku.fi\/cms\/wp-json\/wp\/v2\/product_tag?post=564"}],"curies":[{"name":"wp","href":"https:\/\/api.w.org\/{rel}","templated":true}]}}