{"id":576,"date":"2016-09-08T16:25:15","date_gmt":"2016-09-08T13:25:15","guid":{"rendered":"http:\/\/www.ksttukku.fi\/cms\/?post_type=product&#038;p=576"},"modified":"2022-04-08T16:50:07","modified_gmt":"2022-04-08T13:50:07","slug":"alfa-led-kattoplafondi-12w-ip20","status":"publish","type":"product","link":"https:\/\/www.ksttukku.fi\/cms\/tuote\/alfa-led-kattoplafondi-12w-ip20\/","title":{"rendered":"Alfa LED kattoplafondi 12W, IP20"},"content":{"rendered":"<p>Sopii kaikkiin kodin kuiviin tiloihin<\/p>\n<p>Koukkukiinnitys ja pistotulppa<\/p>\n<p>Teho: 12 W<\/p>\n<p>Valovirta: 750 lm<\/p>\n<p>Valaisimen koko:\u00a0\u2205 310 mm, korkeus 130 mm<\/p>\n<p>V\u00e4ril\u00e4mp\u00f6 3000 K<\/p>\n<p>V\u00e4ri: valkoinen<\/p>\n","protected":false},"excerpt":{"rendered":"<p>Sopii kaikkiin kodin kuiviin tiloihin Koukkukiinnitys ja pistotulppa Teho: 12 W Valovirta: 750 lm Valaisimen koko:\u00a0\u2205 310 mm, korkeus 130 mm V\u00e4ril\u00e4mp\u00f6 3000 K V\u00e4ri: valkoinen<\/p>\n","protected":false},"featured_media":538,"comment_status":"open","ping_status":"closed","template":"","meta":[],"product_brand":[],"product_cat":[15],"product_tag":[],"class_list":{"0":"post-576","1":"product","2":"type-product","3":"status-publish","4":"has-post-thumbnail","6":"product_cat-led-valaisimet","8":"first","9":"instock","10":"taxable","11":"shipping-taxable","12":"purchasable","13":"product-type-simple"},"_links":{"self":[{"href":"https:\/\/www.ksttukku.fi\/cms\/wp-json\/wp\/v2\/product\/576","targetHints":{"allow":["GET"]}}],"collection":[{"href":"https:\/\/www.ksttukku.fi\/cms\/wp-json\/wp\/v2\/product"}],"about":[{"href":"https:\/\/www.ksttukku.fi\/cms\/wp-json\/wp\/v2\/types\/product"}],"replies":[{"embeddable":true,"href":"https:\/\/www.ksttukku.fi\/cms\/wp-json\/wp\/v2\/comments?post=576"}],"wp:featuredmedia":[{"embeddable":true,"href":"https:\/\/www.ksttukku.fi\/cms\/wp-json\/wp\/v2\/media\/538"}],"wp:attachment":[{"href":"https:\/\/www.ksttukku.fi\/cms\/wp-json\/wp\/v2\/media?parent=576"}],"wp:term":[{"taxonomy":"product_brand","embeddable":true,"href":"https:\/\/www.ksttukku.fi\/cms\/wp-json\/wp\/v2\/product_brand?post=576"},{"taxonomy":"product_cat","embeddable":true,"href":"https:\/\/www.ksttukku.fi\/cms\/wp-json\/wp\/v2\/product_cat?post=576"},{"taxonomy":"product_tag","embeddable":true,"href":"https:\/\/www.ksttukku.fi\/cms\/wp-json\/wp\/v2\/product_tag?post=576"}],"curies":[{"name":"wp","href":"https:\/\/api.w.org\/{rel}","templated":true}]}}