{"id":748,"date":"2016-11-07T12:30:10","date_gmt":"2016-11-07T10:30:10","guid":{"rendered":"http:\/\/www.ksttukku.fi\/cms\/?post_type=product&#038;p=748"},"modified":"2018-01-11T14:57:35","modified_gmt":"2018-01-11T12:57:35","slug":"2-osainen-kumikaapelijatkojohto-tynnyripaalla-10m","status":"publish","type":"product","link":"https:\/\/www.ksttukku.fi\/cms\/tuote\/2-osainen-kumikaapelijatkojohto-tynnyripaalla-10m\/","title":{"rendered":"2-osainen kumikaapelijatkojohto 10m"},"content":{"rendered":"<p>2-osainen kumikaapelijatkojohto tynnyrip\u00e4\u00e4ll\u00e4 H07RN-F 3 x 1,5 mm\u00b2<\/p>\n<p>Pituus: 10m<\/p>\n","protected":false},"excerpt":{"rendered":"<p>2-osainen kumikaapelijatkojohto tynnyrip\u00e4\u00e4ll\u00e4 H07RN-F 3 x 1,5 mm\u00b2 Pituus: 10m<\/p>\n","protected":false},"featured_media":749,"comment_status":"open","ping_status":"closed","template":"","meta":[],"product_brand":[],"product_cat":[49,32],"product_tag":[],"class_list":{"0":"post-748","1":"product","2":"type-product","3":"status-publish","4":"has-post-thumbnail","6":"product_cat-sahkotarvikkeet","7":"product_cat-ulkojatkojohdot","9":"first","10":"instock","11":"taxable","12":"shipping-taxable","13":"purchasable","14":"product-type-simple"},"_links":{"self":[{"href":"https:\/\/www.ksttukku.fi\/cms\/wp-json\/wp\/v2\/product\/748","targetHints":{"allow":["GET"]}}],"collection":[{"href":"https:\/\/www.ksttukku.fi\/cms\/wp-json\/wp\/v2\/product"}],"about":[{"href":"https:\/\/www.ksttukku.fi\/cms\/wp-json\/wp\/v2\/types\/product"}],"replies":[{"embeddable":true,"href":"https:\/\/www.ksttukku.fi\/cms\/wp-json\/wp\/v2\/comments?post=748"}],"wp:featuredmedia":[{"embeddable":true,"href":"https:\/\/www.ksttukku.fi\/cms\/wp-json\/wp\/v2\/media\/749"}],"wp:attachment":[{"href":"https:\/\/www.ksttukku.fi\/cms\/wp-json\/wp\/v2\/media?parent=748"}],"wp:term":[{"taxonomy":"product_brand","embeddable":true,"href":"https:\/\/www.ksttukku.fi\/cms\/wp-json\/wp\/v2\/product_brand?post=748"},{"taxonomy":"product_cat","embeddable":true,"href":"https:\/\/www.ksttukku.fi\/cms\/wp-json\/wp\/v2\/product_cat?post=748"},{"taxonomy":"product_tag","embeddable":true,"href":"https:\/\/www.ksttukku.fi\/cms\/wp-json\/wp\/v2\/product_tag?post=748"}],"curies":[{"name":"wp","href":"https:\/\/api.w.org\/{rel}","templated":true}]}}