{"id":902,"date":"2016-11-24T13:21:09","date_gmt":"2016-11-24T11:21:09","guid":{"rendered":"http:\/\/www.ksttukku.fi\/cms\/?post_type=product&#038;p=902"},"modified":"2018-02-05T15:40:14","modified_gmt":"2018-02-05T13:40:14","slug":"liiketunnistin-ip44","status":"publish","type":"product","link":"https:\/\/www.ksttukku.fi\/cms\/tuote\/liiketunnistin-ip44\/","title":{"rendered":"Liiketunnistin IP44"},"content":{"rendered":"<p>Ulkok\u00e4ytt\u00f6\u00f6n IP44<\/p>\n<p>Tunnistusalue 180\u00b0<\/p>\n<p>Asennuskorkeus valittavissa 0,5 m &#8211; 3,5 m<\/p>\n<p>Tunnistuset\u00e4isyys maks. 12 m<\/p>\n<p>Toiminta-aika 5 s &#8211; 10 min.<\/p>\n<p>Valon s\u00e4\u00e4t\u00f6 10 Lux &#8211; 2000 Lux<\/p>\n<p>230V\/50Hz maks. 1200W<\/p>\n<p>Toimintal\u00e4mp\u00f6tila -20\u00b0C &#8211; +40\u00b0C<\/p>\n","protected":false},"excerpt":{"rendered":"<p>Liiketunnistin 180\u00b0 ulkok\u00e4ytt\u00f6\u00f6n<\/p>\n","protected":false},"featured_media":903,"comment_status":"open","ping_status":"closed","template":"","meta":[],"product_brand":[],"product_cat":[49,38],"product_tag":[],"class_list":{"0":"post-902","1":"product","2":"type-product","3":"status-publish","4":"has-post-thumbnail","6":"product_cat-sahkotarvikkeet","7":"product_cat-valaisintarvikkeet","9":"first","10":"instock","11":"taxable","12":"shipping-taxable","13":"purchasable","14":"product-type-simple"},"_links":{"self":[{"href":"https:\/\/www.ksttukku.fi\/cms\/wp-json\/wp\/v2\/product\/902","targetHints":{"allow":["GET"]}}],"collection":[{"href":"https:\/\/www.ksttukku.fi\/cms\/wp-json\/wp\/v2\/product"}],"about":[{"href":"https:\/\/www.ksttukku.fi\/cms\/wp-json\/wp\/v2\/types\/product"}],"replies":[{"embeddable":true,"href":"https:\/\/www.ksttukku.fi\/cms\/wp-json\/wp\/v2\/comments?post=902"}],"wp:featuredmedia":[{"embeddable":true,"href":"https:\/\/www.ksttukku.fi\/cms\/wp-json\/wp\/v2\/media\/903"}],"wp:attachment":[{"href":"https:\/\/www.ksttukku.fi\/cms\/wp-json\/wp\/v2\/media?parent=902"}],"wp:term":[{"taxonomy":"product_brand","embeddable":true,"href":"https:\/\/www.ksttukku.fi\/cms\/wp-json\/wp\/v2\/product_brand?post=902"},{"taxonomy":"product_cat","embeddable":true,"href":"https:\/\/www.ksttukku.fi\/cms\/wp-json\/wp\/v2\/product_cat?post=902"},{"taxonomy":"product_tag","embeddable":true,"href":"https:\/\/www.ksttukku.fi\/cms\/wp-json\/wp\/v2\/product_tag?post=902"}],"curies":[{"name":"wp","href":"https:\/\/api.w.org\/{rel}","templated":true}]}}