{"id":980,"date":"2017-01-23T15:17:33","date_gmt":"2017-01-23T13:17:33","guid":{"rendered":"http:\/\/www.ksttukku.fi\/cms\/?post_type=product&#038;p=980"},"modified":"2017-01-23T15:17:33","modified_gmt":"2017-01-23T13:17:33","slug":"lattiavalaisin-cf-001-ruskea","status":"publish","type":"product","link":"https:\/\/www.ksttukku.fi\/cms\/tuote\/lattiavalaisin-cf-001-ruskea\/","title":{"rendered":"Lattiavalaisin CF-001 ruskea"},"content":{"rendered":"<p>Tehokas lattiavalaisin 27W loisteputkella (valonl\u00e4hde sis\u00e4ltyy pakkaukseen)<\/p>\n<p>Korkeus: 130 cm<\/p>\n<p>V\u00e4ri: ruskea<\/p>\n","protected":false},"excerpt":{"rendered":"<p>Tehokas lattiavalaisin 27W loisteputkella (valonl\u00e4hde sis\u00e4ltyy pakkaukseen) Korkeus: 130 cm V\u00e4ri: ruskea<\/p>\n","protected":false},"featured_media":973,"comment_status":"open","ping_status":"closed","template":"","meta":[],"product_brand":[],"product_cat":[43],"product_tag":[],"class_list":{"0":"post-980","1":"product","2":"type-product","3":"status-publish","4":"has-post-thumbnail","6":"product_cat-lattia-ja-poytavalaisimet","8":"first","9":"instock","10":"taxable","11":"shipping-taxable","12":"purchasable","13":"product-type-simple"},"_links":{"self":[{"href":"https:\/\/www.ksttukku.fi\/cms\/wp-json\/wp\/v2\/product\/980","targetHints":{"allow":["GET"]}}],"collection":[{"href":"https:\/\/www.ksttukku.fi\/cms\/wp-json\/wp\/v2\/product"}],"about":[{"href":"https:\/\/www.ksttukku.fi\/cms\/wp-json\/wp\/v2\/types\/product"}],"replies":[{"embeddable":true,"href":"https:\/\/www.ksttukku.fi\/cms\/wp-json\/wp\/v2\/comments?post=980"}],"wp:featuredmedia":[{"embeddable":true,"href":"https:\/\/www.ksttukku.fi\/cms\/wp-json\/wp\/v2\/media\/973"}],"wp:attachment":[{"href":"https:\/\/www.ksttukku.fi\/cms\/wp-json\/wp\/v2\/media?parent=980"}],"wp:term":[{"taxonomy":"product_brand","embeddable":true,"href":"https:\/\/www.ksttukku.fi\/cms\/wp-json\/wp\/v2\/product_brand?post=980"},{"taxonomy":"product_cat","embeddable":true,"href":"https:\/\/www.ksttukku.fi\/cms\/wp-json\/wp\/v2\/product_cat?post=980"},{"taxonomy":"product_tag","embeddable":true,"href":"https:\/\/www.ksttukku.fi\/cms\/wp-json\/wp\/v2\/product_tag?post=980"}],"curies":[{"name":"wp","href":"https:\/\/api.w.org\/{rel}","templated":true}]}}