{"id":10305,"date":"2022-06-14T14:37:24","date_gmt":"2022-06-14T11:37:24","guid":{"rendered":"https:\/\/www.ksttukku.fi\/kauppa\/?post_type=product&#038;p=10305"},"modified":"2022-06-14T14:42:00","modified_gmt":"2022-06-14T11:42:00","slug":"travo-led-tuuletinvalaisin-50cm","status":"publish","type":"product","link":"https:\/\/www.ksttukku.fi\/kauppa\/tuote\/travo-led-tuuletinvalaisin-50cm\/","title":{"rendered":"Travo Led-tuuletinvalaisin 50cm"},"content":{"rendered":"<p>v\u00e4ri: musta. metallirunko<\/p>\n<p>halkaisija 50 cm<\/p>\n<p>Teho 30W\u00a0 1900lm<\/p>\n<p>v\u00e4ril\u00e4mp\u00f6tila 3000K-6500 K<\/p>\n<p>himmennett\u00e4v\u00e4<\/p>\n<p>3 nopeutta sek\u00e4 ajastintoiminta tuulettimelle.<\/p>\n<p>kaukos\u00e4\u00e4din<\/p>\n<p>py\u00f6rimissunnan vaihto (talvi- ja kes\u00e4k\u00e4ytt\u00f6)<\/p>\n<p>t\u00e4htitaivas valaisinosassa<\/p>\n","protected":false},"excerpt":{"rendered":"<p>v\u00e4ri: musta. metallirunko halkaisija 50 cm Teho 30W\u00a0 1900lm v\u00e4ril\u00e4mp\u00f6tila 3000K-6500 K himmennett\u00e4v\u00e4 3 nopeutta sek\u00e4 ajastintoiminta tuulettimelle. kaukos\u00e4\u00e4din py\u00f6rimissunnan vaihto (talvi- ja kes\u00e4k\u00e4ytt\u00f6) t\u00e4htitaivas valaisinosassa<\/p>\n","protected":false},"featured_media":10306,"comment_status":"closed","ping_status":"closed","template":"","meta":[],"product_brand":[],"product_cat":[175,35,34],"product_tag":[],"class_list":{"0":"post-10305","1":"product","2":"type-product","3":"status-publish","4":"has-post-thumbnail","6":"product_cat-tuuletinvalaisimet","7":"product_cat-sisavalaisimet","8":"product_cat-valaisimet","10":"first","11":"instock","12":"taxable","13":"shipping-taxable","14":"purchasable","15":"product-type-simple"},"_links":{"self":[{"href":"https:\/\/www.ksttukku.fi\/kauppa\/wp-json\/wp\/v2\/product\/10305","targetHints":{"allow":["GET"]}}],"collection":[{"href":"https:\/\/www.ksttukku.fi\/kauppa\/wp-json\/wp\/v2\/product"}],"about":[{"href":"https:\/\/www.ksttukku.fi\/kauppa\/wp-json\/wp\/v2\/types\/product"}],"replies":[{"embeddable":true,"href":"https:\/\/www.ksttukku.fi\/kauppa\/wp-json\/wp\/v2\/comments?post=10305"}],"wp:featuredmedia":[{"embeddable":true,"href":"https:\/\/www.ksttukku.fi\/kauppa\/wp-json\/wp\/v2\/media\/10306"}],"wp:attachment":[{"href":"https:\/\/www.ksttukku.fi\/kauppa\/wp-json\/wp\/v2\/media?parent=10305"}],"wp:term":[{"taxonomy":"product_brand","embeddable":true,"href":"https:\/\/www.ksttukku.fi\/kauppa\/wp-json\/wp\/v2\/product_brand?post=10305"},{"taxonomy":"product_cat","embeddable":true,"href":"https:\/\/www.ksttukku.fi\/kauppa\/wp-json\/wp\/v2\/product_cat?post=10305"},{"taxonomy":"product_tag","embeddable":true,"href":"https:\/\/www.ksttukku.fi\/kauppa\/wp-json\/wp\/v2\/product_tag?post=10305"}],"curies":[{"name":"wp","href":"https:\/\/api.w.org\/{rel}","templated":true}]}}