{"id":10309,"date":"2022-06-14T17:15:26","date_gmt":"2022-06-14T14:15:26","guid":{"rendered":"https:\/\/www.ksttukku.fi\/kauppa\/?post_type=product&#038;p=10309"},"modified":"2022-06-14T17:15:27","modified_gmt":"2022-06-14T14:15:27","slug":"valonsaadin-25-400w-led-4-100w","status":"publish","type":"product","link":"https:\/\/www.ksttukku.fi\/kauppa\/tuote\/valonsaadin-25-400w-led-4-100w\/","title":{"rendered":"Valons\u00e4\u00e4din 25-400W (LED 4-100W)"},"content":{"rendered":"<div id=\"Tuotekuvaus\" class=\"tab-pane active\">\n<div class=\"product-description\">\n<div class=\"web-description\">Valons\u00e4\u00e4din, joka soveltuu LED-lampuille (etureuna- ja takareunas\u00e4\u00e4t\u00f6), halogeenilampuille ja hehkulampuille. S\u00e4\u00e4dint\u00e4 voidaan k\u00e4ytt\u00e4\u00e4 transistorihimmentimen\u00e4 ja TRIAC-himmentimen\u00e4. Asennus vaatii nollajohdon.<\/div>\n<p><span id=\"data1\">230 V hehkulamput: 25 &#8211; 400 W<br \/>\n230 V halogeenilamput: 25 &#8211; 400W<br \/>\nElektroniset halogeenimuuntajat 12 V: 25-400 W<br \/>\nMagneettiset muuntajat: 25 &#8211; 400 W<br \/>\nHimmennett\u00e4v\u00e4t ledit: 4 &#8211; 100 W<\/span><\/div>\n<\/div>\n","protected":false},"excerpt":{"rendered":"<p>Valons\u00e4\u00e4din, joka soveltuu LED-lampuille (etureuna- ja takareunas\u00e4\u00e4t\u00f6), halogeenilampuille ja hehkulampuille. S\u00e4\u00e4dint\u00e4 voidaan k\u00e4ytt\u00e4\u00e4 transistorihimmentimen\u00e4 ja TRIAC-himmentimen\u00e4. Asennus vaatii nollajohdon. 230 V hehkulamput: 25 &#8211; 400 W 230 V halogeenilamput: 25 &#8211; 400W Elektroniset halogeenimuuntajat 12 V: 25-400 W Magneettiset muuntajat: 25 &#8211; 400 W Himmennett\u00e4v\u00e4t ledit: 4 &#8211; 100 W<\/p>\n","protected":false},"featured_media":10310,"comment_status":"closed","ping_status":"closed","template":"","meta":[],"product_brand":[],"product_cat":[230,308],"product_tag":[],"class_list":{"0":"post-10309","1":"product","2":"type-product","3":"status-publish","4":"has-post-thumbnail","6":"product_cat-sahkotarvikkeet","7":"product_cat-valonsaatimet","9":"first","10":"instock","11":"taxable","12":"shipping-taxable","13":"purchasable","14":"product-type-simple"},"_links":{"self":[{"href":"https:\/\/www.ksttukku.fi\/kauppa\/wp-json\/wp\/v2\/product\/10309","targetHints":{"allow":["GET"]}}],"collection":[{"href":"https:\/\/www.ksttukku.fi\/kauppa\/wp-json\/wp\/v2\/product"}],"about":[{"href":"https:\/\/www.ksttukku.fi\/kauppa\/wp-json\/wp\/v2\/types\/product"}],"replies":[{"embeddable":true,"href":"https:\/\/www.ksttukku.fi\/kauppa\/wp-json\/wp\/v2\/comments?post=10309"}],"wp:featuredmedia":[{"embeddable":true,"href":"https:\/\/www.ksttukku.fi\/kauppa\/wp-json\/wp\/v2\/media\/10310"}],"wp:attachment":[{"href":"https:\/\/www.ksttukku.fi\/kauppa\/wp-json\/wp\/v2\/media?parent=10309"}],"wp:term":[{"taxonomy":"product_brand","embeddable":true,"href":"https:\/\/www.ksttukku.fi\/kauppa\/wp-json\/wp\/v2\/product_brand?post=10309"},{"taxonomy":"product_cat","embeddable":true,"href":"https:\/\/www.ksttukku.fi\/kauppa\/wp-json\/wp\/v2\/product_cat?post=10309"},{"taxonomy":"product_tag","embeddable":true,"href":"https:\/\/www.ksttukku.fi\/kauppa\/wp-json\/wp\/v2\/product_tag?post=10309"}],"curies":[{"name":"wp","href":"https:\/\/api.w.org\/{rel}","templated":true}]}}