{"id":10328,"date":"2022-06-16T16:00:02","date_gmt":"2022-06-16T13:00:02","guid":{"rendered":"https:\/\/www.ksttukku.fi\/kauppa\/?post_type=product&#038;p=10328"},"modified":"2022-06-16T17:53:10","modified_gmt":"2022-06-16T14:53:10","slug":"smart-kattovalaisin-connor-rgb-16w-1500lm","status":"publish","type":"product","link":"https:\/\/www.ksttukku.fi\/kauppa\/tuote\/smart-kattovalaisin-connor-rgb-16w-1500lm\/","title":{"rendered":"Smart Kattovalaisin Connor RGB 16W 1500lm"},"content":{"rendered":"<p>Valon kirkkautta ja s\u00e4vy\u00e4 voidaan ohjata mukana tulevalla kaukos\u00e4\u00e4timell\u00e4 tai \u00e4lypuhelimella.<\/p>\n<p>\u201dSmart\u201d-toiminto joka mahdollistaa tuotteen s\u00e4\u00e4d\u00f6n puheohjauksella Alexa tai Google Home j\u00e4rjestelmill\u00e4.<\/p>\n<p>Ajastintoiminta<\/p>\n<p>halkaisija\u00a0\u00a0\u00a0 40 cm<\/p>\n<p>v\u00e4ril\u00e4mp\u00f6tila 3000-6500K<\/p>\n<p>&nbsp;<\/p>\n","protected":false},"excerpt":{"rendered":"<p>Valon kirkkautta ja s\u00e4vy\u00e4 voidaan ohjata mukana tulevalla kaukos\u00e4\u00e4timell\u00e4 tai \u00e4lypuhelimella. \u201dSmart\u201d-toiminto joka mahdollistaa tuotteen s\u00e4\u00e4d\u00f6n puheohjauksella Alexa tai Google Home j\u00e4rjestelmill\u00e4. Ajastintoiminta halkaisija\u00a0\u00a0\u00a0 40 cm v\u00e4ril\u00e4mp\u00f6tila 3000-6500K &nbsp;<\/p>\n","protected":false},"featured_media":10330,"comment_status":"closed","ping_status":"closed","template":"","meta":[],"product_brand":[],"product_cat":[40,35,34,317],"product_tag":[],"class_list":{"0":"post-10328","1":"product","2":"type-product","3":"status-publish","4":"has-post-thumbnail","6":"product_cat-kattovalaisimet","7":"product_cat-sisavalaisimet","8":"product_cat-valaisimet","9":"product_cat-alyvalaisimet-ja-lamput","11":"first","12":"instock","13":"taxable","14":"shipping-taxable","15":"purchasable","16":"product-type-simple"},"_links":{"self":[{"href":"https:\/\/www.ksttukku.fi\/kauppa\/wp-json\/wp\/v2\/product\/10328","targetHints":{"allow":["GET"]}}],"collection":[{"href":"https:\/\/www.ksttukku.fi\/kauppa\/wp-json\/wp\/v2\/product"}],"about":[{"href":"https:\/\/www.ksttukku.fi\/kauppa\/wp-json\/wp\/v2\/types\/product"}],"replies":[{"embeddable":true,"href":"https:\/\/www.ksttukku.fi\/kauppa\/wp-json\/wp\/v2\/comments?post=10328"}],"wp:featuredmedia":[{"embeddable":true,"href":"https:\/\/www.ksttukku.fi\/kauppa\/wp-json\/wp\/v2\/media\/10330"}],"wp:attachment":[{"href":"https:\/\/www.ksttukku.fi\/kauppa\/wp-json\/wp\/v2\/media?parent=10328"}],"wp:term":[{"taxonomy":"product_brand","embeddable":true,"href":"https:\/\/www.ksttukku.fi\/kauppa\/wp-json\/wp\/v2\/product_brand?post=10328"},{"taxonomy":"product_cat","embeddable":true,"href":"https:\/\/www.ksttukku.fi\/kauppa\/wp-json\/wp\/v2\/product_cat?post=10328"},{"taxonomy":"product_tag","embeddable":true,"href":"https:\/\/www.ksttukku.fi\/kauppa\/wp-json\/wp\/v2\/product_tag?post=10328"}],"curies":[{"name":"wp","href":"https:\/\/api.w.org\/{rel}","templated":true}]}}