{"id":10628,"date":"2022-07-22T12:37:02","date_gmt":"2022-07-22T09:37:02","guid":{"rendered":"https:\/\/www.ksttukku.fi\/kauppa\/?post_type=product&#038;p=10628"},"modified":"2022-07-22T12:37:03","modified_gmt":"2022-07-22T09:37:03","slug":"antiikkivedin-vesuvius-vaaka-avaimenreialla","status":"publish","type":"product","link":"https:\/\/www.ksttukku.fi\/kauppa\/tuote\/antiikkivedin-vesuvius-vaaka-avaimenreialla\/","title":{"rendered":"Antiikkivedin Vesuvius vaaka avaimenrei\u00e4ll\u00e4"},"content":{"rendered":"<p>&#8211; reik\u00e4v\u00e4li 64 mm<br \/>\n&#8211; koko 97&#215;33 mm<br \/>\n&#8211; kaksi ruuvinreik\u00e4\u00e4<br \/>\n&#8211; huom. ei naulanreiki\u00e4<\/p>\n","protected":false},"excerpt":{"rendered":"<p>&#8211; reik\u00e4v\u00e4li 64 mm &#8211; koko 97&#215;33 mm &#8211; kaksi ruuvinreik\u00e4\u00e4 &#8211; huom. ei naulanreiki\u00e4<\/p>\n","protected":false},"featured_media":10631,"comment_status":"closed","ping_status":"closed","template":"","meta":[],"product_brand":[],"product_cat":[486,265],"product_tag":[],"class_list":{"0":"post-10628","1":"product","2":"type-product","3":"status-publish","4":"has-post-thumbnail","6":"product_cat-antiikkivetimet","7":"product_cat-vetimet-ja-nupit","9":"first","10":"instock","11":"taxable","12":"shipping-taxable","13":"purchasable","14":"product-type-simple"},"_links":{"self":[{"href":"https:\/\/www.ksttukku.fi\/kauppa\/wp-json\/wp\/v2\/product\/10628","targetHints":{"allow":["GET"]}}],"collection":[{"href":"https:\/\/www.ksttukku.fi\/kauppa\/wp-json\/wp\/v2\/product"}],"about":[{"href":"https:\/\/www.ksttukku.fi\/kauppa\/wp-json\/wp\/v2\/types\/product"}],"replies":[{"embeddable":true,"href":"https:\/\/www.ksttukku.fi\/kauppa\/wp-json\/wp\/v2\/comments?post=10628"}],"wp:featuredmedia":[{"embeddable":true,"href":"https:\/\/www.ksttukku.fi\/kauppa\/wp-json\/wp\/v2\/media\/10631"}],"wp:attachment":[{"href":"https:\/\/www.ksttukku.fi\/kauppa\/wp-json\/wp\/v2\/media?parent=10628"}],"wp:term":[{"taxonomy":"product_brand","embeddable":true,"href":"https:\/\/www.ksttukku.fi\/kauppa\/wp-json\/wp\/v2\/product_brand?post=10628"},{"taxonomy":"product_cat","embeddable":true,"href":"https:\/\/www.ksttukku.fi\/kauppa\/wp-json\/wp\/v2\/product_cat?post=10628"},{"taxonomy":"product_tag","embeddable":true,"href":"https:\/\/www.ksttukku.fi\/kauppa\/wp-json\/wp\/v2\/product_tag?post=10628"}],"curies":[{"name":"wp","href":"https:\/\/api.w.org\/{rel}","templated":true}]}}