{"id":10657,"date":"2022-07-22T16:58:22","date_gmt":"2022-07-22T13:58:22","guid":{"rendered":"https:\/\/www.ksttukku.fi\/kauppa\/?post_type=product&#038;p=10657"},"modified":"2022-07-22T16:58:23","modified_gmt":"2022-07-22T13:58:23","slug":"antiikkivetimen-patinoitu-naula-messingoity","status":"publish","type":"product","link":"https:\/\/www.ksttukku.fi\/kauppa\/tuote\/antiikkivetimen-patinoitu-naula-messingoity\/","title":{"rendered":"Antiikkivetimen patinoitu naula messing\u00f6ity"},"content":{"rendered":"<p>\u00d8 1,5 x 20 mm messing\u00f6ity<br \/>\nkanta \u00d8 3,3 mm ja vahvuus 1,0 mm<\/p>\n","protected":false},"excerpt":{"rendered":"<p>\u00d8 1,5 x 20 mm messing\u00f6ity kanta \u00d8 3,3 mm ja vahvuus 1,0 mm<\/p>\n","protected":false},"featured_media":10655,"comment_status":"closed","ping_status":"closed","template":"","meta":[],"product_brand":[],"product_cat":[486],"product_tag":[],"class_list":{"0":"post-10657","1":"product","2":"type-product","3":"status-publish","4":"has-post-thumbnail","6":"product_cat-antiikkivetimet","8":"first","9":"instock","10":"taxable","11":"shipping-taxable","12":"purchasable","13":"product-type-simple"},"_links":{"self":[{"href":"https:\/\/www.ksttukku.fi\/kauppa\/wp-json\/wp\/v2\/product\/10657","targetHints":{"allow":["GET"]}}],"collection":[{"href":"https:\/\/www.ksttukku.fi\/kauppa\/wp-json\/wp\/v2\/product"}],"about":[{"href":"https:\/\/www.ksttukku.fi\/kauppa\/wp-json\/wp\/v2\/types\/product"}],"replies":[{"embeddable":true,"href":"https:\/\/www.ksttukku.fi\/kauppa\/wp-json\/wp\/v2\/comments?post=10657"}],"wp:featuredmedia":[{"embeddable":true,"href":"https:\/\/www.ksttukku.fi\/kauppa\/wp-json\/wp\/v2\/media\/10655"}],"wp:attachment":[{"href":"https:\/\/www.ksttukku.fi\/kauppa\/wp-json\/wp\/v2\/media?parent=10657"}],"wp:term":[{"taxonomy":"product_brand","embeddable":true,"href":"https:\/\/www.ksttukku.fi\/kauppa\/wp-json\/wp\/v2\/product_brand?post=10657"},{"taxonomy":"product_cat","embeddable":true,"href":"https:\/\/www.ksttukku.fi\/kauppa\/wp-json\/wp\/v2\/product_cat?post=10657"},{"taxonomy":"product_tag","embeddable":true,"href":"https:\/\/www.ksttukku.fi\/kauppa\/wp-json\/wp\/v2\/product_tag?post=10657"}],"curies":[{"name":"wp","href":"https:\/\/api.w.org\/{rel}","templated":true}]}}