{"id":10666,"date":"2022-07-23T12:07:49","date_gmt":"2022-07-23T09:07:49","guid":{"rendered":"https:\/\/www.ksttukku.fi\/kauppa\/?post_type=product&#038;p=10666"},"modified":"2022-07-23T12:09:41","modified_gmt":"2022-07-23T09:09:41","slug":"baton-ritos-yleisvalaisin-14w-2210111410","status":"publish","type":"product","link":"https:\/\/www.ksttukku.fi\/kauppa\/tuote\/baton-ritos-yleisvalaisin-14w-2210111410\/","title":{"rendered":"Baton Ritos Led-yleisvalaisin 14W  2210111410"},"content":{"rendered":"<p>Monik\u00e4ytt\u00f6inen yleisvalaisin ,esim ty\u00f6tasovalaisin<\/p>\n<p>v\u00e4ril\u00e4mp\u00f6tila:\u00a0 4000K<\/p>\n<p>valaisinteho: 1600lm<\/p>\n<p>pituus: 600mm<\/p>\n<p>leveys :49mm<\/p>\n<p>syvyys :70mm<\/p>\n<p>&nbsp;<\/p>\n","protected":false},"excerpt":{"rendered":"<p>Monik\u00e4ytt\u00f6inen yleisvalaisin ,esim ty\u00f6tasovalaisin v\u00e4ril\u00e4mp\u00f6tila:\u00a0 4000K valaisinteho: 1600lm pituus: 600mm leveys :49mm syvyys :70mm &nbsp;<\/p>\n","protected":false},"featured_media":10672,"comment_status":"closed","ping_status":"closed","template":"","meta":[],"product_brand":[],"product_cat":[40,42,35,142,34],"product_tag":[],"class_list":{"0":"post-10666","1":"product","2":"type-product","3":"status-publish","4":"has-post-thumbnail","6":"product_cat-kattovalaisimet","7":"product_cat-seinavalaisimet-sisavalaisimet","8":"product_cat-sisavalaisimet","9":"product_cat-tyopistevalaisimet","10":"product_cat-valaisimet","12":"first","13":"instock","14":"sale","15":"taxable","16":"shipping-taxable","17":"purchasable","18":"product-type-simple"},"_links":{"self":[{"href":"https:\/\/www.ksttukku.fi\/kauppa\/wp-json\/wp\/v2\/product\/10666","targetHints":{"allow":["GET"]}}],"collection":[{"href":"https:\/\/www.ksttukku.fi\/kauppa\/wp-json\/wp\/v2\/product"}],"about":[{"href":"https:\/\/www.ksttukku.fi\/kauppa\/wp-json\/wp\/v2\/types\/product"}],"replies":[{"embeddable":true,"href":"https:\/\/www.ksttukku.fi\/kauppa\/wp-json\/wp\/v2\/comments?post=10666"}],"wp:featuredmedia":[{"embeddable":true,"href":"https:\/\/www.ksttukku.fi\/kauppa\/wp-json\/wp\/v2\/media\/10672"}],"wp:attachment":[{"href":"https:\/\/www.ksttukku.fi\/kauppa\/wp-json\/wp\/v2\/media?parent=10666"}],"wp:term":[{"taxonomy":"product_brand","embeddable":true,"href":"https:\/\/www.ksttukku.fi\/kauppa\/wp-json\/wp\/v2\/product_brand?post=10666"},{"taxonomy":"product_cat","embeddable":true,"href":"https:\/\/www.ksttukku.fi\/kauppa\/wp-json\/wp\/v2\/product_cat?post=10666"},{"taxonomy":"product_tag","embeddable":true,"href":"https:\/\/www.ksttukku.fi\/kauppa\/wp-json\/wp\/v2\/product_tag?post=10666"}],"curies":[{"name":"wp","href":"https:\/\/api.w.org\/{rel}","templated":true}]}}