{"id":10707,"date":"2022-07-26T14:29:09","date_gmt":"2022-07-26T11:29:09","guid":{"rendered":"https:\/\/www.ksttukku.fi\/kauppa\/?post_type=product&#038;p=10707"},"modified":"2022-07-26T14:29:10","modified_gmt":"2022-07-26T11:29:10","slug":"amalfi-puutarhavalosarja-3-osainen-7451-000","status":"publish","type":"product","link":"https:\/\/www.ksttukku.fi\/kauppa\/tuote\/amalfi-puutarhavalosarja-3-osainen-7451-000\/","title":{"rendered":"Amalfi puutarhavalosarja 3 osainen 7451-000"},"content":{"rendered":"<p>Pakkauksessa on mukana kolme valaisinta, maapiikit, 10 m kaapelia ja muuntaja<\/p>\n<p>Valaisinta voi k\u00e4ytt\u00e4\u00e4 yksitt\u00e4isen\u00e4 itsen\u00e4isen\u00e4 tuotteena tai kytke\u00e4 se osaksi 12 V j\u00e4rjestelm\u00e4\u00e4. J\u00e4rjestelm\u00e4\u00e4n on saatavilla terassispotteja, koristevalaisimia.<\/p>\n<p>tehokkaampia muuntajia haarottimilla sek\u00e4 h\u00e4m\u00e4r\u00e4kytkimell\u00e4<\/p>\n<p>korkeus 350mm<\/p>\n<p>leveys 60mm<\/p>\n<p>johdonpituus\u00a0 8m<\/p>\n<p>IP 44<\/p>\n","protected":false},"excerpt":{"rendered":"<p>Pakkauksessa on mukana kolme valaisinta, maapiikit, 10 m kaapelia ja muuntaja Valaisinta voi k\u00e4ytt\u00e4\u00e4 yksitt\u00e4isen\u00e4 itsen\u00e4isen\u00e4 tuotteena tai kytke\u00e4 se osaksi 12 V j\u00e4rjestelm\u00e4\u00e4. J\u00e4rjestelm\u00e4\u00e4n on saatavilla terassispotteja, koristevalaisimia. tehokkaampia muuntajia haarottimilla sek\u00e4 h\u00e4m\u00e4r\u00e4kytkimell\u00e4 korkeus 350mm leveys 60mm johdonpituus\u00a0 8m IP 44<\/p>\n","protected":false},"featured_media":10708,"comment_status":"closed","ping_status":"closed","template":"","meta":[],"product_brand":[],"product_cat":[362,38,36,34],"product_tag":[],"class_list":{"0":"post-10707","1":"product","2":"type-product","3":"status-publish","4":"has-post-thumbnail","6":"product_cat-puutarhavalaisimet","7":"product_cat-pylvasvalaisimet","8":"product_cat-ulkovalaisimet","9":"product_cat-valaisimet","11":"first","12":"instock","13":"taxable","14":"shipping-taxable","15":"purchasable","16":"product-type-simple"},"_links":{"self":[{"href":"https:\/\/www.ksttukku.fi\/kauppa\/wp-json\/wp\/v2\/product\/10707","targetHints":{"allow":["GET"]}}],"collection":[{"href":"https:\/\/www.ksttukku.fi\/kauppa\/wp-json\/wp\/v2\/product"}],"about":[{"href":"https:\/\/www.ksttukku.fi\/kauppa\/wp-json\/wp\/v2\/types\/product"}],"replies":[{"embeddable":true,"href":"https:\/\/www.ksttukku.fi\/kauppa\/wp-json\/wp\/v2\/comments?post=10707"}],"wp:featuredmedia":[{"embeddable":true,"href":"https:\/\/www.ksttukku.fi\/kauppa\/wp-json\/wp\/v2\/media\/10708"}],"wp:attachment":[{"href":"https:\/\/www.ksttukku.fi\/kauppa\/wp-json\/wp\/v2\/media?parent=10707"}],"wp:term":[{"taxonomy":"product_brand","embeddable":true,"href":"https:\/\/www.ksttukku.fi\/kauppa\/wp-json\/wp\/v2\/product_brand?post=10707"},{"taxonomy":"product_cat","embeddable":true,"href":"https:\/\/www.ksttukku.fi\/kauppa\/wp-json\/wp\/v2\/product_cat?post=10707"},{"taxonomy":"product_tag","embeddable":true,"href":"https:\/\/www.ksttukku.fi\/kauppa\/wp-json\/wp\/v2\/product_tag?post=10707"}],"curies":[{"name":"wp","href":"https:\/\/api.w.org\/{rel}","templated":true}]}}