{"id":10769,"date":"2022-08-02T12:34:47","date_gmt":"2022-08-02T09:34:47","guid":{"rendered":"https:\/\/www.ksttukku.fi\/kauppa\/?post_type=product&#038;p=10769"},"modified":"2023-08-11T16:16:58","modified_gmt":"2023-08-11T13:16:58","slug":"flamme-lyhty-musta-sr-062-79","status":"publish","type":"product","link":"https:\/\/www.ksttukku.fi\/kauppa\/tuote\/flamme-lyhty-musta-sr-062-79\/","title":{"rendered":"Flamme lyhty musta SR-062-79"},"content":{"rendered":"<p>Musta muovilyhty, sis\u00e4ll\u00e4 Flamme-vahakynttil\u00e4 LED-liekill\u00e4. Sis\u00e4- ja ulkok\u00e4ytt\u00f6\u00f6n.<br \/>\nIP20. Kiinte\u00e4 LED 0,03W, 10 mA, 3V. Paloaika n. 10 000 h.<br \/>\nToimii kolmella AAA-paristolla, jotka eiv\u00e4t sis\u00e4lly pakkaukseen.<br \/>\nAjastin 6 h p\u00e4\u00e4ll\u00e4, 18 h pois, toistuva.<br \/>\n4,5V DC.<\/p>\n","protected":false},"excerpt":{"rendered":"<p>Musta muovilyhty, sis\u00e4ll\u00e4 Flamme-vahakynttil\u00e4 LED-liekill\u00e4. Sis\u00e4- ja ulkok\u00e4ytt\u00f6\u00f6n. IP20. Kiinte\u00e4 LED 0,03W, 10 mA, 3V. Paloaika n. 10 000 h. Toimii kolmella AAA-paristolla, jotka eiv\u00e4t sis\u00e4lly pakkaukseen. Ajastin 6 h p\u00e4\u00e4ll\u00e4, 18 h pois, toistuva. 4,5V DC.<\/p>\n","protected":false},"featured_media":10770,"comment_status":"closed","ping_status":"closed","template":"","meta":[],"product_brand":[],"product_cat":[176,484,180,377,177],"product_tag":[],"class_list":{"0":"post-10769","1":"product","2":"type-product","3":"status-publish","4":"has-post-thumbnail","6":"product_cat-joulu-ja-koristevalot","7":"product_cat-lyhdyt","8":"product_cat-paristovalosarjat","9":"product_cat-sisustus-lahjatavarat","10":"product_cat-valosarjat","12":"first","13":"instock","14":"taxable","15":"shipping-taxable","16":"purchasable","17":"product-type-simple"},"_links":{"self":[{"href":"https:\/\/www.ksttukku.fi\/kauppa\/wp-json\/wp\/v2\/product\/10769","targetHints":{"allow":["GET"]}}],"collection":[{"href":"https:\/\/www.ksttukku.fi\/kauppa\/wp-json\/wp\/v2\/product"}],"about":[{"href":"https:\/\/www.ksttukku.fi\/kauppa\/wp-json\/wp\/v2\/types\/product"}],"replies":[{"embeddable":true,"href":"https:\/\/www.ksttukku.fi\/kauppa\/wp-json\/wp\/v2\/comments?post=10769"}],"wp:featuredmedia":[{"embeddable":true,"href":"https:\/\/www.ksttukku.fi\/kauppa\/wp-json\/wp\/v2\/media\/10770"}],"wp:attachment":[{"href":"https:\/\/www.ksttukku.fi\/kauppa\/wp-json\/wp\/v2\/media?parent=10769"}],"wp:term":[{"taxonomy":"product_brand","embeddable":true,"href":"https:\/\/www.ksttukku.fi\/kauppa\/wp-json\/wp\/v2\/product_brand?post=10769"},{"taxonomy":"product_cat","embeddable":true,"href":"https:\/\/www.ksttukku.fi\/kauppa\/wp-json\/wp\/v2\/product_cat?post=10769"},{"taxonomy":"product_tag","embeddable":true,"href":"https:\/\/www.ksttukku.fi\/kauppa\/wp-json\/wp\/v2\/product_tag?post=10769"}],"curies":[{"name":"wp","href":"https:\/\/api.w.org\/{rel}","templated":true}]}}