{"id":10771,"date":"2022-08-02T14:27:23","date_gmt":"2022-08-02T11:27:23","guid":{"rendered":"https:\/\/www.ksttukku.fi\/kauppa\/?post_type=product&#038;p=10771"},"modified":"2025-09-24T10:57:15","modified_gmt":"2025-09-24T07:57:15","slug":"aurinkokennolla-toimiva-koristehaikara-481-25","status":"publish","type":"product","link":"https:\/\/www.ksttukku.fi\/kauppa\/tuote\/aurinkokennolla-toimiva-koristehaikara-481-25\/","title":{"rendered":"Aurinkokennolla toimiva koristehaikara 481-25"},"content":{"rendered":"<p>Aurinkokennolla toimiva koristehaikara l\u00e4mpim\u00e4n valkoisella LED-valolla.<br \/>\nIP44. Kiinte\u00e4 LED 0,062W, 20 mA, 3,1V. Paloaika n. 10 000 h.<br \/>\nValo palaa noin 8 tuntia, kun aurinkokenno on t\u00e4yteen latautunut.<\/p>\n<ul>\n<li>\n<div>materiaali: Metalli<\/div>\n<\/li>\n<li>\n<div>V\u00e4ri: Harmaa<\/div>\n<\/li>\n<li>\n<div>Mitat: 320.0 mm x 160.0 mm x 550.0 mm<\/div>\n<\/li>\n<li><\/li>\n<\/ul>\n","protected":false},"excerpt":{"rendered":"<p>Aurinkokennolla toimiva koristehaikara l\u00e4mpim\u00e4n valkoisella LED-valolla. IP44. Kiinte\u00e4 LED 0,062W, 20 mA, 3,1V. Paloaika n. 10 000 h. Valo palaa noin 8 tuntia, kun aurinkokenno on t\u00e4yteen latautunut. materiaali: Metalli V\u00e4ri: Harmaa Mitat: 320.0 mm x 160.0 mm x 550.0 mm<\/p>\n","protected":false},"featured_media":10772,"comment_status":"closed","ping_status":"closed","template":"","meta":[],"product_brand":[],"product_cat":[306,176,199,484,377,36,34],"product_tag":[],"class_list":{"0":"post-10771","1":"product","2":"type-product","3":"status-publish","4":"has-post-thumbnail","6":"product_cat-aurinkokennovalaisimet","7":"product_cat-joulu-ja-koristevalot","8":"product_cat-koristevalot","9":"product_cat-lyhdyt","10":"product_cat-sisustus-lahjatavarat","11":"product_cat-ulkovalaisimet","12":"product_cat-valaisimet","14":"first","15":"outofstock","16":"taxable","17":"shipping-taxable","18":"purchasable","19":"product-type-simple"},"_links":{"self":[{"href":"https:\/\/www.ksttukku.fi\/kauppa\/wp-json\/wp\/v2\/product\/10771","targetHints":{"allow":["GET"]}}],"collection":[{"href":"https:\/\/www.ksttukku.fi\/kauppa\/wp-json\/wp\/v2\/product"}],"about":[{"href":"https:\/\/www.ksttukku.fi\/kauppa\/wp-json\/wp\/v2\/types\/product"}],"replies":[{"embeddable":true,"href":"https:\/\/www.ksttukku.fi\/kauppa\/wp-json\/wp\/v2\/comments?post=10771"}],"wp:featuredmedia":[{"embeddable":true,"href":"https:\/\/www.ksttukku.fi\/kauppa\/wp-json\/wp\/v2\/media\/10772"}],"wp:attachment":[{"href":"https:\/\/www.ksttukku.fi\/kauppa\/wp-json\/wp\/v2\/media?parent=10771"}],"wp:term":[{"taxonomy":"product_brand","embeddable":true,"href":"https:\/\/www.ksttukku.fi\/kauppa\/wp-json\/wp\/v2\/product_brand?post=10771"},{"taxonomy":"product_cat","embeddable":true,"href":"https:\/\/www.ksttukku.fi\/kauppa\/wp-json\/wp\/v2\/product_cat?post=10771"},{"taxonomy":"product_tag","embeddable":true,"href":"https:\/\/www.ksttukku.fi\/kauppa\/wp-json\/wp\/v2\/product_tag?post=10771"}],"curies":[{"name":"wp","href":"https:\/\/api.w.org\/{rel}","templated":true}]}}