{"id":10962,"date":"2022-09-06T11:46:32","date_gmt":"2022-09-06T08:46:32","guid":{"rendered":"https:\/\/www.ksttukku.fi\/kauppa\/?post_type=product&#038;p=10962"},"modified":"2022-09-06T11:46:32","modified_gmt":"2022-09-06T08:46:32","slug":"teho-solar-predium-seinavalaisn-ip-44","status":"publish","type":"product","link":"https:\/\/www.ksttukku.fi\/kauppa\/tuote\/teho-solar-predium-seinavalaisn-ip-44\/","title":{"rendered":"Teho Solar Predium sein\u00e4valaisn IP 44"},"content":{"rendered":"<p>20 lumenia Stand by tilassa,liiketunnistimen aktivoitua nousee lumenm\u00e4\u00e4r\u00e4 400lm.<\/p>\n<p>Tunnistinet\u00e4isyys 5-8 metri\u00e4.<\/p>\n<p>Materiaali: ter\u00e4s\/muovi<\/p>\n<p>Tuotteen koko: 20,5&#215;23,5&#215;16,5cm<\/p>\n<p>V\u00e4ri:musta<\/p>\n","protected":false},"excerpt":{"rendered":"<p>20 lumenia Stand by tilassa,liiketunnistimen aktivoitua nousee lumenm\u00e4\u00e4r\u00e4 400lm. Tunnistinet\u00e4isyys 5-8 metri\u00e4. Materiaali: ter\u00e4s\/muovi Tuotteen koko: 20,5&#215;23,5&#215;16,5cm V\u00e4ri:musta<\/p>\n","protected":false},"featured_media":10964,"comment_status":"closed","ping_status":"closed","template":"","meta":[],"product_brand":[],"product_cat":[306,59,36,34],"product_tag":[],"class_list":{"0":"post-10962","1":"product","2":"type-product","3":"status-publish","4":"has-post-thumbnail","6":"product_cat-aurinkokennovalaisimet","7":"product_cat-terassivalaisimet","8":"product_cat-ulkovalaisimet","9":"product_cat-valaisimet","11":"first","12":"instock","13":"taxable","14":"shipping-taxable","15":"purchasable","16":"product-type-simple"},"_links":{"self":[{"href":"https:\/\/www.ksttukku.fi\/kauppa\/wp-json\/wp\/v2\/product\/10962","targetHints":{"allow":["GET"]}}],"collection":[{"href":"https:\/\/www.ksttukku.fi\/kauppa\/wp-json\/wp\/v2\/product"}],"about":[{"href":"https:\/\/www.ksttukku.fi\/kauppa\/wp-json\/wp\/v2\/types\/product"}],"replies":[{"embeddable":true,"href":"https:\/\/www.ksttukku.fi\/kauppa\/wp-json\/wp\/v2\/comments?post=10962"}],"wp:featuredmedia":[{"embeddable":true,"href":"https:\/\/www.ksttukku.fi\/kauppa\/wp-json\/wp\/v2\/media\/10964"}],"wp:attachment":[{"href":"https:\/\/www.ksttukku.fi\/kauppa\/wp-json\/wp\/v2\/media?parent=10962"}],"wp:term":[{"taxonomy":"product_brand","embeddable":true,"href":"https:\/\/www.ksttukku.fi\/kauppa\/wp-json\/wp\/v2\/product_brand?post=10962"},{"taxonomy":"product_cat","embeddable":true,"href":"https:\/\/www.ksttukku.fi\/kauppa\/wp-json\/wp\/v2\/product_cat?post=10962"},{"taxonomy":"product_tag","embeddable":true,"href":"https:\/\/www.ksttukku.fi\/kauppa\/wp-json\/wp\/v2\/product_tag?post=10962"}],"curies":[{"name":"wp","href":"https:\/\/api.w.org\/{rel}","templated":true}]}}