{"id":11002,"date":"2022-09-12T18:38:02","date_gmt":"2022-09-12T15:38:02","guid":{"rendered":"https:\/\/www.ksttukku.fi\/kauppa\/?post_type=product&#038;p=11002"},"modified":"2022-09-24T11:50:26","modified_gmt":"2022-09-24T08:50:26","slug":"htt-korpi-eco-kamiina-musta","status":"publish","type":"product","link":"https:\/\/www.ksttukku.fi\/kauppa\/tuote\/htt-korpi-eco-kamiina-musta\/","title":{"rendered":"HTT Korpi Eco kamiina musta"},"content":{"rendered":"<h4>Suosittu Korpi kamiina on uudistettu ja t\u00e4ytt\u00e4\u00e4 vuoden 2022 alussa voimaan tulleen Ecodesign-direktiivin asettamat vaatimukset. Direktiivin tavoitteena on ohjata kuluttajia ymp\u00e4rist\u00f6yst\u00e4v\u00e4llisempien valintojen suuntaan. Direktiivin vaatimukset tulisijojen ja kamiinoiden osalta parantavat niiden energiatehokkuutta, pienent\u00e4v\u00e4t kokonaisenergian kulutusta ja v\u00e4hent\u00e4v\u00e4t p\u00e4\u00e4st\u00f6j\u00e4 sek\u00e4 muita ymp\u00e4rist\u00f6vaikutuksia tuotteen koko elinkaaren aikana. (L\u00e4hde: <a href=\"https:\/\/tukes.fi\/-\/ekosuunnitteluvaatimukset-koskevat-ensi-vuoden-alusta-myos-kiintean-polttoaineen-tilalammittimia#2f470539\">Tukes<\/a>)<\/h4>\n<p>&nbsp;<\/p>\n<p>Korpi Eco -kamiinat soveltuvat erinomaisesti tehokkaaseen l\u00e4mmitt\u00e4miseen. Korpi Eco -kamiinan hy\u00f6tysuhde on jopa 83,5%. K\u00e4yt\u00e4nn\u00f6ss\u00e4 se tarkoittaa, ett\u00e4 palokaasujen kiertoa on parannettu siten, ett\u00e4 kamiina luovuttaa syntyneen l\u00e4mm\u00f6n tilaan, sen sijaan ett\u00e4 se karkaisi piippuun. Palotilaan tehtyjen muutosten ansiosta palaminen on puhtaampaa ja aiheuttaa v\u00e4hemm\u00e4n pienhiukkasp\u00e4\u00e4st\u00f6j\u00e4. Siihen vaikuttaa mm. tehostettu ja s\u00e4\u00e4dett\u00e4v\u00e4 toisioilmansaanti.<\/p>\n<p>L\u00e4mmityksen ohessa Korpi Eco -kamiinalla voi valmistaa ruokaa, keitt\u00e4\u00e4 kahvit, perunat tai pesuvedet valurautaisen keittolevyll\u00e4 varustetun kannen ansiosta. Kun liesitason p\u00e4\u00e4lle asettaa kamiinapuhaltimen (<a href=\"https:\/\/www.pisla.fi\/tuote\/kamiinapuhallin-804\/\">49900380 KAMIINAPUHALLIN<\/a>), l\u00e4mmitysteho paranee entisest\u00e4\u00e4n, kun puhallin levitt\u00e4\u00e4 l\u00e4mm\u00f6n laajalle huoneeseen \u2013 \u00e4\u00e4nett\u00f6m\u00e4sti ja ilmaiseksi.<\/p>\n<p>Korpi Eco -kamiinan tekniset tiedot:<\/p>\n<ul>\n<li>J\u00e4m\u00e4kk\u00e4, tiivistetty luukku, jossa l\u00e4mm\u00f6nkest\u00e4v\u00e4 keraaminen lasi<\/li>\n<li>Tehostettu ilmans\u00e4\u00e4t\u00f6 luukun yl\u00e4- ja alareunassa, jonka ansiosta tuli palaa puhtaammin ja v\u00e4hent\u00e4\u00e4 palokaasujen syntymist\u00e4<\/li>\n<li>Tulenohjauslevy, jonka avulla saadaan optimaalinen savukaasunkierto<\/li>\n<li>Emalimaalattu ter\u00e4skuori<\/li>\n<li>Laadukas valurautainen kansi ja siin\u00e4 \u00d8 20 cm valurautainen keittolevy<\/li>\n<li>Tulipes\u00e4ss\u00e4 tulenkest\u00e4v\u00e4t tiilet, jonka ansiosta puhkipalamaton rakenne<\/li>\n<li>Valurauta-arina ja sen alla k\u00e4tev\u00e4 ulos vedett\u00e4v\u00e4 tuhkalaatikko, tulipes\u00e4n etureunassa turvahampaat est\u00e4m\u00e4ss\u00e4 kek\u00e4leiden tai puiden putoilemista lattialle<\/li>\n<li>CE-hyv\u00e4ksytty<\/li>\n<li>Ulkomitat: L311 x S311 x K878 mm<\/li>\n<li>Teho: 6,5 kW \/ 75-125 m3<\/li>\n<li>Hy\u00f6tysuhde: 83,5%<\/li>\n<li>Nettopaino: ~70 kg bruttopaino: ~ 80kg<\/li>\n<li>Hormiliit\u00e4nt\u00e4: \u00d8 117\/120 mm (sis\u00e4-\/ulkohalkaisija). Suosittelemme k\u00e4ytt\u00e4m\u00e4\u00e4n T600 -luokan t\u00e4ytt\u00e4v\u00e4\u00e4 hormiliitosputkea tai piippusetti\u00e4. <strong>HUOM. toimitus ei sis\u00e4ll\u00e4 hormiliitosputkea<\/strong>, tarvittaessa tilaa se erikseen (<a href=\"https:\/\/www.pisla.fi\/tuote\/htt-kamiinan-hormiliitosputki-o121-mm\/\">P409000101 HTT KAMIINAN HORMILIITOSPUTKI<\/a>).<\/li>\n<li>Suojaet\u00e4isyydet palaviin materiaaleihin: Kamiinan takaa ja sivuilta 40 cm, edest\u00e4 80 cm ja p\u00e4\u00e4lt\u00e4 150 cm. Alusta: Kamiina sijoitetaan palamattomasta materiaalista valmistetulle alustalle tai alusta on suojattava palamattomalla materiaalilla, kuten tarkoitukseen soveltuvalla ter\u00e4slevyll\u00e4 (esim. <a href=\"https:\/\/www.pisla.fi\/tuote\/palamaton-suojapelti-alusta\/\">40900020 PALAMATON SUOJAPELTI<\/a>).<\/li>\n<\/ul>\n","protected":false},"excerpt":{"rendered":"<p>Suosittu Korpi kamiina on uudistettu ja t\u00e4ytt\u00e4\u00e4 vuoden 2022 alussa voimaan tulleen Ecodesign-direktiivin asettamat vaatimukset. Direktiivin tavoitteena on ohjata kuluttajia ymp\u00e4rist\u00f6yst\u00e4v\u00e4llisempien valintojen suuntaan. Direktiivin vaatimukset tulisijojen ja kamiinoiden osalta parantavat niiden energiatehokkuutta, pienent\u00e4v\u00e4t kokonaisenergian kulutusta ja v\u00e4hent\u00e4v\u00e4t p\u00e4\u00e4st\u00f6j\u00e4 sek\u00e4 muita ymp\u00e4rist\u00f6vaikutuksia tuotteen koko elinkaaren aikana. (L\u00e4hde: Tukes) &nbsp; Korpi Eco -kamiinat soveltuvat erinomaisesti tehokkaaseen l\u00e4mmitt\u00e4miseen. [&hellip;]<\/p>\n","protected":false},"featured_media":11006,"comment_status":"closed","ping_status":"closed","template":"","meta":[],"product_brand":[],"product_cat":[204],"product_tag":[],"class_list":{"0":"post-11002","1":"product","2":"type-product","3":"status-publish","4":"has-post-thumbnail","6":"product_cat-sisustustakat","8":"first","9":"instock","10":"taxable","11":"shipping-taxable","12":"purchasable","13":"product-type-simple"},"_links":{"self":[{"href":"https:\/\/www.ksttukku.fi\/kauppa\/wp-json\/wp\/v2\/product\/11002","targetHints":{"allow":["GET"]}}],"collection":[{"href":"https:\/\/www.ksttukku.fi\/kauppa\/wp-json\/wp\/v2\/product"}],"about":[{"href":"https:\/\/www.ksttukku.fi\/kauppa\/wp-json\/wp\/v2\/types\/product"}],"replies":[{"embeddable":true,"href":"https:\/\/www.ksttukku.fi\/kauppa\/wp-json\/wp\/v2\/comments?post=11002"}],"wp:featuredmedia":[{"embeddable":true,"href":"https:\/\/www.ksttukku.fi\/kauppa\/wp-json\/wp\/v2\/media\/11006"}],"wp:attachment":[{"href":"https:\/\/www.ksttukku.fi\/kauppa\/wp-json\/wp\/v2\/media?parent=11002"}],"wp:term":[{"taxonomy":"product_brand","embeddable":true,"href":"https:\/\/www.ksttukku.fi\/kauppa\/wp-json\/wp\/v2\/product_brand?post=11002"},{"taxonomy":"product_cat","embeddable":true,"href":"https:\/\/www.ksttukku.fi\/kauppa\/wp-json\/wp\/v2\/product_cat?post=11002"},{"taxonomy":"product_tag","embeddable":true,"href":"https:\/\/www.ksttukku.fi\/kauppa\/wp-json\/wp\/v2\/product_tag?post=11002"}],"curies":[{"name":"wp","href":"https:\/\/api.w.org\/{rel}","templated":true}]}}