{"id":11094,"date":"2022-09-29T16:24:20","date_gmt":"2022-09-29T13:24:20","guid":{"rendered":"https:\/\/www.ksttukku.fi\/kauppa\/?post_type=product&#038;p=11094"},"modified":"2022-09-29T16:24:20","modified_gmt":"2022-09-29T13:24:20","slug":"himmennettava-apple-led-lamppu-4w-220x220-mm-vihrea","status":"publish","type":"product","link":"https:\/\/www.ksttukku.fi\/kauppa\/tuote\/himmennettava-apple-led-lamppu-4w-220x220-mm-vihrea\/","title":{"rendered":"Himmennett\u00e4v\u00e4 Apple Led-lamppu 4W   220&#215;220 mm vihre\u00e4"},"content":{"rendered":"<p data-sanitized-data-mce-fragment=\"1\">Katseenvangitsiaksi n\u00e4ytt\u00e4v\u00e4 Led-lamppu<\/p>\n<p data-sanitized-data-mce-fragment=\"1\">Lamppu on my\u00f6s himmennett\u00e4v\u00e4<\/p>\n<p data-sanitized-data-mce-fragment=\"1\">Valon v\u00e4ri: 1900 K<\/p>\n<p data-sanitized-data-mce-fragment=\"1\">V\u00e4ri: vihre\u00e4<\/p>\n<p data-sanitized-data-mce-fragment=\"1\">Koko: 220x220mm<\/p>\n<p data-sanitized-data-mce-fragment=\"1\">kanta:E27<\/p>\n<p data-sanitized-data-mce-fragment=\"1\">johtosarja on tilattavissa erikseen<\/p>\n","protected":false},"excerpt":{"rendered":"<p>Katseenvangitsiaksi n\u00e4ytt\u00e4v\u00e4 Led-lamppu Lamppu on my\u00f6s himmennett\u00e4v\u00e4 Valon v\u00e4ri: 1900 K V\u00e4ri: vihre\u00e4 Koko: 220x220mm kanta:E27 johtosarja on tilattavissa erikseen<\/p>\n","protected":false},"featured_media":11095,"comment_status":"closed","ping_status":"closed","template":"","meta":[],"product_brand":[],"product_cat":[188,186,185],"product_tag":[],"class_list":{"0":"post-11094","1":"product","2":"type-product","3":"status-publish","4":"has-post-thumbnail","6":"product_cat-himmennettavat-lamput","7":"product_cat-ledlamput","8":"product_cat-lamput","10":"first","11":"instock","12":"taxable","13":"shipping-taxable","14":"purchasable","15":"product-type-simple"},"_links":{"self":[{"href":"https:\/\/www.ksttukku.fi\/kauppa\/wp-json\/wp\/v2\/product\/11094","targetHints":{"allow":["GET"]}}],"collection":[{"href":"https:\/\/www.ksttukku.fi\/kauppa\/wp-json\/wp\/v2\/product"}],"about":[{"href":"https:\/\/www.ksttukku.fi\/kauppa\/wp-json\/wp\/v2\/types\/product"}],"replies":[{"embeddable":true,"href":"https:\/\/www.ksttukku.fi\/kauppa\/wp-json\/wp\/v2\/comments?post=11094"}],"wp:featuredmedia":[{"embeddable":true,"href":"https:\/\/www.ksttukku.fi\/kauppa\/wp-json\/wp\/v2\/media\/11095"}],"wp:attachment":[{"href":"https:\/\/www.ksttukku.fi\/kauppa\/wp-json\/wp\/v2\/media?parent=11094"}],"wp:term":[{"taxonomy":"product_brand","embeddable":true,"href":"https:\/\/www.ksttukku.fi\/kauppa\/wp-json\/wp\/v2\/product_brand?post=11094"},{"taxonomy":"product_cat","embeddable":true,"href":"https:\/\/www.ksttukku.fi\/kauppa\/wp-json\/wp\/v2\/product_cat?post=11094"},{"taxonomy":"product_tag","embeddable":true,"href":"https:\/\/www.ksttukku.fi\/kauppa\/wp-json\/wp\/v2\/product_tag?post=11094"}],"curies":[{"name":"wp","href":"https:\/\/api.w.org\/{rel}","templated":true}]}}