{"id":11106,"date":"2022-09-30T17:58:21","date_gmt":"2022-09-30T14:58:21","guid":{"rendered":"https:\/\/www.ksttukku.fi\/kauppa\/?post_type=product&#038;p=11106"},"modified":"2022-11-09T18:00:05","modified_gmt":"2022-11-09T16:00:05","slug":"airam-ladattava-camper-retkilyhty","status":"publish","type":"product","link":"https:\/\/www.ksttukku.fi\/kauppa\/tuote\/airam-ladattava-camper-retkilyhty\/","title":{"rendered":"Airam ladattava Camper retkilyhty"},"content":{"rendered":"<p>USB-ladattava retkilyhty tuo valoa pime\u00e4\u00e4n. N\u00e4pp\u00e4r\u00e4n kokoinen lyhty kulkee mukana esim. telttaillessa, m\u00f6kkireissulla tai picnikill\u00e4. Roikota tai riiputa kantokahvasta, lyhty seisoo my\u00f6s tukevasti tasolla. On\/off-kytkimen yl\u00e4puolella on nelj\u00e4 sinist\u00e4 valoa, jotka n\u00e4ytt\u00e4v\u00e4t akun varauksen: 25-50-75-100%. Valo s\u00e4\u00e4tyy kolmiportaisesti on\/off-kytkimest\u00e4 kirkkaan valkoisesta l\u00e4mpim\u00e4n himme\u00e4\u00e4n valoon.<\/p>\n","protected":false},"excerpt":{"rendered":"<p>USB-ladattava retkilyhty tuo valoa pime\u00e4\u00e4n. N\u00e4pp\u00e4r\u00e4n kokoinen lyhty kulkee mukana esim. telttaillessa, m\u00f6kkireissulla tai picnikill\u00e4. Roikota tai riiputa kantokahvasta, lyhty seisoo my\u00f6s tukevasti tasolla. On\/off-kytkimen yl\u00e4puolella on nelj\u00e4 sinist\u00e4 valoa, jotka n\u00e4ytt\u00e4v\u00e4t akun varauksen: 25-50-75-100%. Valo s\u00e4\u00e4tyy kolmiportaisesti on\/off-kytkimest\u00e4 kirkkaan valkoisesta l\u00e4mpim\u00e4n himme\u00e4\u00e4n valoon.<\/p>\n","protected":false},"featured_media":11108,"comment_status":"closed","ping_status":"closed","template":"","meta":[],"product_brand":[],"product_cat":[57,34],"product_tag":[],"class_list":{"0":"post-11106","1":"product","2":"type-product","3":"status-publish","4":"has-post-thumbnail","6":"product_cat-retkeily","7":"product_cat-valaisimet","9":"first","10":"instock","11":"taxable","12":"shipping-taxable","13":"purchasable","14":"product-type-simple"},"_links":{"self":[{"href":"https:\/\/www.ksttukku.fi\/kauppa\/wp-json\/wp\/v2\/product\/11106","targetHints":{"allow":["GET"]}}],"collection":[{"href":"https:\/\/www.ksttukku.fi\/kauppa\/wp-json\/wp\/v2\/product"}],"about":[{"href":"https:\/\/www.ksttukku.fi\/kauppa\/wp-json\/wp\/v2\/types\/product"}],"replies":[{"embeddable":true,"href":"https:\/\/www.ksttukku.fi\/kauppa\/wp-json\/wp\/v2\/comments?post=11106"}],"wp:featuredmedia":[{"embeddable":true,"href":"https:\/\/www.ksttukku.fi\/kauppa\/wp-json\/wp\/v2\/media\/11108"}],"wp:attachment":[{"href":"https:\/\/www.ksttukku.fi\/kauppa\/wp-json\/wp\/v2\/media?parent=11106"}],"wp:term":[{"taxonomy":"product_brand","embeddable":true,"href":"https:\/\/www.ksttukku.fi\/kauppa\/wp-json\/wp\/v2\/product_brand?post=11106"},{"taxonomy":"product_cat","embeddable":true,"href":"https:\/\/www.ksttukku.fi\/kauppa\/wp-json\/wp\/v2\/product_cat?post=11106"},{"taxonomy":"product_tag","embeddable":true,"href":"https:\/\/www.ksttukku.fi\/kauppa\/wp-json\/wp\/v2\/product_tag?post=11106"}],"curies":[{"name":"wp","href":"https:\/\/api.w.org\/{rel}","templated":true}]}}