{"id":1113,"date":"2018-03-15T15:42:58","date_gmt":"2018-03-15T13:42:58","guid":{"rendered":"http:\/\/www.ksttukku.fi\/kauppa\/?post_type=product&#038;p=1113"},"modified":"2021-06-08T10:09:02","modified_gmt":"2021-06-08T07:09:02","slug":"rullakaihdin-zebra","status":"publish","type":"product","link":"https:\/\/www.ksttukku.fi\/kauppa\/tuote\/rullakaihdin-zebra\/","title":{"rendered":"Zebra kaksoiskaihdin"},"content":{"rendered":"<table border=\"0\" cellspacing=\"10\">\n<tbody>\n<tr>\n<td valign=\"top\">Zebra-rullakaihdin yhdist\u00e4\u00e4 ainutlaatuisella tavalla pehmeiden sisutusverhojen, s\u00e4lekaihtimien ja perinteisten rullaverhojen hyv\u00e4t ominaisuudet samaan ratkaisuun. Kun kaihdin on auki, huoneeseen virtaa valoa. Kun kaihdin on kiinni, saat n\u00e4k\u00f6suojan. Zebra-kaihtimet tehd\u00e4\u00e4n aina mittatilausty\u00f6n\u00e4. N\u00e4in juuri Sinulle sopivan harmonisen sisutusratkaisun l\u00f6yt\u00e4minen on helppoa.Zebra-kaksoisraitakankaan avulla sinulla on nyt vaihtoehtona my\u00f6s huoneen h\u00e4m\u00e4rt\u00e4minen t\u00e4sm\u00e4lleen oikeaan valaistukseen.\u00a0Todellista helppoutta ja pient\u00e4 luksusta rakastava valitsee Zebraansa kaukos\u00e4\u00e4timen.<\/td>\n<td valign=\"top\"><\/td>\n<\/tr>\n<\/tbody>\n<\/table>\n<div class=\"fluid-width-video-wrapper\"><iframe loading=\"lazy\" id=\"fitvid434263\" src=\"https:\/\/www.youtube.com\/embed\/loBL4QSJa4Q?feature=oembed\" width=\"300\" height=\"150\" frameborder=\"0\" allowfullscreen=\"allowfullscreen\" data-mce-fragment=\"1\"><\/iframe><\/div>\n","protected":false},"excerpt":{"rendered":"<p>Pyyd\u00e4 tarjous kst@ksttukku.fi<\/p>\n","protected":false},"featured_media":7732,"comment_status":"closed","ping_status":"closed","template":"","meta":[],"product_brand":[],"product_cat":[104,109],"product_tag":[],"class_list":{"0":"post-1113","1":"product","2":"type-product","3":"status-publish","4":"has-post-thumbnail","6":"product_cat-kaihtimet-ja-verhotangot","7":"product_cat-zebra","9":"first","10":"instock","11":"taxable","12":"shipping-taxable","13":"product-type-simple"},"_links":{"self":[{"href":"https:\/\/www.ksttukku.fi\/kauppa\/wp-json\/wp\/v2\/product\/1113","targetHints":{"allow":["GET"]}}],"collection":[{"href":"https:\/\/www.ksttukku.fi\/kauppa\/wp-json\/wp\/v2\/product"}],"about":[{"href":"https:\/\/www.ksttukku.fi\/kauppa\/wp-json\/wp\/v2\/types\/product"}],"replies":[{"embeddable":true,"href":"https:\/\/www.ksttukku.fi\/kauppa\/wp-json\/wp\/v2\/comments?post=1113"}],"wp:featuredmedia":[{"embeddable":true,"href":"https:\/\/www.ksttukku.fi\/kauppa\/wp-json\/wp\/v2\/media\/7732"}],"wp:attachment":[{"href":"https:\/\/www.ksttukku.fi\/kauppa\/wp-json\/wp\/v2\/media?parent=1113"}],"wp:term":[{"taxonomy":"product_brand","embeddable":true,"href":"https:\/\/www.ksttukku.fi\/kauppa\/wp-json\/wp\/v2\/product_brand?post=1113"},{"taxonomy":"product_cat","embeddable":true,"href":"https:\/\/www.ksttukku.fi\/kauppa\/wp-json\/wp\/v2\/product_cat?post=1113"},{"taxonomy":"product_tag","embeddable":true,"href":"https:\/\/www.ksttukku.fi\/kauppa\/wp-json\/wp\/v2\/product_tag?post=1113"}],"curies":[{"name":"wp","href":"https:\/\/api.w.org\/{rel}","templated":true}]}}