{"id":11230,"date":"2022-10-10T15:32:40","date_gmt":"2022-10-10T12:32:40","guid":{"rendered":"https:\/\/www.ksttukku.fi\/kauppa\/?post_type=product&#038;p=11230"},"modified":"2025-02-25T16:38:45","modified_gmt":"2025-02-25T14:38:45","slug":"tobaco-kohdevalaisin-4-spottia-valkoinen","status":"publish","type":"product","link":"https:\/\/www.ksttukku.fi\/kauppa\/tuote\/tobaco-kohdevalaisin-4-spottia-valkoinen\/","title":{"rendered":"Tobaco kohdevalaisin 4-spottia valkoinen"},"content":{"rendered":"<p>Mattavalkoinen metallinen kohdevalaisin.<\/p>\n<p>Sirorakenteinen k\u00e4\u00e4ntyvill\u00e4 spoteilla.<\/p>\n<p>Kanta: E14<\/p>\n<p>Rasiaruuvikiinnitys<\/p>\n<p>Pituus: 900m<\/p>\n","protected":false},"excerpt":{"rendered":"<p>Mattavalkoinen metallinen kohdevalaisin. Sirorakenteinen k\u00e4\u00e4ntyvill\u00e4 spoteilla. Kanta: E14 Rasiaruuvikiinnitys Pituus: 900m<\/p>\n","protected":false},"featured_media":11231,"comment_status":"closed","ping_status":"closed","template":"","meta":[],"product_brand":[],"product_cat":[40,41,35,34],"product_tag":[],"class_list":{"0":"post-11230","1":"product","2":"type-product","3":"status-publish","4":"has-post-thumbnail","6":"product_cat-kattovalaisimet","7":"product_cat-kohdevalaisimet","8":"product_cat-sisavalaisimet","9":"product_cat-valaisimet","11":"first","12":"outofstock","13":"taxable","14":"shipping-taxable","15":"purchasable","16":"product-type-simple"},"_links":{"self":[{"href":"https:\/\/www.ksttukku.fi\/kauppa\/wp-json\/wp\/v2\/product\/11230","targetHints":{"allow":["GET"]}}],"collection":[{"href":"https:\/\/www.ksttukku.fi\/kauppa\/wp-json\/wp\/v2\/product"}],"about":[{"href":"https:\/\/www.ksttukku.fi\/kauppa\/wp-json\/wp\/v2\/types\/product"}],"replies":[{"embeddable":true,"href":"https:\/\/www.ksttukku.fi\/kauppa\/wp-json\/wp\/v2\/comments?post=11230"}],"wp:featuredmedia":[{"embeddable":true,"href":"https:\/\/www.ksttukku.fi\/kauppa\/wp-json\/wp\/v2\/media\/11231"}],"wp:attachment":[{"href":"https:\/\/www.ksttukku.fi\/kauppa\/wp-json\/wp\/v2\/media?parent=11230"}],"wp:term":[{"taxonomy":"product_brand","embeddable":true,"href":"https:\/\/www.ksttukku.fi\/kauppa\/wp-json\/wp\/v2\/product_brand?post=11230"},{"taxonomy":"product_cat","embeddable":true,"href":"https:\/\/www.ksttukku.fi\/kauppa\/wp-json\/wp\/v2\/product_cat?post=11230"},{"taxonomy":"product_tag","embeddable":true,"href":"https:\/\/www.ksttukku.fi\/kauppa\/wp-json\/wp\/v2\/product_tag?post=11230"}],"curies":[{"name":"wp","href":"https:\/\/api.w.org\/{rel}","templated":true}]}}