{"id":11253,"date":"2022-10-14T18:17:00","date_gmt":"2022-10-14T15:17:00","guid":{"rendered":"https:\/\/www.ksttukku.fi\/kauppa\/?post_type=product&#038;p=11253"},"modified":"2022-10-14T18:17:01","modified_gmt":"2022-10-14T15:17:01","slug":"harju-saunavalosarja-6-os-ip44","status":"publish","type":"product","link":"https:\/\/www.ksttukku.fi\/kauppa\/tuote\/harju-saunavalosarja-6-os-ip44\/","title":{"rendered":"Harju saunavalosarja 6-os IP44"},"content":{"rendered":"<div id=\"Tuotekuvaus\" class=\"tab-pane active\">\n<div class=\"product-description\">\n<div class=\"web-description\">Tunnelmallinen Harju saunavalosarja on laadukas ja monik\u00e4ytt\u00f6inen. Sarja toimii 12 V tasaj\u00e4nnitteell\u00e4 ja on helppo asentaa.Sarja sis\u00e4lt\u00e4\u00e4 6 kpl led-valoja, 16-paikkaisen jakotukin, 6 W LED-liit\u00e4nt\u00e4laitteen ja tarvittavat johdot. Kaapeli on teflonpinnoitettu.<\/div>\n<p><span id=\"data1\">J\u00e4nnite: 12 V<br \/>\nV\u00e4rintoistoindeksi: 80<br \/>\nValon v\u00e4ri: 3000 K<br \/>\nKotelointiluokka: IP44<br \/>\nValon avautumiskulma: 15\u00b0<br \/>\nValaisimien v\u00e4ri: hopea<br \/>\nTeho: ~ 0,35 W\/led<\/p>\n<p>Saunavalosarjaan voidaan lis\u00e4t\u00e4 yksitt\u00e4isi\u00e4 spotteja. Korkea valontoistoindeksi takaa kauniin valon. Tuote on testattu kest\u00e4m\u00e4\u00e4n 150 \u00b0C l\u00e4mp\u00f6tilan.<\/span><\/div>\n<\/div>\n","protected":false},"excerpt":{"rendered":"<p>Tunnelmallinen Harju saunavalosarja on laadukas ja monik\u00e4ytt\u00f6inen. Sarja toimii 12 V tasaj\u00e4nnitteell\u00e4 ja on helppo asentaa.Sarja sis\u00e4lt\u00e4\u00e4 6 kpl led-valoja, 16-paikkaisen jakotukin, 6 W LED-liit\u00e4nt\u00e4laitteen ja tarvittavat johdot. Kaapeli on teflonpinnoitettu. J\u00e4nnite: 12 V V\u00e4rintoistoindeksi: 80 Valon v\u00e4ri: 3000 K Kotelointiluokka: IP44 Valon avautumiskulma: 15\u00b0 Valaisimien v\u00e4ri: hopea Teho: ~ 0,35 W\/led Saunavalosarjaan voidaan lis\u00e4t\u00e4 [&hellip;]<\/p>\n","protected":false},"featured_media":11255,"comment_status":"closed","ping_status":"closed","template":"","meta":[],"product_brand":[],"product_cat":[50],"product_tag":[],"class_list":{"0":"post-11253","1":"product","2":"type-product","3":"status-publish","4":"has-post-thumbnail","6":"product_cat-saunavalaisimet","8":"first","9":"instock","10":"taxable","11":"shipping-taxable","12":"purchasable","13":"product-type-simple"},"_links":{"self":[{"href":"https:\/\/www.ksttukku.fi\/kauppa\/wp-json\/wp\/v2\/product\/11253","targetHints":{"allow":["GET"]}}],"collection":[{"href":"https:\/\/www.ksttukku.fi\/kauppa\/wp-json\/wp\/v2\/product"}],"about":[{"href":"https:\/\/www.ksttukku.fi\/kauppa\/wp-json\/wp\/v2\/types\/product"}],"replies":[{"embeddable":true,"href":"https:\/\/www.ksttukku.fi\/kauppa\/wp-json\/wp\/v2\/comments?post=11253"}],"wp:featuredmedia":[{"embeddable":true,"href":"https:\/\/www.ksttukku.fi\/kauppa\/wp-json\/wp\/v2\/media\/11255"}],"wp:attachment":[{"href":"https:\/\/www.ksttukku.fi\/kauppa\/wp-json\/wp\/v2\/media?parent=11253"}],"wp:term":[{"taxonomy":"product_brand","embeddable":true,"href":"https:\/\/www.ksttukku.fi\/kauppa\/wp-json\/wp\/v2\/product_brand?post=11253"},{"taxonomy":"product_cat","embeddable":true,"href":"https:\/\/www.ksttukku.fi\/kauppa\/wp-json\/wp\/v2\/product_cat?post=11253"},{"taxonomy":"product_tag","embeddable":true,"href":"https:\/\/www.ksttukku.fi\/kauppa\/wp-json\/wp\/v2\/product_tag?post=11253"}],"curies":[{"name":"wp","href":"https:\/\/api.w.org\/{rel}","templated":true}]}}