{"id":11263,"date":"2022-10-18T10:55:35","date_gmt":"2022-10-18T07:55:35","guid":{"rendered":"https:\/\/www.ksttukku.fi\/kauppa\/?post_type=product&#038;p=11263"},"modified":"2022-10-18T10:55:36","modified_gmt":"2022-10-18T07:55:36","slug":"honey-comb-paperivarjostin-40-cm-valkoinen","status":"publish","type":"product","link":"https:\/\/www.ksttukku.fi\/kauppa\/tuote\/honey-comb-paperivarjostin-40-cm-valkoinen\/","title":{"rendered":"Honey Comb paperivarjostin 40 cm valkoinen"},"content":{"rendered":"<p>FSC-merkityst\u00e4 paperista valmistettu varjostin sis\u00e4k\u00e4ytt\u00f6\u00f6n. Voi k\u00e4ytt\u00e4\u00e4 pelkk\u00e4n\u00e4<br \/>\nkoristeena tai johdon ja valonl\u00e4hteen kera koristevalaisimena.<br \/>\nEi sis\u00e4ll\u00e4 johtoa eik\u00e4 valonl\u00e4hdett\u00e4.<br \/>\nTuotteeseen sopii parhaiten E14-kantainen johtosarja.<\/p>\n","protected":false},"excerpt":{"rendered":"<p>FSC-merkityst\u00e4 paperista valmistettu varjostin sis\u00e4k\u00e4ytt\u00f6\u00f6n. Voi k\u00e4ytt\u00e4\u00e4 pelkk\u00e4n\u00e4 koristeena tai johdon ja valonl\u00e4hteen kera koristevalaisimena. Ei sis\u00e4ll\u00e4 johtoa eik\u00e4 valonl\u00e4hdett\u00e4. Tuotteeseen sopii parhaiten E14-kantainen johtosarja.<\/p>\n","protected":false},"featured_media":11264,"comment_status":"closed","ping_status":"closed","template":"","meta":[],"product_brand":[],"product_cat":[49,35,34],"product_tag":[],"class_list":{"0":"post-11263","1":"product","2":"type-product","3":"status-publish","4":"has-post-thumbnail","6":"product_cat-riippuvalaisimet","7":"product_cat-sisavalaisimet","8":"product_cat-valaisimet","10":"first","11":"instock","12":"taxable","13":"shipping-taxable","14":"purchasable","15":"product-type-simple"},"_links":{"self":[{"href":"https:\/\/www.ksttukku.fi\/kauppa\/wp-json\/wp\/v2\/product\/11263","targetHints":{"allow":["GET"]}}],"collection":[{"href":"https:\/\/www.ksttukku.fi\/kauppa\/wp-json\/wp\/v2\/product"}],"about":[{"href":"https:\/\/www.ksttukku.fi\/kauppa\/wp-json\/wp\/v2\/types\/product"}],"replies":[{"embeddable":true,"href":"https:\/\/www.ksttukku.fi\/kauppa\/wp-json\/wp\/v2\/comments?post=11263"}],"wp:featuredmedia":[{"embeddable":true,"href":"https:\/\/www.ksttukku.fi\/kauppa\/wp-json\/wp\/v2\/media\/11264"}],"wp:attachment":[{"href":"https:\/\/www.ksttukku.fi\/kauppa\/wp-json\/wp\/v2\/media?parent=11263"}],"wp:term":[{"taxonomy":"product_brand","embeddable":true,"href":"https:\/\/www.ksttukku.fi\/kauppa\/wp-json\/wp\/v2\/product_brand?post=11263"},{"taxonomy":"product_cat","embeddable":true,"href":"https:\/\/www.ksttukku.fi\/kauppa\/wp-json\/wp\/v2\/product_cat?post=11263"},{"taxonomy":"product_tag","embeddable":true,"href":"https:\/\/www.ksttukku.fi\/kauppa\/wp-json\/wp\/v2\/product_tag?post=11263"}],"curies":[{"name":"wp","href":"https:\/\/api.w.org\/{rel}","templated":true}]}}