{"id":11286,"date":"2022-10-18T17:26:48","date_gmt":"2022-10-18T14:26:48","guid":{"rendered":"https:\/\/www.ksttukku.fi\/kauppa\/?post_type=product&#038;p=11286"},"modified":"2024-09-06T15:58:03","modified_gmt":"2024-09-06T12:58:03","slug":"soiva-lumiukko-valkoinen-993-20","status":"publish","type":"product","link":"https:\/\/www.ksttukku.fi\/kauppa\/tuote\/soiva-lumiukko-valkoinen-993-20\/","title":{"rendered":"Soiva lumiukko valkoinen  993-20"},"content":{"rendered":"<p>Musiikkia soittava lumiukko. V\u00e4ri: valkoinen.<br \/>\nValon s\u00e4vy: p\u00e4iv\u00e4nvalo<br \/>\nIP20. 4,5V. 0.18W. 6 x LED<br \/>\n3 paristoa AA ei sis\u00e4lly<br \/>\nAjastin 6 h p\u00e4\u00e4ll\u00e4, 18 h pois, toistuva<br \/>\nLeveys: 22 cm<br \/>\nKorkeus: 36 cm<\/p>\n","protected":false},"excerpt":{"rendered":"<p>Musiikkia soittava lumiukko. V\u00e4ri: valkoinen. Valon s\u00e4vy: p\u00e4iv\u00e4nvalo IP20. 4,5V. 0.18W. 6 x LED 3 paristoa AA ei sis\u00e4lly Ajastin 6 h p\u00e4\u00e4ll\u00e4, 18 h pois, toistuva Leveys: 22 cm Korkeus: 36 cm<\/p>\n","protected":false},"featured_media":11287,"comment_status":"closed","ping_status":"closed","template":"","meta":[],"product_brand":[],"product_cat":[176,199],"product_tag":[],"class_list":{"0":"post-11286","1":"product","2":"type-product","3":"status-publish","4":"has-post-thumbnail","6":"product_cat-joulu-ja-koristevalot","7":"product_cat-koristevalot","9":"first","10":"outofstock","11":"taxable","12":"shipping-taxable","13":"purchasable","14":"product-type-simple"},"_links":{"self":[{"href":"https:\/\/www.ksttukku.fi\/kauppa\/wp-json\/wp\/v2\/product\/11286","targetHints":{"allow":["GET"]}}],"collection":[{"href":"https:\/\/www.ksttukku.fi\/kauppa\/wp-json\/wp\/v2\/product"}],"about":[{"href":"https:\/\/www.ksttukku.fi\/kauppa\/wp-json\/wp\/v2\/types\/product"}],"replies":[{"embeddable":true,"href":"https:\/\/www.ksttukku.fi\/kauppa\/wp-json\/wp\/v2\/comments?post=11286"}],"wp:featuredmedia":[{"embeddable":true,"href":"https:\/\/www.ksttukku.fi\/kauppa\/wp-json\/wp\/v2\/media\/11287"}],"wp:attachment":[{"href":"https:\/\/www.ksttukku.fi\/kauppa\/wp-json\/wp\/v2\/media?parent=11286"}],"wp:term":[{"taxonomy":"product_brand","embeddable":true,"href":"https:\/\/www.ksttukku.fi\/kauppa\/wp-json\/wp\/v2\/product_brand?post=11286"},{"taxonomy":"product_cat","embeddable":true,"href":"https:\/\/www.ksttukku.fi\/kauppa\/wp-json\/wp\/v2\/product_cat?post=11286"},{"taxonomy":"product_tag","embeddable":true,"href":"https:\/\/www.ksttukku.fi\/kauppa\/wp-json\/wp\/v2\/product_tag?post=11286"}],"curies":[{"name":"wp","href":"https:\/\/api.w.org\/{rel}","templated":true}]}}