{"id":11289,"date":"2022-10-18T17:38:41","date_gmt":"2022-10-18T14:38:41","guid":{"rendered":"https:\/\/www.ksttukku.fi\/kauppa\/?post_type=product&#038;p=11289"},"modified":"2022-10-18T17:38:42","modified_gmt":"2022-10-18T14:38:42","slug":"rozen-paperitahti-punainen-70-cm-sr-231-96","status":"publish","type":"product","link":"https:\/\/www.ksttukku.fi\/kauppa\/tuote\/rozen-paperitahti-punainen-70-cm-sr-231-96\/","title":{"rendered":"Rozen paperit\u00e4hti punainen 70 cm SR-231-96"},"content":{"rendered":"<p>Riippuva paperit\u00e4hti. Ei sis\u00e4ll\u00e4 valonl\u00e4hdett\u00e4.<br \/>\nIP20. E14-kanta, max. 25W.<br \/>\nEnergialuokka: A++ &#8211; E (valonl\u00e4hteest\u00e4 riippuen).<br \/>\nTekstiilip\u00e4\u00e4llysteinen virtajohto, pituus 350 cm.<\/p>\n","protected":false},"excerpt":{"rendered":"<p>Riippuva paperit\u00e4hti. Ei sis\u00e4ll\u00e4 valonl\u00e4hdett\u00e4. IP20. E14-kanta, max. 25W. Energialuokka: A++ &#8211; E (valonl\u00e4hteest\u00e4 riippuen). Tekstiilip\u00e4\u00e4llysteinen virtajohto, pituus 350 cm.<\/p>\n","protected":false},"featured_media":11290,"comment_status":"closed","ping_status":"closed","template":"","meta":[],"product_brand":[],"product_cat":[176,198],"product_tag":[],"class_list":{"0":"post-11289","1":"product","2":"type-product","3":"status-publish","4":"has-post-thumbnail","6":"product_cat-joulu-ja-koristevalot","7":"product_cat-paperitahdet","9":"first","10":"instock","11":"taxable","12":"shipping-taxable","13":"purchasable","14":"product-type-simple"},"_links":{"self":[{"href":"https:\/\/www.ksttukku.fi\/kauppa\/wp-json\/wp\/v2\/product\/11289","targetHints":{"allow":["GET"]}}],"collection":[{"href":"https:\/\/www.ksttukku.fi\/kauppa\/wp-json\/wp\/v2\/product"}],"about":[{"href":"https:\/\/www.ksttukku.fi\/kauppa\/wp-json\/wp\/v2\/types\/product"}],"replies":[{"embeddable":true,"href":"https:\/\/www.ksttukku.fi\/kauppa\/wp-json\/wp\/v2\/comments?post=11289"}],"wp:featuredmedia":[{"embeddable":true,"href":"https:\/\/www.ksttukku.fi\/kauppa\/wp-json\/wp\/v2\/media\/11290"}],"wp:attachment":[{"href":"https:\/\/www.ksttukku.fi\/kauppa\/wp-json\/wp\/v2\/media?parent=11289"}],"wp:term":[{"taxonomy":"product_brand","embeddable":true,"href":"https:\/\/www.ksttukku.fi\/kauppa\/wp-json\/wp\/v2\/product_brand?post=11289"},{"taxonomy":"product_cat","embeddable":true,"href":"https:\/\/www.ksttukku.fi\/kauppa\/wp-json\/wp\/v2\/product_cat?post=11289"},{"taxonomy":"product_tag","embeddable":true,"href":"https:\/\/www.ksttukku.fi\/kauppa\/wp-json\/wp\/v2\/product_tag?post=11289"}],"curies":[{"name":"wp","href":"https:\/\/api.w.org\/{rel}","templated":true}]}}