{"id":11365,"date":"2022-10-20T17:32:23","date_gmt":"2022-10-20T14:32:23","guid":{"rendered":"https:\/\/www.ksttukku.fi\/kauppa\/?post_type=product&#038;p=11365"},"modified":"2022-10-20T17:32:24","modified_gmt":"2022-10-20T14:32:24","slug":"triangle-net-valoverkko","status":"publish","type":"product","link":"https:\/\/www.ksttukku.fi\/kauppa\/tuote\/triangle-net-valoverkko\/","title":{"rendered":"Triangle Net valoverkko"},"content":{"rendered":"<p>Valoverkko ulkok\u00e4ytt\u00f6\u00f6n. Sopii esim. sein\u00e4\u00e4n tai oveen.<br \/>\nIP44. 55 x kiinte\u00e4 LED 0,06W, 20 mA, 3,1V. Paloaika n. 7 000 h.<br \/>\nValon s\u00e4vy: ekstral\u00e4mmin valkoinen (1970K).<br \/>\nVirtajohdon pituus 500 cm.<br \/>\nMuuntaja 3,2V DC 1,92W IP44 Schuko-liit\u00e4nt\u00e4.<br \/>\nLamppujen v\u00e4li 15 cm.<\/p>\n<p>Mitat: 730.0 mm x 10.0 mm x 1,700.0 mm<\/p>\n","protected":false},"excerpt":{"rendered":"<p>Valoverkko ulkok\u00e4ytt\u00f6\u00f6n. Sopii esim. sein\u00e4\u00e4n tai oveen. IP44. 55 x kiinte\u00e4 LED 0,06W, 20 mA, 3,1V. Paloaika n. 7 000 h. Valon s\u00e4vy: ekstral\u00e4mmin valkoinen (1970K). Virtajohdon pituus 500 cm. Muuntaja 3,2V DC 1,92W IP44 Schuko-liit\u00e4nt\u00e4. Lamppujen v\u00e4li 15 cm. Mitat: 730.0 mm x 10.0 mm x 1,700.0 mm<\/p>\n","protected":false},"featured_media":11366,"comment_status":"closed","ping_status":"closed","template":"","meta":[],"product_brand":[],"product_cat":[176,199,34,177],"product_tag":[],"class_list":{"0":"post-11365","1":"product","2":"type-product","3":"status-publish","4":"has-post-thumbnail","6":"product_cat-joulu-ja-koristevalot","7":"product_cat-koristevalot","8":"product_cat-valaisimet","9":"product_cat-valosarjat","11":"first","12":"instock","13":"taxable","14":"shipping-taxable","15":"purchasable","16":"product-type-simple"},"_links":{"self":[{"href":"https:\/\/www.ksttukku.fi\/kauppa\/wp-json\/wp\/v2\/product\/11365","targetHints":{"allow":["GET"]}}],"collection":[{"href":"https:\/\/www.ksttukku.fi\/kauppa\/wp-json\/wp\/v2\/product"}],"about":[{"href":"https:\/\/www.ksttukku.fi\/kauppa\/wp-json\/wp\/v2\/types\/product"}],"replies":[{"embeddable":true,"href":"https:\/\/www.ksttukku.fi\/kauppa\/wp-json\/wp\/v2\/comments?post=11365"}],"wp:featuredmedia":[{"embeddable":true,"href":"https:\/\/www.ksttukku.fi\/kauppa\/wp-json\/wp\/v2\/media\/11366"}],"wp:attachment":[{"href":"https:\/\/www.ksttukku.fi\/kauppa\/wp-json\/wp\/v2\/media?parent=11365"}],"wp:term":[{"taxonomy":"product_brand","embeddable":true,"href":"https:\/\/www.ksttukku.fi\/kauppa\/wp-json\/wp\/v2\/product_brand?post=11365"},{"taxonomy":"product_cat","embeddable":true,"href":"https:\/\/www.ksttukku.fi\/kauppa\/wp-json\/wp\/v2\/product_cat?post=11365"},{"taxonomy":"product_tag","embeddable":true,"href":"https:\/\/www.ksttukku.fi\/kauppa\/wp-json\/wp\/v2\/product_tag?post=11365"}],"curies":[{"name":"wp","href":"https:\/\/api.w.org\/{rel}","templated":true}]}}