{"id":11383,"date":"2022-10-21T11:38:14","date_gmt":"2022-10-21T08:38:14","guid":{"rendered":"https:\/\/www.ksttukku.fi\/kauppa\/?post_type=product&#038;p=11383"},"modified":"2023-12-29T14:58:30","modified_gmt":"2023-12-29T12:58:30","slug":"snowman-puinen-kynttelikko","status":"publish","type":"product","link":"https:\/\/www.ksttukku.fi\/kauppa\/tuote\/snowman-puinen-kynttelikko\/","title":{"rendered":"Snowman  puinen kynttelikk\u00f6"},"content":{"rendered":"<p>ihastuttava lumiukko aiheinen \u00a0 5-lampun kynttelikk\u00f6<\/p>\n<p>Puinen lumiukkoaiheinen kynttelikk\u00f6 sis\u00e4k\u00e4ytt\u00f6\u00f6n<br \/>\nSopii esimerkiksi ikkunalaudalle, hyllylle tai lipaston p\u00e4\u00e4lle.<br \/>\nIP20. 5 x E10 3W, 55 mA, 55V. Paloaika n. 1 000 h.<br \/>\n180 cm pitk\u00e4 virtajohto katkaisijalla<\/p>\n<p>Mitat: 330.0 mm x 90.0 mm x 210.0 mm<\/p>\n<p>&nbsp;<\/p>\n","protected":false},"excerpt":{"rendered":"<p>ihastuttava lumiukko aiheinen \u00a0 5-lampun kynttelikk\u00f6 Puinen lumiukkoaiheinen kynttelikk\u00f6 sis\u00e4k\u00e4ytt\u00f6\u00f6n Sopii esimerkiksi ikkunalaudalle, hyllylle tai lipaston p\u00e4\u00e4lle. IP20. 5 x E10 3W, 55 mA, 55V. Paloaika n. 1 000 h. 180 cm pitk\u00e4 virtajohto katkaisijalla Mitat: 330.0 mm x 90.0 mm x 210.0 mm &nbsp;<\/p>\n","protected":false},"featured_media":11384,"comment_status":"closed","ping_status":"closed","template":"","meta":[],"product_brand":[],"product_cat":[176,199,180,34],"product_tag":[],"class_list":{"0":"post-11383","1":"product","2":"type-product","3":"status-publish","4":"has-post-thumbnail","6":"product_cat-joulu-ja-koristevalot","7":"product_cat-koristevalot","8":"product_cat-paristovalosarjat","9":"product_cat-valaisimet","11":"first","12":"instock","13":"sale","14":"taxable","15":"shipping-taxable","16":"purchasable","17":"product-type-simple"},"_links":{"self":[{"href":"https:\/\/www.ksttukku.fi\/kauppa\/wp-json\/wp\/v2\/product\/11383","targetHints":{"allow":["GET"]}}],"collection":[{"href":"https:\/\/www.ksttukku.fi\/kauppa\/wp-json\/wp\/v2\/product"}],"about":[{"href":"https:\/\/www.ksttukku.fi\/kauppa\/wp-json\/wp\/v2\/types\/product"}],"replies":[{"embeddable":true,"href":"https:\/\/www.ksttukku.fi\/kauppa\/wp-json\/wp\/v2\/comments?post=11383"}],"wp:featuredmedia":[{"embeddable":true,"href":"https:\/\/www.ksttukku.fi\/kauppa\/wp-json\/wp\/v2\/media\/11384"}],"wp:attachment":[{"href":"https:\/\/www.ksttukku.fi\/kauppa\/wp-json\/wp\/v2\/media?parent=11383"}],"wp:term":[{"taxonomy":"product_brand","embeddable":true,"href":"https:\/\/www.ksttukku.fi\/kauppa\/wp-json\/wp\/v2\/product_brand?post=11383"},{"taxonomy":"product_cat","embeddable":true,"href":"https:\/\/www.ksttukku.fi\/kauppa\/wp-json\/wp\/v2\/product_cat?post=11383"},{"taxonomy":"product_tag","embeddable":true,"href":"https:\/\/www.ksttukku.fi\/kauppa\/wp-json\/wp\/v2\/product_tag?post=11383"}],"curies":[{"name":"wp","href":"https:\/\/api.w.org\/{rel}","templated":true}]}}