{"id":11389,"date":"2022-10-21T14:37:55","date_gmt":"2022-10-21T11:37:55","guid":{"rendered":"https:\/\/www.ksttukku.fi\/kauppa\/?post_type=product&#038;p=11389"},"modified":"2022-10-21T14:37:55","modified_gmt":"2022-10-21T11:37:55","slug":"star-kynttelikko-valkoinen-645-00","status":"publish","type":"product","link":"https:\/\/www.ksttukku.fi\/kauppa\/tuote\/star-kynttelikko-valkoinen-645-00\/","title":{"rendered":"Star kynttelikk\u00f6 valkoinen 645-00"},"content":{"rendered":"<p>Joulukotiin ,\u00a0 kauniisti kaartuva\u00a0 kynttelikk\u00f6<\/p>\n<p>5-haarainen puukynttelikk\u00f6 sis\u00e4k\u00e4ytt\u00f6\u00f6n.<br \/>\nIP20.<br \/>\nVirtajohto katkaisijalla, pituus 180 cm.<\/p>\n<p>Lamput 5 x 55 V<\/p>\n<p>Kanta: E10<\/p>\n<p>Mitat: 450.0 mm x 60.0 mm x 270.0 mm<\/p>\n<p>Design: Charlotte Falck.<\/p>\n<p>&nbsp;<\/p>\n","protected":false},"excerpt":{"rendered":"<p>Joulukotiin ,\u00a0 kauniisti kaartuva\u00a0 kynttelikk\u00f6 5-haarainen puukynttelikk\u00f6 sis\u00e4k\u00e4ytt\u00f6\u00f6n. IP20. Virtajohto katkaisijalla, pituus 180 cm. Lamput 5 x 55 V Kanta: E10 Mitat: 450.0 mm x 60.0 mm x 270.0 mm Design: Charlotte Falck. &nbsp;<\/p>\n","protected":false},"featured_media":0,"comment_status":"closed","ping_status":"closed","template":"","meta":[],"product_brand":[],"product_cat":[176,181,34],"product_tag":[],"class_list":{"0":"post-11389","1":"product","2":"type-product","3":"status-publish","5":"product_cat-joulu-ja-koristevalot","6":"product_cat-kynttelikot","7":"product_cat-valaisimet","9":"first","10":"instock","11":"taxable","12":"shipping-taxable","13":"purchasable","14":"product-type-simple"},"_links":{"self":[{"href":"https:\/\/www.ksttukku.fi\/kauppa\/wp-json\/wp\/v2\/product\/11389","targetHints":{"allow":["GET"]}}],"collection":[{"href":"https:\/\/www.ksttukku.fi\/kauppa\/wp-json\/wp\/v2\/product"}],"about":[{"href":"https:\/\/www.ksttukku.fi\/kauppa\/wp-json\/wp\/v2\/types\/product"}],"replies":[{"embeddable":true,"href":"https:\/\/www.ksttukku.fi\/kauppa\/wp-json\/wp\/v2\/comments?post=11389"}],"wp:attachment":[{"href":"https:\/\/www.ksttukku.fi\/kauppa\/wp-json\/wp\/v2\/media?parent=11389"}],"wp:term":[{"taxonomy":"product_brand","embeddable":true,"href":"https:\/\/www.ksttukku.fi\/kauppa\/wp-json\/wp\/v2\/product_brand?post=11389"},{"taxonomy":"product_cat","embeddable":true,"href":"https:\/\/www.ksttukku.fi\/kauppa\/wp-json\/wp\/v2\/product_cat?post=11389"},{"taxonomy":"product_tag","embeddable":true,"href":"https:\/\/www.ksttukku.fi\/kauppa\/wp-json\/wp\/v2\/product_tag?post=11389"}],"curies":[{"name":"wp","href":"https:\/\/api.w.org\/{rel}","templated":true}]}}