{"id":11397,"date":"2022-10-21T18:00:20","date_gmt":"2022-10-21T15:00:20","guid":{"rendered":"https:\/\/www.ksttukku.fi\/kauppa\/?post_type=product&#038;p=11397"},"modified":"2026-01-12T16:50:39","modified_gmt":"2026-01-12T14:50:39","slug":"pagod-kuusi-kynttelikko-valkoinen","status":"publish","type":"product","link":"https:\/\/www.ksttukku.fi\/kauppa\/tuote\/pagod-kuusi-kynttelikko-valkoinen\/","title":{"rendered":"Pagod kuusikynttelikk\u00f6 valkoinen"},"content":{"rendered":"<p>N\u00e4ytt\u00e4v\u00e4\u00a0 katseenvangitsia 7-haarainen puinen lattiakynttelikk\u00f6 , kuusen mallinen .<\/p>\n<p>Mitat: 700.0 mm x 100.0 mm x 790.0 mm<\/p>\n<p>Virtajohto katkaisijalla, pituus 180 cm.<\/p>\n<p>Kanta:E10<\/p>\n<p>Lamput 7 x 34 V 3W (sis\u00e4ltyy)<\/p>\n<p>Design: Charlotte Falck.<\/p>\n","protected":false},"excerpt":{"rendered":"<p>N\u00e4ytt\u00e4v\u00e4\u00a0 katseenvangitsia 7-haarainen puinen lattiakynttelikk\u00f6 , kuusen mallinen . Mitat: 700.0 mm x 100.0 mm x 790.0 mm Virtajohto katkaisijalla, pituus 180 cm. Kanta:E10 Lamput 7 x 34 V 3W (sis\u00e4ltyy) Design: Charlotte Falck.<\/p>\n","protected":false},"featured_media":11416,"comment_status":"closed","ping_status":"closed","template":"","meta":[],"product_brand":[],"product_cat":[176,181,34],"product_tag":[],"class_list":{"0":"post-11397","1":"product","2":"type-product","3":"status-publish","4":"has-post-thumbnail","6":"product_cat-joulu-ja-koristevalot","7":"product_cat-kynttelikot","8":"product_cat-valaisimet","10":"first","11":"instock","12":"sale","13":"taxable","14":"shipping-taxable","15":"purchasable","16":"product-type-simple"},"_links":{"self":[{"href":"https:\/\/www.ksttukku.fi\/kauppa\/wp-json\/wp\/v2\/product\/11397","targetHints":{"allow":["GET"]}}],"collection":[{"href":"https:\/\/www.ksttukku.fi\/kauppa\/wp-json\/wp\/v2\/product"}],"about":[{"href":"https:\/\/www.ksttukku.fi\/kauppa\/wp-json\/wp\/v2\/types\/product"}],"replies":[{"embeddable":true,"href":"https:\/\/www.ksttukku.fi\/kauppa\/wp-json\/wp\/v2\/comments?post=11397"}],"wp:featuredmedia":[{"embeddable":true,"href":"https:\/\/www.ksttukku.fi\/kauppa\/wp-json\/wp\/v2\/media\/11416"}],"wp:attachment":[{"href":"https:\/\/www.ksttukku.fi\/kauppa\/wp-json\/wp\/v2\/media?parent=11397"}],"wp:term":[{"taxonomy":"product_brand","embeddable":true,"href":"https:\/\/www.ksttukku.fi\/kauppa\/wp-json\/wp\/v2\/product_brand?post=11397"},{"taxonomy":"product_cat","embeddable":true,"href":"https:\/\/www.ksttukku.fi\/kauppa\/wp-json\/wp\/v2\/product_cat?post=11397"},{"taxonomy":"product_tag","embeddable":true,"href":"https:\/\/www.ksttukku.fi\/kauppa\/wp-json\/wp\/v2\/product_tag?post=11397"}],"curies":[{"name":"wp","href":"https:\/\/api.w.org\/{rel}","templated":true}]}}