{"id":11398,"date":"2022-10-21T18:06:42","date_gmt":"2022-10-21T15:06:42","guid":{"rendered":"https:\/\/www.ksttukku.fi\/kauppa\/?post_type=product&#038;p=11398"},"modified":"2026-01-12T16:51:27","modified_gmt":"2026-01-12T14:51:27","slug":"pagod-kuusi-kynttelikko-grafiitti","status":"publish","type":"product","link":"https:\/\/www.ksttukku.fi\/kauppa\/tuote\/pagod-kuusi-kynttelikko-grafiitti\/","title":{"rendered":"Pagod kuusikynttelikk\u00f6 grafiitti"},"content":{"rendered":"<p>Pagod kuusi kynttelikk\u00f6 grafiitti<\/p>\n<p>N\u00e4ytt\u00e4v\u00e4 katseenvangitsia 7-haarainen puinen lattiakynttelikk\u00f6 , kuusen mallinen .<\/p>\n<p>Mitat: 700.0 mm x 100.0 mm x 790.0 mm<\/p>\n<p>Virtajohto katkaisijalla, pituus 180 cm.<\/p>\n<p>Kanta:E10<\/p>\n<p>Lamput 7 x 34 V 3W (sis\u00e4ltyy)<\/p>\n<p>Design: Charlotte Falck.<\/p>\n","protected":false},"excerpt":{"rendered":"<p>Pagod kuusi kynttelikk\u00f6 grafiitti N\u00e4ytt\u00e4v\u00e4 katseenvangitsia 7-haarainen puinen lattiakynttelikk\u00f6 , kuusen mallinen . Mitat: 700.0 mm x 100.0 mm x 790.0 mm Virtajohto katkaisijalla, pituus 180 cm. Kanta:E10 Lamput 7 x 34 V 3W (sis\u00e4ltyy) Design: Charlotte Falck.<\/p>\n","protected":false},"featured_media":11414,"comment_status":"closed","ping_status":"closed","template":"","meta":[],"product_brand":[],"product_cat":[176,178,181,34],"product_tag":[],"class_list":{"0":"post-11398","1":"product","2":"type-product","3":"status-publish","4":"has-post-thumbnail","6":"product_cat-joulu-ja-koristevalot","7":"product_cat-joulukuuset","8":"product_cat-kynttelikot","9":"product_cat-valaisimet","11":"first","12":"instock","13":"sale","14":"taxable","15":"shipping-taxable","16":"purchasable","17":"product-type-simple"},"_links":{"self":[{"href":"https:\/\/www.ksttukku.fi\/kauppa\/wp-json\/wp\/v2\/product\/11398","targetHints":{"allow":["GET"]}}],"collection":[{"href":"https:\/\/www.ksttukku.fi\/kauppa\/wp-json\/wp\/v2\/product"}],"about":[{"href":"https:\/\/www.ksttukku.fi\/kauppa\/wp-json\/wp\/v2\/types\/product"}],"replies":[{"embeddable":true,"href":"https:\/\/www.ksttukku.fi\/kauppa\/wp-json\/wp\/v2\/comments?post=11398"}],"wp:featuredmedia":[{"embeddable":true,"href":"https:\/\/www.ksttukku.fi\/kauppa\/wp-json\/wp\/v2\/media\/11414"}],"wp:attachment":[{"href":"https:\/\/www.ksttukku.fi\/kauppa\/wp-json\/wp\/v2\/media?parent=11398"}],"wp:term":[{"taxonomy":"product_brand","embeddable":true,"href":"https:\/\/www.ksttukku.fi\/kauppa\/wp-json\/wp\/v2\/product_brand?post=11398"},{"taxonomy":"product_cat","embeddable":true,"href":"https:\/\/www.ksttukku.fi\/kauppa\/wp-json\/wp\/v2\/product_cat?post=11398"},{"taxonomy":"product_tag","embeddable":true,"href":"https:\/\/www.ksttukku.fi\/kauppa\/wp-json\/wp\/v2\/product_tag?post=11398"}],"curies":[{"name":"wp","href":"https:\/\/api.w.org\/{rel}","templated":true}]}}