{"id":11401,"date":"2022-10-21T18:20:48","date_gmt":"2022-10-21T15:20:48","guid":{"rendered":"https:\/\/www.ksttukku.fi\/kauppa\/?post_type=product&#038;p=11401"},"modified":"2022-10-21T18:22:34","modified_gmt":"2022-10-21T15:22:34","slug":"led-lamppu-e27-st64-plain-amber-2000k-80lm","status":"publish","type":"product","link":"https:\/\/www.ksttukku.fi\/kauppa\/tuote\/led-lamppu-e27-st64-plain-amber-2000k-80lm\/","title":{"rendered":"LED-lamppu E27 ST64 Plain Amber 2000K   80lm"},"content":{"rendered":"<p>Decoration LED filamentti. V\u00e4ri: amber.<br \/>\nIP44. E27, 0,75W, 8 mA, 80 lm, 2000K, 80Ra.<br \/>\nPaloaika noin 15 000 h, sytytyskertoja n. 12 500.<br \/>\nK\u00e4ytt\u00f6l\u00e4mp\u00f6tila: -20\u00b0 &#8211; +40\u00b0C.<\/p>\n<p>Mitat: 64.0 mm x 64.0 mm x 140.0 mm<\/p>\n","protected":false},"excerpt":{"rendered":"<p>Decoration LED filamentti. V\u00e4ri: amber. IP44. E27, 0,75W, 8 mA, 80 lm, 2000K, 80Ra. Paloaika noin 15 000 h, sytytyskertoja n. 12 500. K\u00e4ytt\u00f6l\u00e4mp\u00f6tila: -20\u00b0 &#8211; +40\u00b0C. Mitat: 64.0 mm x 64.0 mm x 140.0 mm<\/p>\n","protected":false},"featured_media":11402,"comment_status":"closed","ping_status":"closed","template":"","meta":[],"product_brand":[],"product_cat":[186,185,34],"product_tag":[],"class_list":{"0":"post-11401","1":"product","2":"type-product","3":"status-publish","4":"has-post-thumbnail","6":"product_cat-ledlamput","7":"product_cat-lamput","8":"product_cat-valaisimet","10":"first","11":"instock","12":"taxable","13":"shipping-taxable","14":"purchasable","15":"product-type-simple"},"_links":{"self":[{"href":"https:\/\/www.ksttukku.fi\/kauppa\/wp-json\/wp\/v2\/product\/11401","targetHints":{"allow":["GET"]}}],"collection":[{"href":"https:\/\/www.ksttukku.fi\/kauppa\/wp-json\/wp\/v2\/product"}],"about":[{"href":"https:\/\/www.ksttukku.fi\/kauppa\/wp-json\/wp\/v2\/types\/product"}],"replies":[{"embeddable":true,"href":"https:\/\/www.ksttukku.fi\/kauppa\/wp-json\/wp\/v2\/comments?post=11401"}],"wp:featuredmedia":[{"embeddable":true,"href":"https:\/\/www.ksttukku.fi\/kauppa\/wp-json\/wp\/v2\/media\/11402"}],"wp:attachment":[{"href":"https:\/\/www.ksttukku.fi\/kauppa\/wp-json\/wp\/v2\/media?parent=11401"}],"wp:term":[{"taxonomy":"product_brand","embeddable":true,"href":"https:\/\/www.ksttukku.fi\/kauppa\/wp-json\/wp\/v2\/product_brand?post=11401"},{"taxonomy":"product_cat","embeddable":true,"href":"https:\/\/www.ksttukku.fi\/kauppa\/wp-json\/wp\/v2\/product_cat?post=11401"},{"taxonomy":"product_tag","embeddable":true,"href":"https:\/\/www.ksttukku.fi\/kauppa\/wp-json\/wp\/v2\/product_tag?post=11401"}],"curies":[{"name":"wp","href":"https:\/\/api.w.org\/{rel}","templated":true}]}}