{"id":11567,"date":"2022-11-07T18:39:35","date_gmt":"2022-11-07T16:39:35","guid":{"rendered":"https:\/\/www.ksttukku.fi\/kauppa\/?post_type=product&#038;p=11567"},"modified":"2025-02-06T15:38:05","modified_gmt":"2025-02-06T13:38:05","slug":"seinapaneeli-jarnvik-7401-fagus-122x21x2600mm","status":"publish","type":"product","link":"https:\/\/www.ksttukku.fi\/kauppa\/tuote\/seinapaneeli-jarnvik-7401-fagus-122x21x2600mm\/","title":{"rendered":"Sein\u00e4paneeli J\u00e4rnvik 7401 Fagus 122x21x2600mm"},"content":{"rendered":"<p><span class=\"markedContent\"><span dir=\"ltr\" role=\"presentation\">Korkeaprofiilinen, rimoitusta muistuttava pontillinen sein\u00e4paneeli<\/span><br role=\"presentation\" \/><span dir=\"ltr\" role=\"presentation\">3D- kuosilla, jossa pohja on mustaa ja p\u00e4\u00e4llinen py\u00f6kki\u00e4<\/span><br role=\"presentation\" \/><span dir=\"ltr\" role=\"presentation\">muistuttavaa puukuviota. Voidaan asentaa pystyyn tai vaakaan.<\/span><br role=\"presentation\" \/><span dir=\"ltr\" role=\"presentation\">T\u00e4ysin vedenkest\u00e4v\u00e4, ei sis\u00e4ll\u00e4 haitallisia aineita, materiaali<\/span><br role=\"presentation\" \/><span dir=\"ltr\" role=\"presentation\">polystyreeni. Kulutusta kest\u00e4v\u00e4 \/ ei naarmunnu helposti. Helppo ja<\/span><br role=\"presentation\" \/><span dir=\"ltr\" role=\"presentation\">nopea asentaa. Siistimm\u00e4n lopputuloksen saavuttamiseksi panelin<\/span><br role=\"presentation\" \/><span dir=\"ltr\" role=\"presentation\">asennuksessa suositellaan k\u00e4ytett\u00e4v\u00e4n erillisi\u00e4 p\u00e4\u00e4typaloja.<\/span><\/span><\/p>\n<p>Mitat: 122 x 21 x 2600 mm<\/p>\n","protected":false},"excerpt":{"rendered":"<p>Korkeaprofiilinen, rimoitusta muistuttava pontillinen sein\u00e4paneeli3D- kuosilla, jossa pohja on mustaa ja p\u00e4\u00e4llinen py\u00f6kki\u00e4muistuttavaa puukuviota. Voidaan asentaa pystyyn tai vaakaan.T\u00e4ysin vedenkest\u00e4v\u00e4, ei sis\u00e4ll\u00e4 haitallisia aineita, materiaalipolystyreeni. Kulutusta kest\u00e4v\u00e4 \/ ei naarmunnu helposti. Helppo janopea asentaa. Siistimm\u00e4n lopputuloksen saavuttamiseksi panelinasennuksessa suositellaan k\u00e4ytett\u00e4v\u00e4n erillisi\u00e4 p\u00e4\u00e4typaloja. Mitat: 122 x 21 x 2600 mm<\/p>\n","protected":false},"featured_media":11569,"comment_status":"closed","ping_status":"closed","template":"","meta":[],"product_brand":[],"product_cat":[490,245],"product_tag":[],"class_list":{"0":"post-11567","1":"product","2":"type-product","3":"status-publish","4":"has-post-thumbnail","6":"product_cat-jarnvik-seinapaneelit","7":"product_cat-sisustuslevyt","9":"first","10":"instock","11":"taxable","12":"shipping-taxable","13":"purchasable","14":"product-type-simple"},"_links":{"self":[{"href":"https:\/\/www.ksttukku.fi\/kauppa\/wp-json\/wp\/v2\/product\/11567","targetHints":{"allow":["GET"]}}],"collection":[{"href":"https:\/\/www.ksttukku.fi\/kauppa\/wp-json\/wp\/v2\/product"}],"about":[{"href":"https:\/\/www.ksttukku.fi\/kauppa\/wp-json\/wp\/v2\/types\/product"}],"replies":[{"embeddable":true,"href":"https:\/\/www.ksttukku.fi\/kauppa\/wp-json\/wp\/v2\/comments?post=11567"}],"wp:featuredmedia":[{"embeddable":true,"href":"https:\/\/www.ksttukku.fi\/kauppa\/wp-json\/wp\/v2\/media\/11569"}],"wp:attachment":[{"href":"https:\/\/www.ksttukku.fi\/kauppa\/wp-json\/wp\/v2\/media?parent=11567"}],"wp:term":[{"taxonomy":"product_brand","embeddable":true,"href":"https:\/\/www.ksttukku.fi\/kauppa\/wp-json\/wp\/v2\/product_brand?post=11567"},{"taxonomy":"product_cat","embeddable":true,"href":"https:\/\/www.ksttukku.fi\/kauppa\/wp-json\/wp\/v2\/product_cat?post=11567"},{"taxonomy":"product_tag","embeddable":true,"href":"https:\/\/www.ksttukku.fi\/kauppa\/wp-json\/wp\/v2\/product_tag?post=11567"}],"curies":[{"name":"wp","href":"https:\/\/api.w.org\/{rel}","templated":true}]}}