{"id":11607,"date":"2022-11-14T17:31:27","date_gmt":"2022-11-14T15:31:27","guid":{"rendered":"https:\/\/www.ksttukku.fi\/kauppa\/?post_type=product&#038;p=11607"},"modified":"2026-04-13T15:43:59","modified_gmt":"2026-04-13T12:43:59","slug":"kaaripeili-fasettihionta-60-x-45-cm","status":"publish","type":"product","link":"https:\/\/www.ksttukku.fi\/kauppa\/tuote\/kaaripeili-fasettihionta-60-x-45-cm\/","title":{"rendered":"Kaaripeili fasettihionta   60 x 45 cm"},"content":{"rendered":"<p>Nostalgia peiliss\u00e4 on kaareva yl\u00e4osa ja reunassa fasettihionta.<\/p>\n<ul>\n<li>Paketti sis\u00e4lt\u00e4\u00e4 kiinnitykseen tarvittavat kannakkeet, jotka ovat peilin takana paikoillaan.<\/li>\n<li>Koko 60 x 45 cm<\/li>\n<\/ul>\n","protected":false},"excerpt":{"rendered":"<p>Nostalgia peiliss\u00e4 on kaareva yl\u00e4osa ja reunassa fasettihionta. Paketti sis\u00e4lt\u00e4\u00e4 kiinnitykseen tarvittavat kannakkeet, jotka ovat peilin takana paikoillaan. Koko 60 x 45 cm<\/p>\n","protected":false},"featured_media":11608,"comment_status":"closed","ping_status":"closed","template":"","meta":[],"product_brand":[],"product_cat":[150,152,377],"product_tag":[],"class_list":{"0":"post-11607","1":"product","2":"type-product","3":"status-publish","4":"has-post-thumbnail","6":"product_cat-kylpyhuone","7":"product_cat-peilikaapit","8":"product_cat-sisustus-lahjatavarat","10":"first","11":"outofstock","12":"taxable","13":"shipping-taxable","14":"purchasable","15":"product-type-simple"},"_links":{"self":[{"href":"https:\/\/www.ksttukku.fi\/kauppa\/wp-json\/wp\/v2\/product\/11607","targetHints":{"allow":["GET"]}}],"collection":[{"href":"https:\/\/www.ksttukku.fi\/kauppa\/wp-json\/wp\/v2\/product"}],"about":[{"href":"https:\/\/www.ksttukku.fi\/kauppa\/wp-json\/wp\/v2\/types\/product"}],"replies":[{"embeddable":true,"href":"https:\/\/www.ksttukku.fi\/kauppa\/wp-json\/wp\/v2\/comments?post=11607"}],"wp:featuredmedia":[{"embeddable":true,"href":"https:\/\/www.ksttukku.fi\/kauppa\/wp-json\/wp\/v2\/media\/11608"}],"wp:attachment":[{"href":"https:\/\/www.ksttukku.fi\/kauppa\/wp-json\/wp\/v2\/media?parent=11607"}],"wp:term":[{"taxonomy":"product_brand","embeddable":true,"href":"https:\/\/www.ksttukku.fi\/kauppa\/wp-json\/wp\/v2\/product_brand?post=11607"},{"taxonomy":"product_cat","embeddable":true,"href":"https:\/\/www.ksttukku.fi\/kauppa\/wp-json\/wp\/v2\/product_cat?post=11607"},{"taxonomy":"product_tag","embeddable":true,"href":"https:\/\/www.ksttukku.fi\/kauppa\/wp-json\/wp\/v2\/product_tag?post=11607"}],"curies":[{"name":"wp","href":"https:\/\/api.w.org\/{rel}","templated":true}]}}