{"id":11622,"date":"2022-11-15T18:07:27","date_gmt":"2022-11-15T16:07:27","guid":{"rendered":"https:\/\/www.ksttukku.fi\/kauppa\/?post_type=product&#038;p=11622"},"modified":"2023-01-04T17:18:32","modified_gmt":"2023-01-04T15:18:32","slug":"beja-malja-allas","status":"publish","type":"product","link":"https:\/\/www.ksttukku.fi\/kauppa\/tuote\/beja-malja-allas\/","title":{"rendered":"Beja malja-allas"},"content":{"rendered":"<p>Suorakaiteenmuotoinen Beja on posliinista valmistettu, tason p\u00e4\u00e4lle asennettava malja-allas. Siin\u00e4 on paikka hanalle. Siro allas sopii hyvin pieneenkin kylpyhuoneeseen.<\/p>\n<ul>\n<li>Valkoinen<\/li>\n<li>Posliinia<\/li>\n<li>Altaassa hanan paikka<\/li>\n<li>Leveys\u00a0400 mm<\/li>\n<li>Korkeus\u00a0115 mm<\/li>\n<li>Syvyys\u00a0295 mm<\/li>\n<li>Tason suositeltava minimisyvyys\u00a0310 mm<\/li>\n<\/ul>\n","protected":false},"excerpt":{"rendered":"<p>Suorakaiteenmuotoinen Beja on posliinista valmistettu, tason p\u00e4\u00e4lle asennettava malja-allas. Siin\u00e4 on paikka hanalle. Siro allas sopii hyvin pieneenkin kylpyhuoneeseen. Valkoinen Posliinia Altaassa hanan paikka Leveys\u00a0400 mm Korkeus\u00a0115 mm Syvyys\u00a0295 mm Tason suositeltava minimisyvyys\u00a0310 mm<\/p>\n","protected":false},"featured_media":11624,"comment_status":"closed","ping_status":"closed","template":"","meta":[],"product_brand":[],"product_cat":[459,478,494],"product_tag":[],"class_list":{"0":"post-11622","1":"product","2":"type-product","3":"status-publish","4":"has-post-thumbnail","6":"product_cat-altaat","7":"product_cat-hanat-altaat","8":"product_cat-malja-altaat","10":"first","11":"instock","12":"taxable","13":"shipping-taxable","14":"purchasable","15":"product-type-simple"},"_links":{"self":[{"href":"https:\/\/www.ksttukku.fi\/kauppa\/wp-json\/wp\/v2\/product\/11622","targetHints":{"allow":["GET"]}}],"collection":[{"href":"https:\/\/www.ksttukku.fi\/kauppa\/wp-json\/wp\/v2\/product"}],"about":[{"href":"https:\/\/www.ksttukku.fi\/kauppa\/wp-json\/wp\/v2\/types\/product"}],"replies":[{"embeddable":true,"href":"https:\/\/www.ksttukku.fi\/kauppa\/wp-json\/wp\/v2\/comments?post=11622"}],"wp:featuredmedia":[{"embeddable":true,"href":"https:\/\/www.ksttukku.fi\/kauppa\/wp-json\/wp\/v2\/media\/11624"}],"wp:attachment":[{"href":"https:\/\/www.ksttukku.fi\/kauppa\/wp-json\/wp\/v2\/media?parent=11622"}],"wp:term":[{"taxonomy":"product_brand","embeddable":true,"href":"https:\/\/www.ksttukku.fi\/kauppa\/wp-json\/wp\/v2\/product_brand?post=11622"},{"taxonomy":"product_cat","embeddable":true,"href":"https:\/\/www.ksttukku.fi\/kauppa\/wp-json\/wp\/v2\/product_cat?post=11622"},{"taxonomy":"product_tag","embeddable":true,"href":"https:\/\/www.ksttukku.fi\/kauppa\/wp-json\/wp\/v2\/product_tag?post=11622"}],"curies":[{"name":"wp","href":"https:\/\/api.w.org\/{rel}","templated":true}]}}