{"id":11933,"date":"2023-01-16T17:51:45","date_gmt":"2023-01-16T15:51:45","guid":{"rendered":"https:\/\/www.ksttukku.fi\/kauppa\/?post_type=product&#038;p=11933"},"modified":"2024-12-02T16:29:29","modified_gmt":"2024-12-02T14:29:29","slug":"valopeili-hohto-musta-ip44-4000k","status":"publish","type":"product","link":"https:\/\/www.ksttukku.fi\/kauppa\/tuote\/valopeili-hohto-musta-ip44-4000k\/","title":{"rendered":"Valopeili Hohto musta IP44 4000K"},"content":{"rendered":"<p>Py\u00f6re\u00e4 mustakehyksinen peili Hohto taustavalolla. Peilin halkaisija on 600 mm tai 800 mm, korkeus sein\u00e4st\u00e4 40 mm. Takana tehokas lednauha 4000K v\u00e4ril\u00e4mp\u00f6tilalla. Peili kiinnitet\u00e4\u00e4n sein\u00e4\u00e4n mukana tulevan kannatinlistan avulla ja peili on mahdollista asentaa kiinte\u00e4sti sein\u00e4\u00e4n erillisen lukitushelan avulla. IP44, 1468lm, 19W, sis\u00e4lt\u00e4\u00e4 Osram teknologiaa, valmistettu Suomessa, takuu 3v. Tuote sis\u00e4lt\u00e4\u00e4 valonl\u00e4hteen energiatehokkuudella F.<\/p>\n","protected":false},"excerpt":{"rendered":"<p>Py\u00f6re\u00e4 mustakehyksinen peili Hohto taustavalolla. Peilin halkaisija on 600 mm tai 800 mm, korkeus sein\u00e4st\u00e4 40 mm. Takana tehokas lednauha 4000K v\u00e4ril\u00e4mp\u00f6tilalla. Peili kiinnitet\u00e4\u00e4n sein\u00e4\u00e4n mukana tulevan kannatinlistan avulla ja peili on mahdollista asentaa kiinte\u00e4sti sein\u00e4\u00e4n erillisen lukitushelan avulla. IP44, 1468lm, 19W, sis\u00e4lt\u00e4\u00e4 Osram teknologiaa, valmistettu Suomessa, takuu 3v. Tuote sis\u00e4lt\u00e4\u00e4 valonl\u00e4hteen energiatehokkuudella F.<\/p>\n","protected":false},"featured_media":11937,"comment_status":"closed","ping_status":"closed","template":"","meta":[],"product_brand":[],"product_cat":[150,237],"product_tag":[],"class_list":{"0":"post-11933","1":"product","2":"type-product","3":"status-publish","4":"has-post-thumbnail","6":"product_cat-kylpyhuone","7":"product_cat-valopeilit","9":"first","10":"instock","11":"taxable","12":"shipping-taxable","13":"purchasable","14":"product-type-variable"},"_links":{"self":[{"href":"https:\/\/www.ksttukku.fi\/kauppa\/wp-json\/wp\/v2\/product\/11933","targetHints":{"allow":["GET"]}}],"collection":[{"href":"https:\/\/www.ksttukku.fi\/kauppa\/wp-json\/wp\/v2\/product"}],"about":[{"href":"https:\/\/www.ksttukku.fi\/kauppa\/wp-json\/wp\/v2\/types\/product"}],"replies":[{"embeddable":true,"href":"https:\/\/www.ksttukku.fi\/kauppa\/wp-json\/wp\/v2\/comments?post=11933"}],"wp:featuredmedia":[{"embeddable":true,"href":"https:\/\/www.ksttukku.fi\/kauppa\/wp-json\/wp\/v2\/media\/11937"}],"wp:attachment":[{"href":"https:\/\/www.ksttukku.fi\/kauppa\/wp-json\/wp\/v2\/media?parent=11933"}],"wp:term":[{"taxonomy":"product_brand","embeddable":true,"href":"https:\/\/www.ksttukku.fi\/kauppa\/wp-json\/wp\/v2\/product_brand?post=11933"},{"taxonomy":"product_cat","embeddable":true,"href":"https:\/\/www.ksttukku.fi\/kauppa\/wp-json\/wp\/v2\/product_cat?post=11933"},{"taxonomy":"product_tag","embeddable":true,"href":"https:\/\/www.ksttukku.fi\/kauppa\/wp-json\/wp\/v2\/product_tag?post=11933"}],"curies":[{"name":"wp","href":"https:\/\/api.w.org\/{rel}","templated":true}]}}