{"id":12029,"date":"2023-02-09T15:20:00","date_gmt":"2023-02-09T13:20:00","guid":{"rendered":"https:\/\/www.ksttukku.fi\/kauppa\/?post_type=product&#038;p=12029"},"modified":"2023-02-09T15:20:01","modified_gmt":"2023-02-09T13:20:01","slug":"punch-poytavalaisin-mattamusta-28-cm","status":"publish","type":"product","link":"https:\/\/www.ksttukku.fi\/kauppa\/tuote\/punch-poytavalaisin-mattamusta-28-cm\/","title":{"rendered":"Punch p\u00f6yt\u00e4valaisin mattamusta 28 cm"},"content":{"rendered":"<p>Viihtyisyytt\u00e4\u00a0 ja tunnelmaa\u00a0 kotiisi\u00a0 Punch-p\u00f6yt\u00e4valaisimella.<\/p>\n<p>Materiaali: metalli<\/p>\n<p>V\u00e4ri: mattamusta\/kulta<\/p>\n<p>Halkaisija: 25 cm<\/p>\n<p>Korkeus: 28 cm<\/p>\n<p>Kanta: E27<\/p>\n<p>Mustajohto kytkimell\u00e4<\/p>\n","protected":false},"excerpt":{"rendered":"<p>Viihtyisyytt\u00e4\u00a0 ja tunnelmaa\u00a0 kotiisi\u00a0 Punch-p\u00f6yt\u00e4valaisimella. Materiaali: metalli V\u00e4ri: mattamusta\/kulta Halkaisija: 25 cm Korkeus: 28 cm Kanta: E27 Mustajohto kytkimell\u00e4<\/p>\n","protected":false},"featured_media":12030,"comment_status":"closed","ping_status":"closed","template":"","meta":[],"product_brand":[],"product_cat":[44,35,34],"product_tag":[],"class_list":{"0":"post-12029","1":"product","2":"type-product","3":"status-publish","4":"has-post-thumbnail","6":"product_cat-poytavalaisimet","7":"product_cat-sisavalaisimet","8":"product_cat-valaisimet","10":"first","11":"instock","12":"taxable","13":"shipping-taxable","14":"purchasable","15":"product-type-simple"},"_links":{"self":[{"href":"https:\/\/www.ksttukku.fi\/kauppa\/wp-json\/wp\/v2\/product\/12029","targetHints":{"allow":["GET"]}}],"collection":[{"href":"https:\/\/www.ksttukku.fi\/kauppa\/wp-json\/wp\/v2\/product"}],"about":[{"href":"https:\/\/www.ksttukku.fi\/kauppa\/wp-json\/wp\/v2\/types\/product"}],"replies":[{"embeddable":true,"href":"https:\/\/www.ksttukku.fi\/kauppa\/wp-json\/wp\/v2\/comments?post=12029"}],"wp:featuredmedia":[{"embeddable":true,"href":"https:\/\/www.ksttukku.fi\/kauppa\/wp-json\/wp\/v2\/media\/12030"}],"wp:attachment":[{"href":"https:\/\/www.ksttukku.fi\/kauppa\/wp-json\/wp\/v2\/media?parent=12029"}],"wp:term":[{"taxonomy":"product_brand","embeddable":true,"href":"https:\/\/www.ksttukku.fi\/kauppa\/wp-json\/wp\/v2\/product_brand?post=12029"},{"taxonomy":"product_cat","embeddable":true,"href":"https:\/\/www.ksttukku.fi\/kauppa\/wp-json\/wp\/v2\/product_cat?post=12029"},{"taxonomy":"product_tag","embeddable":true,"href":"https:\/\/www.ksttukku.fi\/kauppa\/wp-json\/wp\/v2\/product_tag?post=12029"}],"curies":[{"name":"wp","href":"https:\/\/api.w.org\/{rel}","templated":true}]}}