{"id":12150,"date":"2023-02-17T17:14:33","date_gmt":"2023-02-17T15:14:33","guid":{"rendered":"https:\/\/www.ksttukku.fi\/kauppa\/?post_type=product&#038;p=12150"},"modified":"2023-02-17T17:37:45","modified_gmt":"2023-02-17T15:37:45","slug":"notti-10-riippuvalaisin-harmaa","status":"publish","type":"product","link":"https:\/\/www.ksttukku.fi\/kauppa\/tuote\/notti-10-riippuvalaisin-harmaa\/","title":{"rendered":"Notti 10 riippuvalaisin harmaa"},"content":{"rendered":"<p>Pelkistetty ja py\u00f6re\u00e4linjainen riippuvalaisin metallia. Pehme\u00e4 mattapintainen v\u00e4ri toistuu my\u00f6s varjostimen sis\u00e4pinnalla.<\/p>\n<p>Upean valaistuselementin saat ripustamalla kolme tai useampia Notti 10 -riippuvalaisimia riviin tai rypp\u00e4\u00e4ksi.<br \/>\nIP20, luokka 2. E27, max. 25W. Ei sis\u00e4ll\u00e4 valonl\u00e4hdett\u00e4.<br \/>\nMusta ripustusjohto, pituus 200 cm.<br \/>\nKattokupin halkaisija 12 cm ja korkeus 9 cm.<br \/>\nKoukkukiinnitys, sokeripalaliit\u00e4nt\u00e4.<br \/>\n230V<\/p>\n<p>Korkeus: 12 cm<br \/>\nHalkaisija: 10 cm<\/p>\n","protected":false},"excerpt":{"rendered":"<p>Pelkistetty ja py\u00f6re\u00e4linjainen riippuvalaisin metallia. Pehme\u00e4 mattapintainen v\u00e4ri toistuu my\u00f6s varjostimen sis\u00e4pinnalla. Upean valaistuselementin saat ripustamalla kolme tai useampia Notti 10 -riippuvalaisimia riviin tai rypp\u00e4\u00e4ksi. IP20, luokka 2. E27, max. 25W. Ei sis\u00e4ll\u00e4 valonl\u00e4hdett\u00e4. Musta ripustusjohto, pituus 200 cm. Kattokupin halkaisija 12 cm ja korkeus 9 cm. Koukkukiinnitys, sokeripalaliit\u00e4nt\u00e4. 230V Korkeus: 12 cm Halkaisija: 10 [&hellip;]<\/p>\n","protected":false},"featured_media":12151,"comment_status":"closed","ping_status":"closed","template":"","meta":[],"product_brand":[],"product_cat":[315,49,35,34],"product_tag":[],"class_list":{"0":"post-12150","1":"product","2":"type-product","3":"status-publish","4":"has-post-thumbnail","6":"product_cat-ikkunavalaisimet","7":"product_cat-riippuvalaisimet","8":"product_cat-sisavalaisimet","9":"product_cat-valaisimet","11":"first","12":"instock","13":"taxable","14":"shipping-taxable","15":"purchasable","16":"product-type-simple"},"_links":{"self":[{"href":"https:\/\/www.ksttukku.fi\/kauppa\/wp-json\/wp\/v2\/product\/12150","targetHints":{"allow":["GET"]}}],"collection":[{"href":"https:\/\/www.ksttukku.fi\/kauppa\/wp-json\/wp\/v2\/product"}],"about":[{"href":"https:\/\/www.ksttukku.fi\/kauppa\/wp-json\/wp\/v2\/types\/product"}],"replies":[{"embeddable":true,"href":"https:\/\/www.ksttukku.fi\/kauppa\/wp-json\/wp\/v2\/comments?post=12150"}],"wp:featuredmedia":[{"embeddable":true,"href":"https:\/\/www.ksttukku.fi\/kauppa\/wp-json\/wp\/v2\/media\/12151"}],"wp:attachment":[{"href":"https:\/\/www.ksttukku.fi\/kauppa\/wp-json\/wp\/v2\/media?parent=12150"}],"wp:term":[{"taxonomy":"product_brand","embeddable":true,"href":"https:\/\/www.ksttukku.fi\/kauppa\/wp-json\/wp\/v2\/product_brand?post=12150"},{"taxonomy":"product_cat","embeddable":true,"href":"https:\/\/www.ksttukku.fi\/kauppa\/wp-json\/wp\/v2\/product_cat?post=12150"},{"taxonomy":"product_tag","embeddable":true,"href":"https:\/\/www.ksttukku.fi\/kauppa\/wp-json\/wp\/v2\/product_tag?post=12150"}],"curies":[{"name":"wp","href":"https:\/\/api.w.org\/{rel}","templated":true}]}}