{"id":12162,"date":"2023-02-18T12:11:51","date_gmt":"2023-02-18T10:11:51","guid":{"rendered":"https:\/\/www.ksttukku.fi\/kauppa\/?post_type=product&#038;p=12162"},"modified":"2023-02-18T12:20:09","modified_gmt":"2023-02-18T10:20:09","slug":"koristeellinen-led-lamppu-kirkkaalla-lasilla","status":"publish","type":"product","link":"https:\/\/www.ksttukku.fi\/kauppa\/tuote\/koristeellinen-led-lamppu-kirkkaalla-lasilla\/","title":{"rendered":"Koristeellinen LED-lamppu kirkkaalla lasilla."},"content":{"rendered":"<p>N\u00e4ytt\u00e4v\u00e4 koristeellinen Led-lamppu 2,5W\u00a0\u00a0 90lm<\/p>\n<p>v\u00e4ril\u00e4mp\u00f6tila on 1800 K , pehme\u00e4 l\u00e4mmin s\u00e4vy<\/p>\n<p>Himmennett\u00e4v\u00e4<\/p>\n<p>Kanta: E27<\/p>\n<p>Halkaisija: 6,4 cm<br \/>\nKorkeus: 14,5 cm<\/p>\n<p>&nbsp;<\/p>\n","protected":false},"excerpt":{"rendered":"<p>N\u00e4ytt\u00e4v\u00e4 koristeellinen Led-lamppu 2,5W\u00a0\u00a0 90lm v\u00e4ril\u00e4mp\u00f6tila on 1800 K , pehme\u00e4 l\u00e4mmin s\u00e4vy Himmennett\u00e4v\u00e4 Kanta: E27 Halkaisija: 6,4 cm Korkeus: 14,5 cm &nbsp;<\/p>\n","protected":false},"featured_media":12163,"comment_status":"closed","ping_status":"closed","template":"","meta":[],"product_brand":[],"product_cat":[188,186,185],"product_tag":[],"class_list":{"0":"post-12162","1":"product","2":"type-product","3":"status-publish","4":"has-post-thumbnail","6":"product_cat-himmennettavat-lamput","7":"product_cat-ledlamput","8":"product_cat-lamput","10":"first","11":"instock","12":"taxable","13":"shipping-taxable","14":"purchasable","15":"product-type-simple"},"_links":{"self":[{"href":"https:\/\/www.ksttukku.fi\/kauppa\/wp-json\/wp\/v2\/product\/12162","targetHints":{"allow":["GET"]}}],"collection":[{"href":"https:\/\/www.ksttukku.fi\/kauppa\/wp-json\/wp\/v2\/product"}],"about":[{"href":"https:\/\/www.ksttukku.fi\/kauppa\/wp-json\/wp\/v2\/types\/product"}],"replies":[{"embeddable":true,"href":"https:\/\/www.ksttukku.fi\/kauppa\/wp-json\/wp\/v2\/comments?post=12162"}],"wp:featuredmedia":[{"embeddable":true,"href":"https:\/\/www.ksttukku.fi\/kauppa\/wp-json\/wp\/v2\/media\/12163"}],"wp:attachment":[{"href":"https:\/\/www.ksttukku.fi\/kauppa\/wp-json\/wp\/v2\/media?parent=12162"}],"wp:term":[{"taxonomy":"product_brand","embeddable":true,"href":"https:\/\/www.ksttukku.fi\/kauppa\/wp-json\/wp\/v2\/product_brand?post=12162"},{"taxonomy":"product_cat","embeddable":true,"href":"https:\/\/www.ksttukku.fi\/kauppa\/wp-json\/wp\/v2\/product_cat?post=12162"},{"taxonomy":"product_tag","embeddable":true,"href":"https:\/\/www.ksttukku.fi\/kauppa\/wp-json\/wp\/v2\/product_tag?post=12162"}],"curies":[{"name":"wp","href":"https:\/\/api.w.org\/{rel}","templated":true}]}}