{"id":1240,"date":"2018-03-21T13:19:34","date_gmt":"2018-03-21T11:19:34","guid":{"rendered":"http:\/\/www.ksttukku.fi\/kauppa\/?post_type=product&#038;p=1240"},"modified":"2018-03-21T13:19:34","modified_gmt":"2018-03-21T11:19:34","slug":"alumiinisalekaihdin","status":"publish","type":"product","link":"https:\/\/www.ksttukku.fi\/kauppa\/tuote\/alumiinisalekaihdin\/","title":{"rendered":"Alumiinis\u00e4lekaihdin"},"content":{"rendered":"<p>Alumiinis\u00e4lekaihtimen materiaalina on korkealuokkainen polttomaalattu metalli, joka pysyy suorana isoissakin ikkunoissa. Kaihdinta on useita eri leveyksi\u00e4 ja valittavana on noin 150 v\u00e4rivaihtoehtoa, joista l\u00f6ytyy sopiva vaihtoehto vaativampaankin makuun. Alumiinis\u00e4lekaihtimet ovat saatavana my\u00f6s s\u00e4hk\u00f6ll\u00e4 tapahtuvalla ohjauksella. S\u00e4lekaihtimet valmistetaan aina yksil\u00f6llisesti asiakkaan tarpeen mukaan ja ne voidaan asentaa niin suoriin kuin monimuotoisiinkin ikkunoihin, jopa py\u00f6rteisiin. Kaihtimet kiinnitet\u00e4\u00e4n pintaan tai ikkunalasien v\u00e4liin. Monipuolisesta valikoimastamme l\u00f6yd\u00e4t juuri tarpeisiisi parhaiten sopivan ratkaisun:<\/p>\n<p><strong>Reik\u00e4s\u00e4le<\/strong><\/p>\n<p>Reik\u00e4s\u00e4le suodattaa valoa valoverhomaisesti. Se soveltuu erinomaisesti esimerkiksi toimiston sis\u00e4v\u00e4lisein\u00e4ksi.<\/p>\n<p><strong>NoHole \u2013 ei reiki\u00e4<\/strong><\/p>\n<p>NoHole on erikoiss\u00e4lekaihdin, jossa vetopunosten rei\u00e4t ovat n\u00e4kym\u00e4tt\u00f6miss\u00e4. Se on hyv\u00e4 vaihtoehto himmennyst\u00e4 vaativiin tiloihin, kuten kokous- ja neuvottelutiloihin, auditorioihin, studioihin ja luokkahuoneisiin.<\/p>\n<p><strong>Woodline<\/strong><\/p>\n<p>Woodline on kaunis, kest\u00e4v\u00e4 ja kevyt puukuvioinen alumiinis\u00e4lekaihdin kaikkeen sisustamiseen. Woodline-mallistossa on valittavana kuusi eri kuviota ja se kest\u00e4\u00e4 kosteutta sek\u00e4 suuria l\u00e4mp\u00f6tilan vaihteluita.<\/p>\n","protected":false},"excerpt":{"rendered":"<p>Pyyd\u00e4 tarjous kst@ksttukku.fi<\/p>\n","protected":false},"featured_media":1241,"comment_status":"closed","ping_status":"closed","template":"","meta":[],"product_brand":[],"product_cat":[104,113],"product_tag":[],"class_list":{"0":"post-1240","1":"product","2":"type-product","3":"status-publish","4":"has-post-thumbnail","6":"product_cat-kaihtimet-ja-verhotangot","7":"product_cat-salekaihtimet","9":"first","10":"instock","11":"taxable","12":"shipping-taxable","13":"product-type-simple"},"_links":{"self":[{"href":"https:\/\/www.ksttukku.fi\/kauppa\/wp-json\/wp\/v2\/product\/1240","targetHints":{"allow":["GET"]}}],"collection":[{"href":"https:\/\/www.ksttukku.fi\/kauppa\/wp-json\/wp\/v2\/product"}],"about":[{"href":"https:\/\/www.ksttukku.fi\/kauppa\/wp-json\/wp\/v2\/types\/product"}],"replies":[{"embeddable":true,"href":"https:\/\/www.ksttukku.fi\/kauppa\/wp-json\/wp\/v2\/comments?post=1240"}],"wp:featuredmedia":[{"embeddable":true,"href":"https:\/\/www.ksttukku.fi\/kauppa\/wp-json\/wp\/v2\/media\/1241"}],"wp:attachment":[{"href":"https:\/\/www.ksttukku.fi\/kauppa\/wp-json\/wp\/v2\/media?parent=1240"}],"wp:term":[{"taxonomy":"product_brand","embeddable":true,"href":"https:\/\/www.ksttukku.fi\/kauppa\/wp-json\/wp\/v2\/product_brand?post=1240"},{"taxonomy":"product_cat","embeddable":true,"href":"https:\/\/www.ksttukku.fi\/kauppa\/wp-json\/wp\/v2\/product_cat?post=1240"},{"taxonomy":"product_tag","embeddable":true,"href":"https:\/\/www.ksttukku.fi\/kauppa\/wp-json\/wp\/v2\/product_tag?post=1240"}],"curies":[{"name":"wp","href":"https:\/\/api.w.org\/{rel}","templated":true}]}}