{"id":12984,"date":"2023-03-24T16:19:43","date_gmt":"2023-03-24T14:19:43","guid":{"rendered":"https:\/\/www.ksttukku.fi\/kauppa\/?post_type=product&#038;p=12984"},"modified":"2023-03-24T16:23:14","modified_gmt":"2023-03-24T14:23:14","slug":"pura-seinavalaisin-trio","status":"publish","type":"product","link":"https:\/\/www.ksttukku.fi\/kauppa\/tuote\/pura-seinavalaisin-trio\/","title":{"rendered":"PURA sein\u00e4valaisin trio"},"content":{"rendered":"<p>Ajattoman tyylik\u00e4s sein\u00e4valaisin kodin moniin tiloihin soveltuva.<\/p>\n<p>runko: antiikkimessinki<\/p>\n<p>materiaali: metalli\/lasi mattavalkoinen<\/p>\n<p>Valaisimen leveys 20 cm, korkeus 40 cm ja syvyys 7,5 cm.<\/p>\n<p>Kanta: 2x E27<\/p>\n<p>&nbsp;<\/p>\n<table class=\"table\" style=\"width: 0.0190208%; height: 140px;\">\n<tbody>\n<tr style=\"height: 25px;\">\n<td class=\"border-0\" style=\"height: 25px; width: 48.4536%;\"><\/td>\n<\/tr>\n<tr style=\"height: 25px;\">\n<td class=\"w-25 pr-3\" style=\"height: 25px; width: 48.4536%;\"><\/td>\n<td class=\"text-titlecase main_color\" style=\"height: 25px; width: 10.3093%;\"><\/td>\n<\/tr>\n<tr style=\"height: 22px;\">\n<td class=\"w-25 pr-3\" style=\"height: 22px; width: 48.4536%;\"><\/td>\n<td class=\"text-titlecase\" style=\"height: 22px; width: 10.3093%;\"><\/td>\n<\/tr>\n<\/tbody>\n<\/table>\n<table class=\"table _class_glas\" style=\"width: 6.43971%; height: 5px;\">\n<tbody>\n<tr class=\"_title sp_title_1\">\n<td class=\"border-0\" style=\"width: 50.0369%;\"><\/td>\n<\/tr>\n<tr>\n<td class=\"w-25 pr-3\" style=\"width: 50.0369%;\"><\/td>\n<td class=\"text-titlecase sp_color_1\" style=\"width: 10.3093%;\"><\/td>\n<\/tr>\n<tr>\n<td class=\"w-25 pr-3\" style=\"width: 50.0369%;\"><\/td>\n<td class=\"text-titlecase sp_material_1\" style=\"width: 10.3093%;\"><\/td>\n<\/tr>\n<\/tbody>\n<\/table>\n","protected":false},"excerpt":{"rendered":"<p>Ajattoman tyylik\u00e4s sein\u00e4valaisin kodin moniin tiloihin soveltuva. runko: antiikkimessinki materiaali: metalli\/lasi mattavalkoinen Valaisimen leveys 20 cm, korkeus 40 cm ja syvyys 7,5 cm. Kanta: 2x E27 &nbsp;<\/p>\n","protected":false},"featured_media":12985,"comment_status":"closed","ping_status":"closed","template":"","meta":[],"product_brand":[],"product_cat":[42,35,34],"product_tag":[],"class_list":{"0":"post-12984","1":"product","2":"type-product","3":"status-publish","4":"has-post-thumbnail","6":"product_cat-seinavalaisimet-sisavalaisimet","7":"product_cat-sisavalaisimet","8":"product_cat-valaisimet","10":"first","11":"instock","12":"taxable","13":"shipping-taxable","14":"purchasable","15":"product-type-simple"},"_links":{"self":[{"href":"https:\/\/www.ksttukku.fi\/kauppa\/wp-json\/wp\/v2\/product\/12984","targetHints":{"allow":["GET"]}}],"collection":[{"href":"https:\/\/www.ksttukku.fi\/kauppa\/wp-json\/wp\/v2\/product"}],"about":[{"href":"https:\/\/www.ksttukku.fi\/kauppa\/wp-json\/wp\/v2\/types\/product"}],"replies":[{"embeddable":true,"href":"https:\/\/www.ksttukku.fi\/kauppa\/wp-json\/wp\/v2\/comments?post=12984"}],"wp:featuredmedia":[{"embeddable":true,"href":"https:\/\/www.ksttukku.fi\/kauppa\/wp-json\/wp\/v2\/media\/12985"}],"wp:attachment":[{"href":"https:\/\/www.ksttukku.fi\/kauppa\/wp-json\/wp\/v2\/media?parent=12984"}],"wp:term":[{"taxonomy":"product_brand","embeddable":true,"href":"https:\/\/www.ksttukku.fi\/kauppa\/wp-json\/wp\/v2\/product_brand?post=12984"},{"taxonomy":"product_cat","embeddable":true,"href":"https:\/\/www.ksttukku.fi\/kauppa\/wp-json\/wp\/v2\/product_cat?post=12984"},{"taxonomy":"product_tag","embeddable":true,"href":"https:\/\/www.ksttukku.fi\/kauppa\/wp-json\/wp\/v2\/product_tag?post=12984"}],"curies":[{"name":"wp","href":"https:\/\/api.w.org\/{rel}","templated":true}]}}