{"id":12992,"date":"2023-03-25T13:54:26","date_gmt":"2023-03-25T11:54:26","guid":{"rendered":"https:\/\/www.ksttukku.fi\/kauppa\/?post_type=product&#038;p=12992"},"modified":"2023-10-02T15:42:37","modified_gmt":"2023-10-02T12:42:37","slug":"airam-palmlite-led-valaisin-4107118","status":"publish","type":"product","link":"https:\/\/www.ksttukku.fi\/kauppa\/tuote\/airam-palmlite-led-valaisin-4107118\/","title":{"rendered":"Airam Palmlite Led valaisin 4107118"},"content":{"rendered":"<p data-sanitized-data-mce-fragment=\"1\">Pinta-asennettava Palmlite-valaisin<\/p>\n<p data-sanitized-data-mce-fragment=\"1\">Ketjutettavissa erillisess\u00e4 rasiassa. Rakenne polykarbonaattia.<\/p>\n<p data-sanitized-data-mce-fragment=\"1\">Led-lamppu 5 W, GX53, 2800 K, 300 lm, 130\u00b0. 200cd<\/p>\n<p data-sanitized-data-mce-fragment=\"1\">Sis\u00e4lt\u00e4\u00e4 valonl\u00e4hteen<\/p>\n<p data-sanitized-data-mce-fragment=\"1\">IP 20<\/p>\n<p data-sanitized-data-mce-fragment=\"1\">Halkaisija: 830 mm<\/p>\n<p data-sanitized-data-mce-fragment=\"1\">korkeus: 26mm<\/p>\n","protected":false},"excerpt":{"rendered":"<p>Pinta-asennettava Palmlite-valaisin Ketjutettavissa erillisess\u00e4 rasiassa. Rakenne polykarbonaattia. Led-lamppu 5 W, GX53, 2800 K, 300 lm, 130\u00b0. 200cd Sis\u00e4lt\u00e4\u00e4 valonl\u00e4hteen IP 20 Halkaisija: 830 mm korkeus: 26mm<\/p>\n","protected":false},"featured_media":14171,"comment_status":"closed","ping_status":"closed","template":"","meta":[],"product_brand":[],"product_cat":[46,40,51,35,34],"product_tag":[],"class_list":{"0":"post-12992","1":"product","2":"type-product","3":"status-publish","4":"has-post-thumbnail","6":"product_cat-alasvalot","7":"product_cat-kattovalaisimet","8":"product_cat-pinta-asennettavat","9":"product_cat-sisavalaisimet","10":"product_cat-valaisimet","12":"first","13":"instock","14":"taxable","15":"shipping-taxable","16":"purchasable","17":"product-type-simple"},"_links":{"self":[{"href":"https:\/\/www.ksttukku.fi\/kauppa\/wp-json\/wp\/v2\/product\/12992","targetHints":{"allow":["GET"]}}],"collection":[{"href":"https:\/\/www.ksttukku.fi\/kauppa\/wp-json\/wp\/v2\/product"}],"about":[{"href":"https:\/\/www.ksttukku.fi\/kauppa\/wp-json\/wp\/v2\/types\/product"}],"replies":[{"embeddable":true,"href":"https:\/\/www.ksttukku.fi\/kauppa\/wp-json\/wp\/v2\/comments?post=12992"}],"wp:featuredmedia":[{"embeddable":true,"href":"https:\/\/www.ksttukku.fi\/kauppa\/wp-json\/wp\/v2\/media\/14171"}],"wp:attachment":[{"href":"https:\/\/www.ksttukku.fi\/kauppa\/wp-json\/wp\/v2\/media?parent=12992"}],"wp:term":[{"taxonomy":"product_brand","embeddable":true,"href":"https:\/\/www.ksttukku.fi\/kauppa\/wp-json\/wp\/v2\/product_brand?post=12992"},{"taxonomy":"product_cat","embeddable":true,"href":"https:\/\/www.ksttukku.fi\/kauppa\/wp-json\/wp\/v2\/product_cat?post=12992"},{"taxonomy":"product_tag","embeddable":true,"href":"https:\/\/www.ksttukku.fi\/kauppa\/wp-json\/wp\/v2\/product_tag?post=12992"}],"curies":[{"name":"wp","href":"https:\/\/api.w.org\/{rel}","templated":true}]}}