{"id":13065,"date":"2023-03-30T17:18:10","date_gmt":"2023-03-30T14:18:10","guid":{"rendered":"https:\/\/www.ksttukku.fi\/kauppa\/?post_type=product&#038;p=13065"},"modified":"2023-03-30T17:18:11","modified_gmt":"2023-03-30T14:18:11","slug":"bubbly-3-os-solar-koristevalaisin-kirkas","status":"publish","type":"product","link":"https:\/\/www.ksttukku.fi\/kauppa\/tuote\/bubbly-3-os-solar-koristevalaisin-kirkas\/","title":{"rendered":"Bubbly 3-os. solar-koristevalaisin kirkas"},"content":{"rendered":"<p>Aurinkokennolla toimiva 3-osainen koristevalaisin. Johto kahden ensimm\u00e4isen koristeen v\u00e4liss\u00e4 on 90 cm pitk\u00e4 ja johto kolmanteen on 70 cm pituinen. Koristeiden korkeus on 80 cm.<br \/>\nValon s\u00e4vy: l\u00e4mmin valkoinen.<br \/>\nKiinte\u00e4 LED 0,03W, 10 mA, 3V, 3000K. Paloaika n. 7 000 h.<br \/>\nH\u00e4m\u00e4r\u00e4sensori.<br \/>\nT\u00e4yteen ladattuna palaa n. 6 tuntia kerrallaan.<\/p>\n<p>&nbsp;<\/p>\n","protected":false},"excerpt":{"rendered":"<p>Aurinkokennolla toimiva 3-osainen koristevalaisin. Johto kahden ensimm\u00e4isen koristeen v\u00e4liss\u00e4 on 90 cm pitk\u00e4 ja johto kolmanteen on 70 cm pituinen. Koristeiden korkeus on 80 cm. Valon s\u00e4vy: l\u00e4mmin valkoinen. Kiinte\u00e4 LED 0,03W, 10 mA, 3V, 3000K. Paloaika n. 7 000 h. H\u00e4m\u00e4r\u00e4sensori. T\u00e4yteen ladattuna palaa n. 6 tuntia kerrallaan. &nbsp;<\/p>\n","protected":false},"featured_media":13066,"comment_status":"closed","ping_status":"closed","template":"","meta":[],"product_brand":[],"product_cat":[306,362,36,34],"product_tag":[],"class_list":{"0":"post-13065","1":"product","2":"type-product","3":"status-publish","4":"has-post-thumbnail","6":"product_cat-aurinkokennovalaisimet","7":"product_cat-puutarhavalaisimet","8":"product_cat-ulkovalaisimet","9":"product_cat-valaisimet","11":"first","12":"instock","13":"taxable","14":"shipping-taxable","15":"purchasable","16":"product-type-simple"},"_links":{"self":[{"href":"https:\/\/www.ksttukku.fi\/kauppa\/wp-json\/wp\/v2\/product\/13065","targetHints":{"allow":["GET"]}}],"collection":[{"href":"https:\/\/www.ksttukku.fi\/kauppa\/wp-json\/wp\/v2\/product"}],"about":[{"href":"https:\/\/www.ksttukku.fi\/kauppa\/wp-json\/wp\/v2\/types\/product"}],"replies":[{"embeddable":true,"href":"https:\/\/www.ksttukku.fi\/kauppa\/wp-json\/wp\/v2\/comments?post=13065"}],"wp:featuredmedia":[{"embeddable":true,"href":"https:\/\/www.ksttukku.fi\/kauppa\/wp-json\/wp\/v2\/media\/13066"}],"wp:attachment":[{"href":"https:\/\/www.ksttukku.fi\/kauppa\/wp-json\/wp\/v2\/media?parent=13065"}],"wp:term":[{"taxonomy":"product_brand","embeddable":true,"href":"https:\/\/www.ksttukku.fi\/kauppa\/wp-json\/wp\/v2\/product_brand?post=13065"},{"taxonomy":"product_cat","embeddable":true,"href":"https:\/\/www.ksttukku.fi\/kauppa\/wp-json\/wp\/v2\/product_cat?post=13065"},{"taxonomy":"product_tag","embeddable":true,"href":"https:\/\/www.ksttukku.fi\/kauppa\/wp-json\/wp\/v2\/product_tag?post=13065"}],"curies":[{"name":"wp","href":"https:\/\/api.w.org\/{rel}","templated":true}]}}