{"id":13080,"date":"2023-03-31T15:27:20","date_gmt":"2023-03-31T12:27:20","guid":{"rendered":"https:\/\/www.ksttukku.fi\/kauppa\/?post_type=product&#038;p=13080"},"modified":"2025-03-18T12:37:34","modified_gmt":"2025-03-18T10:37:34","slug":"hestia-aleksi-nukkamatto-harmaa-valkoinen","status":"publish","type":"product","link":"https:\/\/www.ksttukku.fi\/kauppa\/tuote\/hestia-aleksi-nukkamatto-harmaa-valkoinen\/","title":{"rendered":"Hestia Aleksi-nukkamatto harmaa\/valkoinen"},"content":{"rendered":"<p>Nukkamatto tuo pehmeytt\u00e4 sisustukseen. Hillityn v\u00e4rinen ja ajanhenkinen kuosi sopivat moneen kotiin. Heatset -k\u00e4sitelty nukka hylkii likaa, eik\u00e4 s\u00e4hk\u00f6isty.<\/p>\n<p>V\u00e4ri: harmaa\/valkoinen.<\/p>\n<p>Koko: 160&#215;230 cm<\/p>\n","protected":false},"excerpt":{"rendered":"<p>Nukkamatto tuo pehmeytt\u00e4 sisustukseen. Hillityn v\u00e4rinen ja ajanhenkinen kuosi sopivat moneen kotiin. Heatset -k\u00e4sitelty nukka hylkii likaa, eik\u00e4 s\u00e4hk\u00f6isty. V\u00e4ri: harmaa\/valkoinen. Koko: 160&#215;230 cm<\/p>\n","protected":false},"featured_media":13081,"comment_status":"closed","ping_status":"closed","template":"","meta":[],"product_brand":[],"product_cat":[513,22,27],"product_tag":[],"class_list":{"0":"post-13080","1":"product","2":"type-product","3":"status-publish","4":"has-post-thumbnail","6":"product_cat-aleksi","7":"product_cat-matot","8":"product_cat-nukkamatot","10":"first","11":"instock","12":"taxable","13":"shipping-taxable","14":"purchasable","15":"product-type-simple"},"_links":{"self":[{"href":"https:\/\/www.ksttukku.fi\/kauppa\/wp-json\/wp\/v2\/product\/13080","targetHints":{"allow":["GET"]}}],"collection":[{"href":"https:\/\/www.ksttukku.fi\/kauppa\/wp-json\/wp\/v2\/product"}],"about":[{"href":"https:\/\/www.ksttukku.fi\/kauppa\/wp-json\/wp\/v2\/types\/product"}],"replies":[{"embeddable":true,"href":"https:\/\/www.ksttukku.fi\/kauppa\/wp-json\/wp\/v2\/comments?post=13080"}],"wp:featuredmedia":[{"embeddable":true,"href":"https:\/\/www.ksttukku.fi\/kauppa\/wp-json\/wp\/v2\/media\/13081"}],"wp:attachment":[{"href":"https:\/\/www.ksttukku.fi\/kauppa\/wp-json\/wp\/v2\/media?parent=13080"}],"wp:term":[{"taxonomy":"product_brand","embeddable":true,"href":"https:\/\/www.ksttukku.fi\/kauppa\/wp-json\/wp\/v2\/product_brand?post=13080"},{"taxonomy":"product_cat","embeddable":true,"href":"https:\/\/www.ksttukku.fi\/kauppa\/wp-json\/wp\/v2\/product_cat?post=13080"},{"taxonomy":"product_tag","embeddable":true,"href":"https:\/\/www.ksttukku.fi\/kauppa\/wp-json\/wp\/v2\/product_tag?post=13080"}],"curies":[{"name":"wp","href":"https:\/\/api.w.org\/{rel}","templated":true}]}}