{"id":13298,"date":"2023-04-27T14:08:41","date_gmt":"2023-04-27T11:08:41","guid":{"rendered":"https:\/\/www.ksttukku.fi\/kauppa\/?post_type=product&#038;p=13298"},"modified":"2023-04-27T16:21:38","modified_gmt":"2023-04-27T13:21:38","slug":"dellow-3-osainen-kattospotti-43533","status":"publish","type":"product","link":"https:\/\/www.ksttukku.fi\/kauppa\/tuote\/dellow-3-osainen-kattospotti-43533\/","title":{"rendered":"DELLOW  3-osainen kattospotti 43533"},"content":{"rendered":"<p>N\u00e4ytt\u00e4v\u00e4 suunnattava kattovalaisin, metallispotti 3 -osainen , verkkomainen varjostinkupu harjattumessinki.<\/p>\n<p>Kanta: 3xE27<\/p>\n<p>V\u00e4ri: musta<\/p>\n<p>Pituus: 830 mm<\/p>\n<p>Korkeus: 210mm<\/p>\n<p>Rasiaruuvikiinnitys<\/p>\n","protected":false},"excerpt":{"rendered":"<p>N\u00e4ytt\u00e4v\u00e4 suunnattava kattovalaisin, metallispotti 3 -osainen , verkkomainen varjostinkupu harjattumessinki. Kanta: 3xE27 V\u00e4ri: musta Pituus: 830 mm Korkeus: 210mm Rasiaruuvikiinnitys<\/p>\n","protected":false},"featured_media":13304,"comment_status":"closed","ping_status":"closed","template":"","meta":[],"product_brand":[],"product_cat":[40,41,35,34],"product_tag":[],"class_list":{"0":"post-13298","1":"product","2":"type-product","3":"status-publish","4":"has-post-thumbnail","6":"product_cat-kattovalaisimet","7":"product_cat-kohdevalaisimet","8":"product_cat-sisavalaisimet","9":"product_cat-valaisimet","11":"first","12":"instock","13":"taxable","14":"shipping-taxable","15":"purchasable","16":"product-type-simple"},"_links":{"self":[{"href":"https:\/\/www.ksttukku.fi\/kauppa\/wp-json\/wp\/v2\/product\/13298","targetHints":{"allow":["GET"]}}],"collection":[{"href":"https:\/\/www.ksttukku.fi\/kauppa\/wp-json\/wp\/v2\/product"}],"about":[{"href":"https:\/\/www.ksttukku.fi\/kauppa\/wp-json\/wp\/v2\/types\/product"}],"replies":[{"embeddable":true,"href":"https:\/\/www.ksttukku.fi\/kauppa\/wp-json\/wp\/v2\/comments?post=13298"}],"wp:featuredmedia":[{"embeddable":true,"href":"https:\/\/www.ksttukku.fi\/kauppa\/wp-json\/wp\/v2\/media\/13304"}],"wp:attachment":[{"href":"https:\/\/www.ksttukku.fi\/kauppa\/wp-json\/wp\/v2\/media?parent=13298"}],"wp:term":[{"taxonomy":"product_brand","embeddable":true,"href":"https:\/\/www.ksttukku.fi\/kauppa\/wp-json\/wp\/v2\/product_brand?post=13298"},{"taxonomy":"product_cat","embeddable":true,"href":"https:\/\/www.ksttukku.fi\/kauppa\/wp-json\/wp\/v2\/product_cat?post=13298"},{"taxonomy":"product_tag","embeddable":true,"href":"https:\/\/www.ksttukku.fi\/kauppa\/wp-json\/wp\/v2\/product_tag?post=13298"}],"curies":[{"name":"wp","href":"https:\/\/api.w.org\/{rel}","templated":true}]}}