{"id":13396,"date":"2023-05-13T11:08:32","date_gmt":"2023-05-13T08:08:32","guid":{"rendered":"https:\/\/www.ksttukku.fi\/kauppa\/?post_type=product&#038;p=13396"},"modified":"2023-05-13T13:08:35","modified_gmt":"2023-05-13T10:08:35","slug":"tomar-malja-allas-valkoinen","status":"publish","type":"product","link":"https:\/\/www.ksttukku.fi\/kauppa\/tuote\/tomar-malja-allas-valkoinen\/","title":{"rendered":"Tomar malja-allas valkoinen"},"content":{"rendered":"<p>Tuo saniteettitilaasi modernia ilmett\u00e4 ohutreunaisella Tomar-altaalla.<\/p>\n<p>T\u00e4ysin uuden valmistusmekanismin ansiosta saat wc-tilaasi tai kylpyhuoneeseesi ohutreunaisen posliinialtaan. Tyylikk\u00e4\u00e4ss\u00e4 altaassa on paikka hanalle.<\/p>\n<ul>\n<li>Kiilt\u00e4v\u00e4 valkoinen<\/li>\n<li>Posliinia<\/li>\n<li>Leveys 50\u00a0cm<\/li>\n<li>Korkeus 11\u00a0cm<\/li>\n<li>Syvyys 35\u00a0cm<\/li>\n<\/ul>\n","protected":false},"excerpt":{"rendered":"<p>Tuo saniteettitilaasi modernia ilmett\u00e4 ohutreunaisella Tomar-altaalla. T\u00e4ysin uuden valmistusmekanismin ansiosta saat wc-tilaasi tai kylpyhuoneeseesi ohutreunaisen posliinialtaan. Tyylikk\u00e4\u00e4ss\u00e4 altaassa on paikka hanalle. Kiilt\u00e4v\u00e4 valkoinen Posliinia Leveys 50\u00a0cm Korkeus 11\u00a0cm Syvyys 35\u00a0cm<\/p>\n","protected":false},"featured_media":13397,"comment_status":"closed","ping_status":"closed","template":"","meta":[],"product_brand":[],"product_cat":[459,478,494],"product_tag":[],"class_list":{"0":"post-13396","1":"product","2":"type-product","3":"status-publish","4":"has-post-thumbnail","6":"product_cat-altaat","7":"product_cat-hanat-altaat","8":"product_cat-malja-altaat","10":"first","11":"instock","12":"taxable","13":"shipping-taxable","14":"purchasable","15":"product-type-simple"},"_links":{"self":[{"href":"https:\/\/www.ksttukku.fi\/kauppa\/wp-json\/wp\/v2\/product\/13396","targetHints":{"allow":["GET"]}}],"collection":[{"href":"https:\/\/www.ksttukku.fi\/kauppa\/wp-json\/wp\/v2\/product"}],"about":[{"href":"https:\/\/www.ksttukku.fi\/kauppa\/wp-json\/wp\/v2\/types\/product"}],"replies":[{"embeddable":true,"href":"https:\/\/www.ksttukku.fi\/kauppa\/wp-json\/wp\/v2\/comments?post=13396"}],"wp:featuredmedia":[{"embeddable":true,"href":"https:\/\/www.ksttukku.fi\/kauppa\/wp-json\/wp\/v2\/media\/13397"}],"wp:attachment":[{"href":"https:\/\/www.ksttukku.fi\/kauppa\/wp-json\/wp\/v2\/media?parent=13396"}],"wp:term":[{"taxonomy":"product_brand","embeddable":true,"href":"https:\/\/www.ksttukku.fi\/kauppa\/wp-json\/wp\/v2\/product_brand?post=13396"},{"taxonomy":"product_cat","embeddable":true,"href":"https:\/\/www.ksttukku.fi\/kauppa\/wp-json\/wp\/v2\/product_cat?post=13396"},{"taxonomy":"product_tag","embeddable":true,"href":"https:\/\/www.ksttukku.fi\/kauppa\/wp-json\/wp\/v2\/product_tag?post=13396"}],"curies":[{"name":"wp","href":"https:\/\/api.w.org\/{rel}","templated":true}]}}