{"id":13441,"date":"2023-05-23T14:21:58","date_gmt":"2023-05-23T11:21:58","guid":{"rendered":"https:\/\/www.ksttukku.fi\/kauppa\/?post_type=product&#038;p=13441"},"modified":"2023-07-05T13:11:15","modified_gmt":"2023-07-05T10:11:15","slug":"otokka-jaaspray-500-ml","status":"publish","type":"product","link":"https:\/\/www.ksttukku.fi\/kauppa\/tuote\/otokka-jaaspray-500-ml\/","title":{"rendered":"\u00d6t\u00f6kk\u00e4 j\u00e4\u00e4spray 500 ml"},"content":{"rendered":"<p>Myrkyt\u00f6n ja hajuton \u00d6t\u00f6kk\u00e4 j\u00e4\u00e4spray eliminoi ry\u00f6miv\u00e4t ja lentelev\u00e4t hy\u00f6nteiset.<\/p>\n<p>Nopeasti vaikuttava -40-asteinen suihke lamaannuttaa ja j\u00e4\u00e4dytt\u00e4\u00e4 hy\u00f6nteisen.<\/p>\n<p>J\u00e4\u00e4spray tehoaa monenlaisiin hy\u00f6nteisiin kuten ampiaisiin, k\u00e4rp\u00e4siin, hyttysiin, h\u00e4m\u00e4h\u00e4kkeihin, muurahaisiin, sokeritoukkiin.<\/p>\n<p>Tarkka suutin ja jatkoputki tekev\u00e4t yksitt\u00e4isenkin hy\u00f6nteisten torjumisesta helppoa.<\/p>\n<p>\u00d6t\u00f6kk\u00e4 j\u00e4\u00e4spray ei sis\u00e4ll\u00e4 torjunta-aineita.<\/p>\n<p>J\u00e4\u00e4sprayta voidaan k\u00e4ytt\u00e4\u00e4 sek\u00e4 sis\u00e4- ett\u00e4 ulkotiloissa.<\/p>\n<p>Suihketta on turvallista k\u00e4ytt\u00e4\u00e4 my\u00f6s tiloissa, joissa oleskelee lapsia ja lemmikkiel\u00e4imi\u00e4.<\/p>\n<p>&nbsp;<\/p>\n<p>&nbsp;<\/p>\n<p>&nbsp;<\/p>\n","protected":false},"excerpt":{"rendered":"<p>Myrkyt\u00f6n ja hajuton \u00d6t\u00f6kk\u00e4 j\u00e4\u00e4spray eliminoi ry\u00f6miv\u00e4t ja lentelev\u00e4t hy\u00f6nteiset. Nopeasti vaikuttava -40-asteinen suihke lamaannuttaa ja j\u00e4\u00e4dytt\u00e4\u00e4 hy\u00f6nteisen. J\u00e4\u00e4spray tehoaa monenlaisiin hy\u00f6nteisiin kuten ampiaisiin, k\u00e4rp\u00e4siin, hyttysiin, h\u00e4m\u00e4h\u00e4kkeihin, muurahaisiin, sokeritoukkiin. Tarkka suutin ja jatkoputki tekev\u00e4t yksitt\u00e4isenkin hy\u00f6nteisten torjumisesta helppoa. \u00d6t\u00f6kk\u00e4 j\u00e4\u00e4spray ei sis\u00e4ll\u00e4 torjunta-aineita. J\u00e4\u00e4sprayta voidaan k\u00e4ytt\u00e4\u00e4 sek\u00e4 sis\u00e4- ett\u00e4 ulkotiloissa. Suihketta on turvallista k\u00e4ytt\u00e4\u00e4 my\u00f6s [&hellip;]<\/p>\n","protected":false},"featured_media":13442,"comment_status":"closed","ping_status":"closed","template":"","meta":[],"product_brand":[],"product_cat":[351],"product_tag":[],"class_list":{"0":"post-13441","1":"product","2":"type-product","3":"status-publish","4":"has-post-thumbnail","6":"product_cat-hyttysansat-ja-karkottimet","8":"first","9":"instock","10":"taxable","11":"shipping-taxable","12":"purchasable","13":"product-type-simple"},"_links":{"self":[{"href":"https:\/\/www.ksttukku.fi\/kauppa\/wp-json\/wp\/v2\/product\/13441","targetHints":{"allow":["GET"]}}],"collection":[{"href":"https:\/\/www.ksttukku.fi\/kauppa\/wp-json\/wp\/v2\/product"}],"about":[{"href":"https:\/\/www.ksttukku.fi\/kauppa\/wp-json\/wp\/v2\/types\/product"}],"replies":[{"embeddable":true,"href":"https:\/\/www.ksttukku.fi\/kauppa\/wp-json\/wp\/v2\/comments?post=13441"}],"wp:featuredmedia":[{"embeddable":true,"href":"https:\/\/www.ksttukku.fi\/kauppa\/wp-json\/wp\/v2\/media\/13442"}],"wp:attachment":[{"href":"https:\/\/www.ksttukku.fi\/kauppa\/wp-json\/wp\/v2\/media?parent=13441"}],"wp:term":[{"taxonomy":"product_brand","embeddable":true,"href":"https:\/\/www.ksttukku.fi\/kauppa\/wp-json\/wp\/v2\/product_brand?post=13441"},{"taxonomy":"product_cat","embeddable":true,"href":"https:\/\/www.ksttukku.fi\/kauppa\/wp-json\/wp\/v2\/product_cat?post=13441"},{"taxonomy":"product_tag","embeddable":true,"href":"https:\/\/www.ksttukku.fi\/kauppa\/wp-json\/wp\/v2\/product_tag?post=13441"}],"curies":[{"name":"wp","href":"https:\/\/api.w.org\/{rel}","templated":true}]}}