{"id":13486,"date":"2023-05-26T10:42:17","date_gmt":"2023-05-26T07:42:17","guid":{"rendered":"https:\/\/www.ksttukku.fi\/kauppa\/?post_type=product&#038;p=13486"},"modified":"2025-06-14T10:38:17","modified_gmt":"2025-06-14T07:38:17","slug":"aurinkopurje-suorakulmio-4x6-m-harmaa","status":"publish","type":"product","link":"https:\/\/www.ksttukku.fi\/kauppa\/tuote\/aurinkopurje-suorakulmio-4x6-m-harmaa\/","title":{"rendered":"Aurinkopurje suorakulmio 4&#215;6 m harmaa"},"content":{"rendered":"<p>Suojaa itsesi ja perheesi paahtavalta auringolta aurinkopurjeen avulla.<\/p>\n<p>Aurinkopurjetta voidaan k\u00e4ytt\u00e4\u00e4 monenlaisissa ulkotiloissa kuten puutarhassa, parvekkeella, terassilla ja suojaamisen lis\u00e4ksi se my\u00f6s n\u00e4ytt\u00e4\u00e4 hyv\u00e4lt\u00e4.<\/p>\n<p>Aurinkopurje on helppo asentaa kulmissa olevien kiinnittimien sek\u00e4 k\u00f6ysien avulla. Huom. ota purje alas kovalla tuulella ja muissa ep\u00e4vakaissa s\u00e4\u00e4tiloissa.<\/p>\n<p>materiaali: polyesteri<\/p>\n<table id=\"product-attribute-specs-table\" class=\"data table additional-attributes\" style=\"width: 2.40166%; height: 5px;\">\n<tbody>\n<tr style=\"height: 25px;\">\n<th class=\"col label\" style=\"height: 25px; width: 48.4536%;\" scope=\"row\"><\/th>\n<td class=\"col data\" style=\"height: 25px; width: 10.3093%;\" data-th=\"Leveys\"><\/td>\n<\/tr>\n<tr style=\"height: 25px;\">\n<th class=\"col label\" style=\"height: 25px; width: 48.4536%;\" scope=\"row\"><\/th>\n<td class=\"col data\" style=\"height: 25px; width: 10.3093%;\" data-th=\"Syvyys\"><\/td>\n<\/tr>\n<tr style=\"height: 25px;\">\n<th class=\"col label\" style=\"height: 25px; width: 48.4536%;\" scope=\"row\"><\/th>\n<td class=\"col data\" style=\"height: 25px; width: 10.3093%;\" data-th=\"Korkeus\"><\/td>\n<\/tr>\n<tr style=\"height: 25px;\">\n<th class=\"col label\" style=\"height: 25px; width: 48.4536%;\" scope=\"row\"><\/th>\n<td class=\"col data\" style=\"height: 25px; width: 10.3093%;\" data-th=\"Paino\"><\/td>\n<\/tr>\n<tr style=\"height: 25px;\">\n<th class=\"col label\" style=\"height: 25px; width: 48.4536%;\" scope=\"row\"><\/th>\n<td class=\"col data\" style=\"height: 25px; width: 10.3093%;\" data-th=\"V\u00e4ri\"><\/td>\n<\/tr>\n<tr style=\"height: 10px;\">\n<th class=\"col label\" style=\"height: 10px; width: 48.4536%;\" scope=\"row\"><\/th>\n<td class=\"col data\" style=\"height: 10px; width: 10.3093%;\" data-th=\"Materiaali\"><\/td>\n<\/tr>\n<\/tbody>\n<\/table>\n<p>&nbsp;<\/p>\n","protected":false},"excerpt":{"rendered":"<p>Suojaa itsesi ja perheesi paahtavalta auringolta aurinkopurjeen avulla. Aurinkopurjetta voidaan k\u00e4ytt\u00e4\u00e4 monenlaisissa ulkotiloissa kuten puutarhassa, parvekkeella, terassilla ja suojaamisen lis\u00e4ksi se my\u00f6s n\u00e4ytt\u00e4\u00e4 hyv\u00e4lt\u00e4. Aurinkopurje on helppo asentaa kulmissa olevien kiinnittimien sek\u00e4 k\u00f6ysien avulla. Huom. ota purje alas kovalla tuulella ja muissa ep\u00e4vakaissa s\u00e4\u00e4tiloissa. materiaali: polyesteri &nbsp;<\/p>\n","protected":false},"featured_media":13487,"comment_status":"closed","ping_status":"closed","template":"","meta":[],"product_brand":[],"product_cat":[523,119],"product_tag":[],"class_list":{"0":"post-13486","1":"product","2":"type-product","3":"status-publish","4":"has-post-thumbnail","6":"product_cat-aurinkopurje","7":"product_cat-kesakalusteet","9":"first","10":"outofstock","11":"taxable","12":"shipping-taxable","13":"purchasable","14":"product-type-simple"},"_links":{"self":[{"href":"https:\/\/www.ksttukku.fi\/kauppa\/wp-json\/wp\/v2\/product\/13486","targetHints":{"allow":["GET"]}}],"collection":[{"href":"https:\/\/www.ksttukku.fi\/kauppa\/wp-json\/wp\/v2\/product"}],"about":[{"href":"https:\/\/www.ksttukku.fi\/kauppa\/wp-json\/wp\/v2\/types\/product"}],"replies":[{"embeddable":true,"href":"https:\/\/www.ksttukku.fi\/kauppa\/wp-json\/wp\/v2\/comments?post=13486"}],"wp:featuredmedia":[{"embeddable":true,"href":"https:\/\/www.ksttukku.fi\/kauppa\/wp-json\/wp\/v2\/media\/13487"}],"wp:attachment":[{"href":"https:\/\/www.ksttukku.fi\/kauppa\/wp-json\/wp\/v2\/media?parent=13486"}],"wp:term":[{"taxonomy":"product_brand","embeddable":true,"href":"https:\/\/www.ksttukku.fi\/kauppa\/wp-json\/wp\/v2\/product_brand?post=13486"},{"taxonomy":"product_cat","embeddable":true,"href":"https:\/\/www.ksttukku.fi\/kauppa\/wp-json\/wp\/v2\/product_cat?post=13486"},{"taxonomy":"product_tag","embeddable":true,"href":"https:\/\/www.ksttukku.fi\/kauppa\/wp-json\/wp\/v2\/product_tag?post=13486"}],"curies":[{"name":"wp","href":"https:\/\/api.w.org\/{rel}","templated":true}]}}